CREATE TABLE `josxt_fields` (
  `id` int(10) UNSIGNED NOT NULL,
  `asset_id` int(10) UNSIGNED NOT NULL DEFAULT 0,
  `context` varchar(255) NOT NULL DEFAULT '',
  `group_id` int(10) UNSIGNED NOT NULL DEFAULT 0,
  `title` varchar(255) NOT NULL DEFAULT '',
  `name` varchar(255) NOT NULL DEFAULT '',
  `label` varchar(255) NOT NULL DEFAULT '',
  `default_value` text DEFAULT NULL,
  `type` varchar(255) NOT NULL DEFAULT 'text',
  `note` varchar(255) NOT NULL DEFAULT '',
  `description` text NOT NULL,
  `state` tinyint(4) NOT NULL DEFAULT 0,
  `required` tinyint(4) NOT NULL DEFAULT 0,
  `only_use_in_subform` tinyint(4) NOT NULL DEFAULT 0,
  `checked_out` int(10) UNSIGNED DEFAULT NULL,
  `checked_out_time` datetime DEFAULT NULL,
  `ordering` int(11) NOT NULL DEFAULT 0,
  `params` text NOT NULL,
  `fieldparams` text NOT NULL,
  `language` char(7) NOT NULL DEFAULT '',
  `created_time` datetime NOT NULL,
  `created_user_id` int(10) UNSIGNED NOT NULL DEFAULT 0,
  `modified_time` datetime NOT NULL,
  `modified_by` int(10) UNSIGNED NOT NULL DEFAULT 0,
  `access` int(11) NOT NULL DEFAULT 1
) ENGINE=InnoDB DEFAULT CHARSET=utf8mb4 COLLATE=utf8mb4_unicode_ci;

-- --------------------------------------------------------

--
-- Estructura de tabla para la tabla `josxt_fields_categories`
--

CREATE TABLE `josxt_fields_categories` (
  `field_id` int(11) NOT NULL DEFAULT 0,
  `category_id` int(11) NOT NULL DEFAULT 0
) ENGINE=InnoDB DEFAULT CHARSET=utf8mb4 COLLATE=utf8mb4_unicode_ci;

-- --------------------------------------------------------

--
-- Estructura de tabla para la tabla `josxt_fields_groups`
--

CREATE TABLE `josxt_fields_groups` (
  `id` int(10) UNSIGNED NOT NULL,
  `asset_id` int(10) UNSIGNED NOT NULL DEFAULT 0,
  `context` varchar(255) NOT NULL DEFAULT '',
  `title` varchar(255) NOT NULL DEFAULT '',
  `note` varchar(255) NOT NULL DEFAULT '',
  `description` text NOT NULL,
  `state` tinyint(4) NOT NULL DEFAULT 0,
  `checked_out` int(10) UNSIGNED DEFAULT NULL,
  `checked_out_time` datetime DEFAULT NULL,
  `ordering` int(11) NOT NULL DEFAULT 0,
  `params` text NOT NULL,
  `language` char(7) NOT NULL DEFAULT '',
  `created` datetime NOT NULL,
  `created_by` int(10) UNSIGNED NOT NULL DEFAULT 0,
  `modified` datetime NOT NULL,
  `modified_by` int(10) UNSIGNED NOT NULL DEFAULT 0,
  `access` int(11) NOT NULL DEFAULT 1
) ENGINE=InnoDB DEFAULT CHARSET=utf8mb4 COLLATE=utf8mb4_unicode_ci;

-- --------------------------------------------------------

--
-- Estructura de tabla para la tabla `josxt_fields_values`
--

CREATE TABLE `josxt_fields_values` (
  `field_id` int(10) UNSIGNED NOT NULL,
  `item_id` varchar(255) NOT NULL COMMENT 'Allow references to items which have strings as ids, eg. none db systems.',
  `value` text DEFAULT NULL
) ENGINE=InnoDB DEFAULT CHARSET=utf8mb4 COLLATE=utf8mb4_unicode_ci;

-- --------------------------------------------------------

--
-- Estructura de tabla para la tabla `josxt_finder_filters`
--

CREATE TABLE `josxt_finder_filters` (
  `filter_id` int(10) UNSIGNED NOT NULL,
  `title` varchar(255) NOT NULL,
  `alias` varchar(255) NOT NULL,
  `state` tinyint(4) NOT NULL DEFAULT 1,
  `created` datetime NOT NULL,
  `created_by` int(10) UNSIGNED NOT NULL DEFAULT 0,
  `created_by_alias` varchar(255) NOT NULL DEFAULT '',
  `modified` datetime NOT NULL,
  `modified_by` int(10) UNSIGNED NOT NULL DEFAULT 0,
  `checked_out` int(10) UNSIGNED DEFAULT NULL,
  `checked_out_time` datetime DEFAULT NULL,
  `map_count` int(10) UNSIGNED NOT NULL DEFAULT 0,
  `data` text DEFAULT NULL,
  `params` mediumtext DEFAULT NULL
) ENGINE=InnoDB DEFAULT CHARSET=utf8mb4 COLLATE=utf8mb4_unicode_ci;

-- --------------------------------------------------------

--
-- Estructura de tabla para la tabla `josxt_finder_links`
--

CREATE TABLE `josxt_finder_links` (
  `link_id` int(10) UNSIGNED NOT NULL,
  `url` varchar(255) NOT NULL,
  `route` varchar(400) NOT NULL,
  `title` varchar(400) DEFAULT NULL,
  `description` text DEFAULT NULL,
  `indexdate` datetime NOT NULL,
  `md5sum` varchar(32) DEFAULT NULL,
  `published` tinyint(4) NOT NULL DEFAULT 1,
  `state` int(11) NOT NULL DEFAULT 1,
  `access` int(11) NOT NULL DEFAULT 0,
  `language` char(7) NOT NULL DEFAULT '',
  `publish_start_date` datetime DEFAULT NULL,
  `publish_end_date` datetime DEFAULT NULL,
  `start_date` datetime DEFAULT NULL,
  `end_date` datetime DEFAULT NULL,
  `list_price` double UNSIGNED NOT NULL DEFAULT 0,
  `sale_price` double UNSIGNED NOT NULL DEFAULT 0,
  `type_id` int(11) NOT NULL,
  `object` mediumblob DEFAULT NULL
) ENGINE=InnoDB DEFAULT CHARSET=utf8mb4 COLLATE=utf8mb4_unicode_ci;

--
-- Volcado de datos para la tabla `josxt_finder_links`
--

INSERT INTO `josxt_finder_links` (`link_id`, `url`, `route`, `title`, `description`, `indexdate`, `md5sum`, `published`, `state`, `access`, `language`, `publish_start_date`, `publish_end_date`, `start_date`, `end_date`, `list_price`, `sale_price`, `type_id`, `object`) VALUES
(1, 'index.php?option=com_content&view=category&id=8', 'index.php?option=com_content&view=category&id=8', 'PAGINAS', '', '2024-04-01 02:55:14', 'def8e37bb4ff9cc2e013ccec8d9d80db', 1, 1, 1, '*', NULL, NULL, '2024-04-01 02:55:14', NULL, 0, 0, 1, 0x4f3a35323a224a6f6f6d6c615c436f6d706f6e656e745c46696e6465725c41646d696e6973747261746f725c496e64657865725c526573756c74223a31393a7b693a303b693a313b693a313b733a353a2265732d4553223b693a323b733a303a22223b693a333b613a31373a7b733a323a226964223b693a383b733a353a22616c696173223b733a373a22706167696e6173223b733a393a22657874656e73696f6e223b733a31313a22636f6d5f636f6e74656e74223b733a373a226d6574616b6579223b733a303a22223b733a383a226d65746164657363223b733a303a22223b733a383a226d65746164617461223b4f3a32343a224a6f6f6d6c615c52656769737472795c5265676973747279223a333a7b733a373a22002a0064617461223b4f3a383a22737464436c617373223a323a7b733a363a22617574686f72223b733a303a22223b733a363a22726f626f7473223b733a303a22223b7d733a31343a22002a00696e697469616c697a6564223b623a313b733a31323a22002a00736570617261746f72223b733a313a222e223b7d733a333a226c6674223b693a31313b733a393a22706172656e745f6964223b693a313b733a353a226c6576656c223b693a313b733a363a22706172616d73223b4f3a32343a224a6f6f6d6c615c52656769737472795c5265676973747279223a333a7b733a373a22002a0064617461223b4f3a383a22737464436c617373223a333a7b733a31353a2263617465676f72795f6c61796f7574223b733a303a22223b733a353a22696d616765223b733a303a22223b733a393a22696d6167655f616c74223b733a303a22223b7d733a31343a22002a00696e697469616c697a6564223b623a313b733a31323a22002a00736570617261746f72223b733a313a222e223b7d733a373a2273756d6d617279223b733a303a22223b733a31303a22637265617465645f6279223b693a3231353b733a383a226d6f646966696564223b733a31393a22323032342d30342d30312030323a35353a3134223b733a31313a226d6f6469666965645f6279223b693a3231353b733a343a22736c7567223b733a393a22383a706167696e6173223b733a363a226c61796f7574223b733a383a2263617465676f7279223b733a31303a226d657461617574686f72223b4e3b7d693a343b4e3b693a353b613a353a7b693a313b613a333a7b693a303b733a353a227469746c65223b693a313b733a383a227375627469746c65223b693a323b733a323a226964223b7d693a323b613a323a7b693a303b733a373a2273756d6d617279223b693a313b733a343a22626f6479223b7d693a333b613a383a7b693a303b733a343a226d657461223b693a313b733a31303a226c6973745f7072696365223b693a323b733a31303a2273616c655f7072696365223b693a333b733a343a226c696e6b223b693a343b733a373a226d6574616b6579223b693a353b733a383a226d65746164657363223b693a363b733a31303a226d657461617574686f72223b693a373b733a363a22617574686f72223b7d693a343b613a323a7b693a303b733a343a2270617468223b693a313b733a353a22616c696173223b7d693a353b613a313a7b693a303b733a383a22636f6d6d656e7473223b7d7d693a363b733a313a222a223b693a373b4e3b693a383b4e3b693a393b4e3b693a31303b4e3b693a31313b733a34373a22696e6465782e7068703f6f7074696f6e3d636f6d5f636f6e74656e7426766965773d63617465676f72792669643d38223b693a31323b4e3b693a31333b733a31393a22323032342d30342d30312030323a35353a3134223b693a31343b693a313b693a31353b613a323a7b733a343a2254797065223b613a313a7b693a303b4f3a383a22737464436c617373223a363a7b733a353a227469746c65223b733a383a2243617465676f7279223b733a353a227374617465223b693a313b733a363a22616363657373223b693a313b733a383a226c616e6775616765223b733a303a22223b733a363a226e6573746564223b623a303b733a323a226964223b693a333b7d7d733a383a224c616e6775616765223b613a313a7b693a303b4f3a383a22737464436c617373223a363a7b733a353a227469746c65223b733a313a222a223b733a353a227374617465223b693a313b733a363a22616363657373223b693a313b733a383a226c616e6775616765223b733a303a22223b733a363a226e6573746564223b623a303b733a323a226964223b693a353b7d7d7d693a31363b733a373a22504147494e4153223b693a31373b693a313b693a31383b733a34373a22696e6465782e7068703f6f7074696f6e3d636f6d5f636f6e74656e7426766965773d63617465676f72792669643d38223b7d),
(2, 'index.php?option=com_content&view=article&id=1', 'index.php?option=com_content&view=article&id=1:inicio&catid=8', 'INICIO', ' ', '2024-05-01 23:22:42', 'c2f6260d2e48f44b13fb21b816a983c4', 1, 1, 1, '*', '2024-04-01 02:59:33', NULL, '2024-04-01 02:59:33', NULL, 0, 0, 3, 0x[encoded data, 10824 characters]),
(3, 'index.php?option=com_content&view=article&id=2', 'index.php?option=com_content&view=article&id=2:noticias-y-eventos&catid=8', 'Noticias y Eventos', '', '2024-04-01 03:03:32', '63e52d448e08916d48083763698b53a8', 1, 1, 1, '*', '2024-04-01 03:03:12', NULL, '2024-04-01 03:03:12', NULL, 0, 0, 3, 0x[encoded data, 10366 characters]),
(4, 'index.php?option=com_content&view=article&id=3', 'index.php?option=com_content&view=article&id=3:soceenf&catid=8', 'SOCEENF', '', '2024-04-01 03:04:12', 'c2523f383c66e9d0663ba2ae1753faa1', 1, 1, 1, '*', '2024-04-01 03:04:12', NULL, '2024-04-01 03:04:12', NULL, 0, 0, 3, 0x[encoded data, 10272 characters]),
(5, 'index.php?option=com_content&view=article&id=4', 'index.php?option=com_content&view=article&id=4:revista-conr&catid=8', 'Revista CONR', '', '2024-04-01 03:06:35', 'ff1d7f19eea8cbd854fef5a85256ac94', 1, 1, 1, '*', '2024-04-01 03:06:35', NULL, '2024-04-01 03:06:35', NULL, 0, 0, 3, 0x[encoded data, 10318 characters]);
INSERT INTO `josxt_finder_links` (`link_id`, `url`, `route`, `title`, `description`, `indexdate`, `md5sum`, `published`, `state`, `access`, `language`, `publish_start_date`, `publish_end_date`, `start_date`, `end_date`, `list_price`, `sale_price`, `type_id`, `object`) VALUES
(6, 'index.php?option=com_content&view=article&id=5', 'index.php?option=com_content&view=article&id=5:biblioteca-virtual-enfermeria-fisioterapia&catid=8', 'Biblioteca virtual Enfermería-Fisioterapia', '', '2024-04-01 03:07:43', 'b61bad0b77561b7f8673ec6b4d6b8c8e', 1, 1, 1, '*', '2024-04-01 03:07:43', NULL, '2024-04-01 03:07:43', NULL, 0, 0, 3, 0x[encoded data, 10560 characters]),
(7, 'index.php?option=com_content&view=category&id=9', 'index.php?option=com_content&view=category&id=9', 'NOTICIAS', '', '2024-04-01 03:49:10', '0ed46bb8a5eae75eb49aa7e75bbc6009', 1, 1, 1, '*', NULL, NULL, '2024-04-01 03:48:53', NULL, 0, 0, 1, 0x4f3a35323a224a6f6f6d6c615c436f6d706f6e656e745c46696e6465725c41646d696e6973747261746f725c496e64657865725c526573756c74223a31393a7b693a303b693a313b693a313b733a353a2265732d4553223b693a323b733a303a22223b693a333b613a31373a7b733a323a226964223b693a393b733a353a22616c696173223b733a31383a226e6f7469636961732079206576656e746f73223b733a393a22657874656e73696f6e223b733a31313a22636f6d5f636f6e74656e74223b733a373a226d6574616b6579223b733a303a22223b733a383a226d65746164657363223b733a303a22223b733a383a226d65746164617461223b4f3a32343a224a6f6f6d6c615c52656769737472795c5265676973747279223a333a7b733a373a22002a0064617461223b4f3a383a22737464436c617373223a323a7b733a363a22617574686f72223b733a303a22223b733a363a22726f626f7473223b733a303a22223b7d733a31343a22002a00696e697469616c697a6564223b623a313b733a31323a22002a00736570617261746f72223b733a313a222e223b7d733a333a226c6674223b693a31333b733a393a22706172656e745f6964223b693a313b733a353a226c6576656c223b693a313b733a363a22706172616d73223b4f3a32343a224a6f6f6d6c615c52656769737472795c5265676973747279223a333a7b733a373a22002a0064617461223b4f3a383a22737464436c617373223a333a7b733a31353a2263617465676f72795f6c61796f7574223b733a303a22223b733a353a22696d616765223b733a303a22223b733a393a22696d6167655f616c74223b733a303a22223b7d733a31343a22002a00696e697469616c697a6564223b623a313b733a31323a22002a00736570617261746f72223b733a313a222e223b7d733a373a2273756d6d617279223b733a303a22223b733a31303a22637265617465645f6279223b693a3231353b733a383a226d6f646966696564223b733a31393a22323032342d30342d30312030333a34393a3130223b733a31313a226d6f6469666965645f6279223b693a3231353b733a343a22736c7567223b733a32303a22393a6e6f7469636961732d792d6576656e746f73223b733a363a226c61796f7574223b733a383a2263617465676f7279223b733a31303a226d657461617574686f72223b4e3b7d693a343b4e3b693a353b613a353a7b693a313b613a333a7b693a303b733a353a227469746c65223b693a313b733a383a227375627469746c65223b693a323b733a323a226964223b7d693a323b613a323a7b693a303b733a373a2273756d6d617279223b693a313b733a343a22626f6479223b7d693a333b613a383a7b693a303b733a343a226d657461223b693a313b733a31303a226c6973745f7072696365223b693a323b733a31303a2273616c655f7072696365223b693a333b733a343a226c696e6b223b693a343b733a373a226d6574616b6579223b693a353b733a383a226d65746164657363223b693a363b733a31303a226d657461617574686f72223b693a373b733a363a22617574686f72223b7d693a343b613a323a7b693a303b733a343a2270617468223b693a313b733a353a22616c696173223b7d693a353b613a313a7b693a303b733a383a22636f6d6d656e7473223b7d7d693a363b733a313a222a223b693a373b4e3b693a383b4e3b693a393b4e3b693a31303b4e3b693a31313b733a34373a22696e6465782e7068703f6f7074696f6e3d636f6d5f636f6e74656e7426766965773d63617465676f72792669643d39223b693a31323b4e3b693a31333b733a31393a22323032342d30342d30312030333a34383a3533223b693a31343b693a313b693a31353b613a323a7b733a343a2254797065223b613a313a7b693a303b4f3a383a22737464436c617373223a363a7b733a353a227469746c65223b733a383a2243617465676f7279223b733a353a227374617465223b693a313b733a363a22616363657373223b693a313b733a383a226c616e6775616765223b733a303a22223b733a363a226e6573746564223b623a303b733a323a226964223b693a333b7d7d733a383a224c616e6775616765223b613a313a7b693a303b4f3a383a22737464436c617373223a363a7b733a353a227469746c65223b733a313a222a223b733a353a227374617465223b693a313b733a363a22616363657373223b693a313b733a383a226c616e6775616765223b733a303a22223b733a363a226e6573746564223b623a303b733a323a226964223b693a353b7d7d7d693a31363b733a383a224e4f544943494153223b693a31373b693a313b693a31383b733a34373a22696e6465782e7068703f6f7074696f6e3d636f6d5f636f6e74656e7426766965773d63617465676f72792669643d39223b7d),
(8, 'index.php?option=com_content&view=article&id=6', 'index.php?option=com_content&view=article&id=6:soceenf-nacional&catid=9', 'SOCEENF NACIONAL', ' Participación SOCEENF NACIONAL Felicitaciones a Claudia Gutiérrez, estudiante de nuestra unidad académica, quien fue electa para integrar la directiva de la Sociedad Científica Nacional de Estudiantes de Enfermería (SOCEENF NACIONAL). Le deseamos mucho éxito en las tareas a desempeñar en favor de los estudiantes. ', '2024-04-01 04:11:11', '71f3ba8292ff52f67d2b9658011a6c14', 1, 1, 1, '*', '2024-04-01 04:11:11', NULL, '2024-04-01 04:11:11', NULL, 0, 0, 3, 0x[encoded data, 12228 characters]),
(9, 'index.php?option=com_content&view=article&id=7', 'index.php?option=com_content&view=article&id=7:1er-congreso-soceenf-enfermeria&catid=9', '1er Congreso SOCEENF ENFERMERIA', ' 1er Congreso Internacional: Desafíos y avances en la investigación en Enfermería programas de humanización en centros de tercer nivel, organizado por la UAC-Pucarani. ', '2024-04-01 04:26:33', 'e6fb8e63a00c0adeeaf739e1293dd8b6', 1, 1, 1, '*', '2024-04-01 04:25:47', NULL, '2024-04-01 04:25:47', NULL, 0, 0, 3, 0x[encoded data, 11740 characters]);
INSERT INTO `josxt_finder_links` (`link_id`, `url`, `route`, `title`, `description`, `indexdate`, `md5sum`, `published`, `state`, `access`, `language`, `publish_start_date`, `publish_end_date`, `start_date`, `end_date`, `list_price`, `sale_price`, `type_id`, `object`) VALUES
(10, 'index.php?option=com_content&view=article&id=8', 'index.php?option=com_content&view=article&id=8:sociefyk&catid=8', 'SOCIEFYK', '', '2024-04-03 04:20:55', 'df6a65e7124648b9b6c0c0df9461dbcd', 1, 1, 1, '*', '2024-04-03 04:20:55', NULL, '2024-04-03 04:20:55', NULL, 0, 0, 3, 0x[encoded data, 10282 characters]),
(11, 'index.php?option=com_content&view=article&id=9', 'index.php?option=com_content&view=article&id=9:uac-y-alcaldia-de-pucarani-dialogan-sobre-renovacion-de-convenio-en-temas-de-salud&catid=9', 'UAC Y ALCALDÍA DE PUCARANI DIALOGAN SOBRE RENOVACIÓN DE CONVENIO EN TEMAS DE SALUD', ' ', '2024-05-21 21:12:34', 'c56b361998b4230046345c9679cd746f', 1, 1, 1, '*', '2024-05-21 19:58:39', NULL, '2024-05-21 19:58:39', NULL, 0, 0, 3, 0x[encoded data, 11050 characters]);

-- --------------------------------------------------------

--
-- Estructura de tabla para la tabla `josxt_finder_links_terms`
--

CREATE TABLE `josxt_finder_links_terms` (
  `link_id` int(10) UNSIGNED NOT NULL,
  `term_id` int(10) UNSIGNED NOT NULL,
  `weight` float UNSIGNED NOT NULL DEFAULT 0
) ENGINE=InnoDB DEFAULT CHARSET=utf8mb4 COLLATE=utf8mb4_unicode_ci;

--
-- Volcado de datos para la tabla `josxt_finder_links_terms`
--

INSERT INTO `josxt_finder_links_terms` (`link_id`, `term_id`, `weight`) VALUES
(1, 1, 1.72679),
(1, 2, 0.17),
(10, 2, 0.17),
(2, 4, 1.48),
(2, 5, 1.04004),
(3, 5, 1.04004),
(4, 5, 1.04004),
(5, 5, 1.04004),
(6, 5, 1.04004),
(8, 5, 1.04004),
(9, 5, 1.04004),
(10, 5, 1.04004),
(11, 5, 1.04004),
(8, 6, 0.09338),
(9, 17, 0.18662),
(8, 17, 0.46655),
(11, 17, 1.47963),
(8, 21, 0.46669),
(9, 21, 0.46669),
(9, 29, 0.60669),
(8, 30, 0.18662),
(9, 30, 0.18662),
(8, 31, 0.14),
(8, 35, 0.18669),
(9, 37, 0.42),
(11, 42, 1.23321),
(9, 46, 0.04669),
(7, 46, 0.1334),
(3, 46, 0.24679),
(11, 46, 0.24679),
(2, 47, 0.17),
(7, 67, 0.9334),
(3, 67, 1.72679),
(3, 68, 1.97321),
(7, 68, 1.97321),
(3, 69, 0.17),
(4, 70, 1.72679),
(9, 70, 1.72679),
(8, 70, 2.38017),
(4, 71, 0.17),
(5, 73, 0.98679),
(5, 74, 1.72679),
(5, 75, 0.17),
(6, 76, 2.46679),
(6, 77, 1.3334),
(9, 77, 2.46679),
(6, 78, 1.6),
(6, 79, 1.72679),
(6, 80, 0.17),
(6, 81, 1.7),
(7, 83, 0.17),
(11, 83, 0.17),
(8, 84, 3.09314),
(8, 85, 0.42),
(8, 86, 0.46669),
(8, 87, 0.32669),
(8, 88, 0.37331),
(8, 89, 0.46669),
(8, 90, 0.42),
(8, 91, 0.28),
(8, 92, 0.18662),
(9, 92, 0.27993),
(11, 92, 0.49321),
(8, 93, 0.46669),
(8, 94, 1.02662),
(8, 95, 0.23331),
(8, 96, 0.65331),
(8, 97, 0.14),
(8, 98, 0.42),
(8, 99, 0.37331),
(8, 100, 0.09331),
(8, 101, 0.14),
(8, 102, 0.23331),
(8, 103, 0.32669),
(8, 104, 0.60669),
(8, 105, 0.23331),
(8, 106, 0.37331),
(8, 107, 0.28),
(8, 108, 0.28),
(8, 109, 0.23331),
(8, 110, 0.17),
(9, 115, 0.88),
(9, 116, 2.34652),
(9, 117, 0.32669),
(9, 118, 0.32669),
(9, 119, 0.37331),
(9, 120, 0.56),
(9, 121, 0.60669),
(9, 122, 0.23331),
(9, 123, 0.46669),
(9, 124, 0.14),
(9, 125, 0.28),
(9, 126, 0.56),
(9, 127, 0.17),
(10, 128, 1.97321),
(11, 129, 1.0666),
(11, 130, 1.97321),
(11, 131, 1.97321),
(11, 132, 1.97321),
(11, 133, 1.3334),
(11, 134, 1.23321),
(11, 135, 1.23321),
(11, 136, 0.74),
(11, 141, 0.90661),
(11, 242, 1.13339);

-- --------------------------------------------------------

--
-- Estructura de tabla para la tabla `josxt_finder_logging`
--

CREATE TABLE `josxt_finder_logging` (
  `searchterm` varchar(255) NOT NULL DEFAULT '',
  `md5sum` varchar(32) NOT NULL DEFAULT '',
  `query` blob NOT NULL,
  `hits` int(11) NOT NULL DEFAULT 1,
  `results` int(11) NOT NULL DEFAULT 0
) ENGINE=InnoDB DEFAULT CHARSET=utf8mb4 COLLATE=utf8mb4_unicode_ci;

-- --------------------------------------------------------

--
-- Estructura de tabla para la tabla `josxt_finder_taxonomy`
--

CREATE TABLE `josxt_finder_taxonomy` (
  `id` int(10) UNSIGNED NOT NULL,
  `parent_id` int(10) UNSIGNED NOT NULL DEFAULT 0,
  `lft` int(11) NOT NULL DEFAULT 0,
  `rgt` int(11) NOT NULL DEFAULT 0,
  `level` int(10) UNSIGNED NOT NULL DEFAULT 0,
  `path` varchar(400) NOT NULL DEFAULT '',
  `title` varchar(255) NOT NULL DEFAULT '',
  `alias` varchar(400) NOT NULL DEFAULT '',
  `state` tinyint(3) UNSIGNED NOT NULL DEFAULT 1,
  `access` tinyint(3) UNSIGNED NOT NULL DEFAULT 1,
  `language` char(7) NOT NULL DEFAULT ''
) ENGINE=InnoDB DEFAULT CHARSET=utf8mb4 COLLATE=utf8mb4_unicode_ci;

--
-- Volcado de datos para la tabla `josxt_finder_taxonomy`
--

INSERT INTO `josxt_finder_taxonomy` (`id`, `parent_id`, `lft`, `rgt`, `level`, `path`, `title`, `alias`, `state`, `access`, `language`) VALUES
(1, 0, 0, 21, 0, '', 'ROOT', 'root', 1, 1, '*'),
(2, 1, 1, 6, 1, 'type', 'Type', 'type', 1, 1, ''),
(3, 2, 2, 3, 2, 'type/category', 'Category', 'category', 1, 1, ''),
(4, 1, 7, 10, 1, 'language', 'Language', 'language', 1, 1, ''),
(5, 4, 8, 9, 2, 'language/faef360113599eb6a0282d981cc199d8', '*', 'faef360113599eb6a0282d981cc199d8', 1, 1, ''),
(6, 2, 4, 5, 2, 'type/article', 'Article', 'article', 1, 1, ''),
(7, 1, 11, 14, 1, 'author', 'Author', 'author', 1, 1, ''),
(8, 7, 12, 13, 2, 'author/administrator', 'Administrator', 'administrator', 1, 1, ''),
(9, 1, 15, 20, 1, 'category', 'Category', 'category', 1, 1, ''),
(10, 9, 16, 17, 2, 'category/paginas', 'PAGINAS', 'paginas', 1, 1, '*'),
(12, 9, 18, 19, 2, 'category/noticias', 'NOTICIAS', 'noticias', 1, 1, '*');

-- --------------------------------------------------------

--
-- Estructura de tabla para la tabla `josxt_finder_taxonomy_map`
--

CREATE TABLE `josxt_finder_taxonomy_map` (
  `link_id` int(10) UNSIGNED NOT NULL,
  `node_id` int(10) UNSIGNED NOT NULL
) ENGINE=InnoDB DEFAULT CHARSET=utf8mb4 COLLATE=utf8mb4_unicode_ci;

--
-- Volcado de datos para la tabla `josxt_finder_taxonomy_map`
--

INSERT INTO `josxt_finder_taxonomy_map` (`link_id`, `node_id`) VALUES
(1, 3),
(1, 5),
(2, 5),
(2, 6),
(2, 8),
(2, 10),
(3, 5),
(3, 6),
(3, 8),
(3, 10),
(4, 5),
(4, 6),
(4, 8),
(4, 10),
(5, 5),
(5, 6),
(5, 8),
(5, 10),
(6, 5),
(6, 6),
(6, 8),
(6, 10),
(7, 3),
(7, 5),
(8, 5),
(8, 6),
(8, 8),
(8, 12),
(9, 5),
(9, 6),
(9, 8),
(9, 12),
(10, 5),
(10, 6),
(10, 8),
(10, 10),
(11, 5),
(11, 6),
(11, 8),
(11, 12);

-- --------------------------------------------------------

--
-- Estructura de tabla para la tabla `josxt_finder_terms`
--

CREATE TABLE `josxt_finder_terms` (
  `term_id` int(10) UNSIGNED NOT NULL,
  `term` varchar(75) CHARACTER SET utf8mb4 COLLATE utf8mb4_bin NOT NULL,
  `stem` varchar(75) CHARACTER SET utf8mb4 COLLATE utf8mb4_bin NOT NULL DEFAULT '',
  `common` tinyint(3) UNSIGNED NOT NULL DEFAULT 0,
  `phrase` tinyint(3) UNSIGNED NOT NULL DEFAULT 0,
  `weight` float UNSIGNED NOT NULL DEFAULT 0,
  `soundex` varchar(75) CHARACTER SET utf8mb4 COLLATE utf8mb4_bin NOT NULL DEFAULT '',
  `links` int(11) NOT NULL DEFAULT 0,
  `language` char(7) NOT NULL DEFAULT ''
) ENGINE=InnoDB DEFAULT CHARSET=utf8mb4 COLLATE=utf8mb4_unicode_ci;

--
-- Volcado de datos para la tabla `josxt_finder_terms`
--

INSERT INTO `josxt_finder_terms` (`term_id`, `term`, `stem`, `common`, `phrase`, `weight`, `soundex`, `links`, `language`) VALUES
(1, 'paginas', 'paginas', 0, 0, 0.4667, 'P252', 1, '*'),
(2, '8', '8', 0, 0, 0.1, '', 2, '*'),
(4, 'inicio', 'inicio', 0, 0, 0.4, 'I520', 10, '*'),
(5, 'administrator', 'administrator', 0, 0, 0.8667, 'A3523636', 22, '*'),
(6, 'a', 'a', 0, 0, 0.0667, 'A000', 12, '*'),
(7, 'abordar', 'abordar', 0, 0, 0.4667, 'A1636', 9, '*'),
(8, 'académicas', 'académicas', 0, 0, 0.6667, 'A2352', 9, '*'),
(9, 'actividades', 'actividades', 0, 0, 0.7333, 'A23132', 9, '*'),
(10, 'apoyar', 'apoyar', 0, 0, 0.4, 'A160', 9, '*'),
(11, 'ciencia', 'ciencia', 0, 0, 0.4667, 'C520', 9, '*'),
(12, 'conocimiento', 'conocimiento', 0, 0, 0.8, 'C5253', 9, '*'),
(13, 'conocimientos', 'conocimientos', 0, 0, 0.8667, 'C52532', 9, '*'),
(14, 'contribuyan', 'contribuyan', 0, 0, 0.7333, 'C53615', 9, '*'),
(15, 'cuestiones', 'cuestiones', 0, 0, 0.6667, 'C352', 9, '*'),
(16, 'd', 'd', 0, 0, 0.0667, 'D000', 9, '*'),
(17, 'de', 'de', 0, 0, 0.1333, 'D000', 15, '*'),
(18, 'del', 'del', 0, 0, 0.2, 'D400', 11, '*'),
(19, 'dip', 'dip', 0, 0, 0.2, 'D100', 9, '*'),
(20, 'disciplina', 'disciplina', 0, 0, 0.6667, 'D2145', 9, '*'),
(21, 'enfermería', 'enfermería', 0, 0, 0.6667, 'E51656', 14, '*'),
(22, 'establecer', 'establecer', 0, 0, 0.6667, 'E231426', 9, '*'),
(23, 'estratégicas', 'estratégicas', 0, 0, 0.8, 'E23632', 9, '*'),
(24, 'estructura', 'estructura', 0, 0, 0.6667, 'E236236', 9, '*'),
(25, 'formación', 'formación', 0, 0, 0.6, 'F6525', 11, '*'),
(26, 'i.p', 'i.p', 0, 0, 0.2, 'I100', 9, '*'),
(27, 'innovadora', 'innovadora', 0, 0, 0.6667, 'I5136', 9, '*'),
(28, 'investigaciones', 'investigaciones', 0, 0, 1, 'I5123252', 9, '*'),
(29, 'investigación', 'investigación', 0, 0, 0.8667, 'I512325', 13, '*'),
(30, 'la', 'la', 0, 0, 0.1333, 'L000', 14, '*'),
(31, 'las', 'las', 0, 0, 0.2, 'L200', 12, '*'),
(32, 'liderar', 'liderar', 0, 0, 0.4667, 'L360', 9, '*'),
(33, 'mantener', 'mantener', 0, 0, 0.5333, 'M356', 9, '*'),
(34, 'organizativa', 'organizativa', 0, 0, 0.8, 'O625231', 9, '*'),
(35, 'para', 'para', 0, 0, 0.2667, 'P600', 12, '*'),
(36, 'prioridades', 'prioridades', 0, 0, 0.7333, 'P632', 9, '*'),
(37, 'programas', 'programas', 0, 0, 0.6, 'P62652', 11, '*'),
(38, 'práctica', 'práctica', 0, 0, 0.5333, 'P6232', 9, '*'),
(39, 'que', 'que', 0, 0, 0.2, 'Q000', 11, '*'),
(40, 'realizar', 'realizar', 0, 0, 0.5333, 'R426', 9, '*'),
(41, 'relevancia', 'relevancia', 0, 0, 0.6667, 'R4152', 9, '*'),
(42, 'salud', 'salud', 0, 0, 0.3333, 'S430', 12, '*'),
(43, 'servicios', 'servicios', 0, 0, 0.6, 'S612', 11, '*'),
(44, 'traducción', 'traducción', 0, 0, 0.6667, 'T6325', 9, '*'),
(45, 'una', 'una', 0, 0, 0.2, 'U500', 11, '*'),
(46, 'y', 'y', 0, 0, 0.0667, 'Y000', 18, '*'),
(47, '1', '1', 0, 0, 0.1, '', 10, '*'),
(67, 'eventos', 'eventos', 0, 0, 0.4667, 'E1532', 4, '*'),
(68, 'noticias', 'noticias', 0, 0, 0.5333, 'N320', 4, '*'),
(69, '2', '2', 0, 0, 0.1, '', 2, '*'),
(70, 'soceenf', 'soceenf', 0, 0, 0.4667, 'S510', 4, '*'),
(71, '3', '3', 0, 0, 0.1, '', 1, '*'),
(73, 'conr', 'conr', 0, 0, 0.2667, 'C560', 1, '*'),
(74, 'revista', 'revista', 0, 0, 0.4667, 'R123', 1, '*'),
(75, '4', '4', 0, 0, 0.1, '', 1, '*'),
(76, 'biblioteca', 'biblioteca', 0, 0, 0.6667, 'B432', 1, '*'),
(77, 'enfermeria', 'enfermeria', 0, 0, 0.6667, 'E51656', 3, '*'),
(78, 'fisioterapia', 'fisioterapia', 0, 0, 0.8, 'F2361', 3, '*'),
(79, 'virtual', 'virtual', 0, 0, 0.4667, 'V634', 1, '*'),
(80, '5', '5', 0, 0, 0.1, '', 1, '*'),
(81, 'enfermería-fisioterapia', 'enfermería-fisioterapia', 0, 0, 1, 'E5165612361', 1, '*'),
(83, '9', '9', 0, 0, 0.1, '', 5, '*'),
(84, 'nacional', 'nacional', 0, 0, 0.5333, 'N254', 1, '*'),
(85, 'académica', 'académica', 0, 0, 0.6, 'A2352', 1, '*'),
(86, 'científica', 'científica', 0, 0, 0.6667, 'C5312', 1, '*'),
(87, 'claudia', 'claudia', 0, 0, 0.4667, 'C430', 1, '*'),
(88, 'deseamos', 'deseamos', 0, 0, 0.5333, 'D252', 1, '*'),
(89, 'desempeñar', 'desempeñar', 0, 0, 0.6667, 'D2516', 1, '*'),
(90, 'directiva', 'directiva', 0, 0, 0.6, 'D6231', 1, '*'),
(91, 'electa', 'electa', 0, 0, 0.4, 'E423', 1, '*'),
(92, 'en', 'en', 0, 0, 0.1333, 'E500', 6, '*'),
(93, 'estudiante', 'estudiante', 0, 0, 0.6667, 'E2353', 1, '*'),
(94, 'estudiantes', 'estudiantes', 0, 0, 0.7333, 'E23532', 3, '*'),
(95, 'favor', 'favor', 0, 0, 0.3333, 'F600', 1, '*'),
(96, 'felicitaciones', 'felicitaciones', 0, 0, 0.9333, 'F423252', 1, '*'),
(97, 'fue', 'fue', 0, 0, 0.2, 'F000', 3, '*'),
(98, 'gutiérrez', 'gutiérrez', 0, 0, 0.6, 'G362', 1, '*'),
(99, 'integrar', 'integrar', 0, 0, 0.5333, 'I5326', 1, '*'),
(100, 'le', 'le', 0, 0, 0.1333, 'L000', 1, '*'),
(101, 'los', 'los', 0, 0, 0.2, 'L200', 3, '*'),
(102, 'mucho', 'mucho', 0, 0, 0.3333, 'M200', 1, '*'),
(103, 'nuestra', 'nuestra', 0, 0, 0.4667, 'N236', 1, '*'),
(104, 'participación', 'participación', 0, 0, 0.8667, 'P632125', 1, '*'),
(105, 'quien', 'quien', 0, 0, 0.3333, 'Q500', 1, '*'),
(106, 'sociedad', 'sociedad', 0, 0, 0.5333, 'S300', 1, '*'),
(107, 'tareas', 'tareas', 0, 0, 0.4, 'T620', 1, '*'),
(108, 'unidad', 'unidad', 0, 0, 0.4, 'U530', 3, '*'),
(109, 'éxito', 'éxito', 0, 0, 0.3333, 'é230', 1, '*'),
(110, '6', '6', 0, 0, 0.1, '', 1, '*'),
(115, '1er', '1er', 0, 0, 0.2, 'E600', 2, '*'),
(116, 'congreso', 'congreso', 0, 0, 0.5333, 'C5262', 2, '*'),
(117, 'avances', 'avances', 0, 0, 0.4667, 'A152', 2, '*'),
(118, 'centros', 'centros', 0, 0, 0.4667, 'C5362', 2, '*'),
(119, 'desafíos', 'desafíos', 0, 0, 0.5333, 'D212', 2, '*'),
(120, 'humanización', 'humanización', 0, 0, 0.8, 'H525', 2, '*'),
(121, 'internacional', 'internacional', 0, 0, 0.8667, 'I5365254', 2, '*'),
(122, 'nivel', 'nivel', 0, 0, 0.3333, 'N140', 4, '*'),
(123, 'organizado', 'organizado', 0, 0, 0.6667, 'O62523', 2, '*'),
(124, 'por', 'por', 0, 0, 0.2, 'P600', 4, '*'),
(125, 'tercer', 'tercer', 0, 0, 0.4, 'T626', 2, '*'),
(126, 'uac-pucarani', 'uac-pucarani', 0, 0, 0.8, 'U21265', 4, '*'),
(127, '7', '7', 0, 0, 0.1, '', 2, '*'),
(128, 'sociefyk', 'sociefyk', 0, 0, 0.5333, 'S120', 1, '*'),
(129, 'alcaldia', 'alcaldia', 0, 0, 0.5333, 'A4243', 3, '*'),
(130, 'convenio', 'convenio', 0, 0, 0.5333, 'C515', 3, '*'),
(131, 'dialogan', 'dialogan', 0, 0, 0.5333, 'D425', 3, '*'),
(132, 'pucarani', 'pucarani', 0, 0, 0.5333, 'P265', 3, '*'),
(133, 'renovacion', 'renovacion', 0, 0, 0.6667, 'R5125', 3, '*'),
(134, 'sobre', 'sobre', 0, 0, 0.3333, 'S160', 3, '*'),
(135, 'temas', 'temas', 0, 0, 0.3333, 'T520', 3, '*'),
(136, 'uac', 'uac', 0, 0, 0.2, 'U200', 3, '*'),
(137, '21', '21', 0, 0, 0.2, '', 2, '*'),
(138, 'abordados', 'abordados', 0, 0, 0.6, 'A1632', 2, '*'),
(139, 'actividad', 'actividad', 0, 0, 0.6, 'A2313', 2, '*'),
(140, 'acuerdo', 'acuerdo', 0, 0, 0.4667, 'A263', 2, '*'),
(141, 'alcaldía', 'alcaldía', 0, 0, 0.5333, 'A4243', 3, '*'),
(142, 'algún', 'algún', 0, 0, 0.3333, 'A425', 2, '*'),
(143, 'alianza', 'alianza', 0, 0, 0.4667, 'A452', 2, '*'),
(144, 'ambas', 'ambas', 0, 0, 0.3333, 'A512', 2, '*'),
(145, 'ampliar', 'ampliar', 0, 0, 0.4667, 'A5146', 2, '*'),
(146, 'apoyo', 'apoyo', 0, 0, 0.3333, 'A100', 2, '*'),
(147, 'arratia', 'arratia', 0, 0, 0.4667, 'A630', 2, '*'),
(148, 'atención', 'atención', 0, 0, 0.5333, 'A3525', 2, '*'),
(149, 'autoridad', 'autoridad', 0, 0, 0.6, 'A363', 2, '*'),
(150, 'autónomo', 'autónomo', 0, 0, 0.5333, 'A350', 2, '*'),
(151, 'bajo', 'bajo', 0, 0, 0.2667, 'B200', 2, '*'),
(152, 'beneficio', 'beneficio', 0, 0, 0.6, 'B512', 2, '*'),
(153, 'bien', 'bien', 0, 0, 0.2667, 'B500', 2, '*'),
(154, 'borrador', 'borrador', 0, 0, 0.5333, 'B636', 2, '*'),
(155, 'cada', 'cada', 0, 0, 0.2667, 'C300', 2, '*'),
(156, 'calidad', 'calidad', 0, 0, 0.4667, 'C430', 2, '*'),
(157, 'capacitación', 'capacitación', 0, 0, 0.8, 'C12325', 2, '*'),
(158, 'casos', 'casos', 0, 0, 0.3333, 'C000', 2, '*'),
(159, 'centro', 'centro', 0, 0, 0.4, 'C536', 2, '*'),
(160, 'cerca', 'cerca', 0, 0, 0.3333, 'C620', 2, '*'),
(161, 'comunidad', 'comunidad', 0, 0, 0.6, 'C530', 2, '*'),
(162, 'comunidades', 'comunidades', 0, 0, 0.7333, 'C532', 2, '*'),
(163, 'con', 'con', 0, 0, 0.2, 'C500', 2, '*'),
(164, 'concluyeron', 'concluyeron', 0, 0, 0.7333, 'C52465', 2, '*'),
(165, 'concretas', 'concretas', 0, 0, 0.6, 'C52632', 2, '*'),
(166, 'consolide', 'consolide', 0, 0, 0.6, 'C5243', 2, '*'),
(167, 'coordinar', 'coordinar', 0, 0, 0.6, 'C6356', 2, '*'),
(168, 'debido', 'debido', 0, 0, 0.4, 'D130', 2, '*'),
(169, 'decir', 'decir', 0, 0, 0.3333, 'D260', 2, '*'),
(170, 'dialogar', 'dialogar', 0, 0, 0.5333, 'D426', 2, '*'),
(171, 'diferentes', 'diferentes', 0, 0, 0.6667, 'D16532', 2, '*'),
(172, 'directora', 'directora', 0, 0, 0.6, 'D6236', 2, '*'),
(173, 'ejemplo', 'ejemplo', 0, 0, 0.4667, 'E2514', 2, '*'),
(174, 'el', 'el', 0, 0, 0.1333, 'E400', 2, '*'),
(175, 'elaboración', 'elaboración', 0, 0, 0.7333, 'E41625', 2, '*'),
(176, 'embargo', 'embargo', 0, 0, 0.4667, 'E5162', 2, '*'),
(177, 'enfoque', 'enfoque', 0, 0, 0.4667, 'E512', 2, '*'),
(178, 'entre', 'entre', 0, 0, 0.3333, 'E536', 2, '*'),
(179, 'equipamiento', 'equipamiento', 0, 0, 0.8, 'E2153', 2, '*'),
(180, 'este', 'este', 0, 0, 0.2667, 'E230', 2, '*'),
(181, 'estuvimos', 'estuvimos', 0, 0, 0.6, 'E23152', 2, '*'),
(182, 'estuvo', 'estuvo', 0, 0, 0.4, 'E231', 2, '*'),
(183, 'están', 'están', 0, 0, 0.3333, 'E235', 2, '*'),
(184, 'etc', 'etc', 0, 0, 0.2, 'E320', 2, '*'),
(185, 'existe', 'existe', 0, 0, 0.4, 'E230', 2, '*'),
(186, 'expresó', 'expresó', 0, 0, 0.4667, 'E2162', 2, '*'),
(187, 'feria', 'feria', 0, 0, 0.3333, 'F600', 2, '*'),
(188, 'ferias', 'ferias', 0, 0, 0.4, 'F620', 2, '*'),
(189, 'fin', 'fin', 0, 0, 0.2, 'F500', 2, '*'),
(190, 'fortunato', 'fortunato', 0, 0, 0.6, 'F6353', 2, '*'),
(191, 'gamp', 'gamp', 0, 0, 0.2667, 'G510', 2, '*'),
(192, 'gobierno', 'gobierno', 0, 0, 0.5333, 'G165', 2, '*'),
(193, 'gradualmente', 'gradualmente', 0, 0, 0.8, 'G63453', 2, '*'),
(194, 'habilitación', 'habilitación', 0, 0, 0.8, 'H14325', 2, '*'),
(195, 'hacer', 'hacer', 0, 0, 0.3333, 'H260', 2, '*'),
(196, 'hagamos', 'hagamos', 0, 0, 0.4667, 'H252', 2, '*'),
(197, 'hora', 'hora', 0, 0, 0.2667, 'H600', 2, '*'),
(198, 'hospital', 'hospital', 0, 0, 0.5333, 'H2134', 2, '*'),
(199, 'huampo', 'huampo', 0, 0, 0.4, 'H510', 2, '*'),
(200, 'humanos', 'humanos', 0, 0, 0.4667, 'H520', 2, '*'),
(201, 'identifiquen', 'identifiquen', 0, 0, 0.8, 'I353125', 2, '*'),
(202, 'impulsa', 'impulsa', 0, 0, 0.4667, 'I5142', 2, '*'),
(203, 'indicó', 'indicó', 0, 0, 0.4, 'I532', 2, '*'),
(204, 'interacción', 'interacción', 0, 0, 0.7333, 'I53625', 2, '*'),
(205, 'interesa', 'interesa', 0, 0, 0.5333, 'I5362', 2, '*'),
(206, 'interinstitucional', 'interinstitucional', 0, 0, 1, 'I536523254', 2, '*'),
(207, 'interés', 'interés', 0, 0, 0.4667, 'I5362', 2, '*'),
(208, 'invita', 'invita', 0, 0, 0.4, 'I513', 2, '*'),
(209, 'invitación', 'invitación', 0, 0, 0.6667, 'I51325', 2, '*'),
(210, 'kinesiología', 'kinesiología', 0, 0, 0.8, 'K5242', 2, '*'),
(211, 'lado', 'lado', 0, 0, 0.2667, 'L300', 2, '*'),
(212, 'lch', 'lch', 0, 0, 0.2, 'L200', 2, '*'),
(213, 'lic', 'lic', 0, 0, 0.2, 'L200', 2, '*'),
(214, 'lidia', 'lidia', 0, 0, 0.3333, 'L300', 2, '*'),
(215, 'limachi', 'limachi', 0, 0, 0.4667, 'L520', 2, '*'),
(216, 'manifestó', 'manifestó', 0, 0, 0.6, 'M123', 2, '*'),
(217, 'martes', 'martes', 0, 0, 0.4, 'M632', 2, '*'),
(218, 'mayo', 'mayo', 0, 0, 0.2667, 'M000', 2, '*'),
(219, 'me', 'me', 0, 0, 0.1333, 'M000', 2, '*'),
(220, 'mencionó', 'mencionó', 0, 0, 0.5333, 'M250', 2, '*'),
(221, 'meses', 'meses', 0, 0, 0.3333, 'M200', 2, '*'),
(222, 'municipal', 'municipal', 0, 0, 0.6, 'M214', 2, '*'),
(223, 'municipio', 'municipio', 0, 0, 0.6, 'M210', 2, '*'),
(224, 'necesidad', 'necesidad', 0, 0, 0.6, 'N230', 2, '*'),
(225, 'necesidades', 'necesidades', 0, 0, 0.7333, 'N232', 2, '*'),
(226, 'niños', 'niños', 0, 0, 0.3333, 'N200', 2, '*'),
(227, 'no', 'no', 0, 0, 0.1333, 'N000', 2, '*'),
(228, 'nos', 'nos', 0, 0, 0.2, 'N200', 2, '*'),
(229, 'o', 'o', 0, 0, 0.0667, 'O000', 2, '*'),
(230, 'orientado', 'orientado', 0, 0, 0.6, 'O653', 2, '*'),
(231, 'parte', 'parte', 0, 0, 0.3333, 'P630', 2, '*'),
(232, 'partes', 'partes', 0, 0, 0.4, 'P632', 2, '*'),
(233, 'pero', 'pero', 0, 0, 0.2667, 'P600', 2, '*'),
(234, 'población', 'población', 0, 0, 0.6, 'P425', 2, '*'),
(235, 'potenciando', 'potenciando', 0, 0, 0.7333, 'P35253', 2, '*'),
(236, 'predisposición', 'predisposición', 0, 0, 0.9333, 'P632125', 2, '*'),
(237, 'presentes', 'presentes', 0, 0, 0.6, 'P62532', 2, '*'),
(238, 'propuestas', 'propuestas', 0, 0, 0.6667, 'P61232', 2, '*'),
(239, 'próxima', 'próxima', 0, 0, 0.4667, 'P625', 2, '*'),
(240, 'recursos', 'recursos', 0, 0, 0.5333, 'R262', 2, '*'),
(241, 'referido', 'referido', 0, 0, 0.5333, 'R163', 2, '*'),
(242, 'renovación', 'renovación', 0, 0, 0.6667, 'R5125', 3, '*'),
(243, 'representación', 'representación', 0, 0, 0.9333, 'R1625325', 2, '*'),
(244, 'requiere', 'requiere', 0, 0, 0.5333, 'R260', 2, '*'),
(245, 'responder', 'responder', 0, 0, 0.6, 'R21536', 2, '*'),
(246, 'responsable', 'responsable', 0, 0, 0.7333, 'R215214', 2, '*'),
(247, 'reunido', 'reunido', 0, 0, 0.4667, 'R530', 2, '*'),
(248, 'reunión', 'reunión', 0, 0, 0.4667, 'R500', 2, '*'),
(249, 'sarampión', 'sarampión', 0, 0, 0.6, 'S6515', 2, '*'),
(250, 'se', 'se', 0, 0, 0.1333, 'S000', 2, '*'),
(251, 'sea', 'sea', 0, 0, 0.2, 'S000', 2, '*'),
(252, 'seguir', 'seguir', 0, 0, 0.4, 'S600', 2, '*'),
(253, 'segundo', 'segundo', 0, 0, 0.4667, 'S530', 2, '*'),
(254, 'si', 'si', 0, 0, 0.1333, 'S000', 2, '*'),
(255, 'sin', 'sin', 0, 0, 0.2, 'S500', 2, '*'),
(256, 'social', 'social', 0, 0, 0.4, 'S400', 2, '*'),
(257, 'sostuvo', 'sostuvo', 0, 0, 0.4667, 'S310', 2, '*'),
(258, 'su', 'su', 0, 0, 0.1333, 'S000', 2, '*'),
(259, 'tal', 'tal', 0, 0, 0.2, 'T400', 2, '*'),
(260, 'también', 'también', 0, 0, 0.4667, 'T515', 2, '*'),
(261, 'tema', 'tema', 0, 0, 0.2667, 'T500', 2, '*'),
(262, 'tiene', 'tiene', 0, 0, 0.3333, 'T500', 2, '*'),
(263, 'todas', 'todas', 0, 0, 0.3333, 'T200', 2, '*'),
(264, 'tres', 'tres', 0, 0, 0.2667, 'T620', 2, '*'),
(265, 'un', 'un', 0, 0, 0.1333, 'U500', 2, '*'),
(266, 'uno', 'uno', 0, 0, 0.2, 'U500', 2, '*'),
(267, 'ustedes', 'ustedes', 0, 0, 0.4667, 'U232', 2, '*'),
(268, 'vacuna', 'vacuna', 0, 0, 0.4, 'V250', 2, '*'),
(269, 'vez', 'vez', 0, 0, 0.2, 'V200', 2, '*'),
(270, 'área', 'área', 0, 0, 0.2667, 'á600', 2, '*');

-- --------------------------------------------------------

--
-- Estructura de tabla para la tabla `josxt_finder_terms_common`
--

CREATE TABLE `josxt_finder_terms_common` (
  `term` varchar(75) CHARACTER SET utf8mb4 COLLATE utf8mb4_bin NOT NULL DEFAULT '',
  `language` char(7) NOT NULL DEFAULT '',
  `custom` int(11) NOT NULL DEFAULT 0
) ENGINE=InnoDB DEFAULT CHARSET=utf8mb4 COLLATE=utf8mb4_unicode_ci;

--
-- Volcado de datos para la tabla `josxt_finder_terms_common`
--

INSERT INTO `josxt_finder_terms_common` (`term`, `language`, `custom`) VALUES
('a', 'en', 0),
('a', 'es', 0),
('abajo', 'es', 0),
('about', 'en', 0),
('above', 'en', 0),
('after', 'en', 0),
('again', 'en', 0),
('against', 'en', 0),
('al', 'es', 0),
('alguna', 'es', 0),
('algunas', 'es', 0),
('algunos', 'es', 0),
('algún', 'es', 0),
('all', 'en', 0),
('allí', 'es', 0),
('am', 'en', 0),
('an', 'en', 0),
('and', 'en', 0),
('ante', 'es', 0),
('antes', 'es', 0),
('any', 'en', 0),
('aquí', 'es', 0),
('are', 'en', 0),
('aren\'t', 'en', 0),
('arriba', 'es', 0),
('as', 'en', 0),
('at', 'en', 0),
('bajo', 'es', 0),
('be', 'en', 0),
('because', 'en', 0),
('been', 'en', 0),
('before', 'en', 0),
('being', 'en', 0),
('below', 'en', 0),
('between', 'en', 0),
('both', 'en', 0),
('but', 'en', 0),
('by', 'en', 0),
('cabe', 'es', 0),
('cada', 'es', 0),
('can\'t', 'en', 0),
('cannot', 'en', 0),
('como', 'es', 0),
('con', 'es', 0),
('conque', 'es', 0),
('contra', 'es', 0),
('could', 'en', 0),
('couldn\'t', 'en', 0),
('cual', 'es', 0),
('cualquier', 'es', 0),
('cualquiera', 'es', 0),
('cuando', 'es', 0),
('cuál', 'es', 0),
('cuándo', 'es', 0),
('cuánta', 'es', 0),
('cuántas', 'es', 0),
('cuánto', 'es', 0),
('cuántos', 'es', 0),
('cómo', 'es', 0),
('de', 'es', 0),
('debe', 'es', 0),
('deberá', 'es', 0),
('deberán', 'es', 0),
('debería', 'es', 0),
('deberían', 'es', 0),
('del', 'es', 0),
('dentro', 'es', 0),
('desde', 'es', 0),
('después', 'es', 0),
('did', 'en', 0),
('didn\'t', 'en', 0),
('do', 'en', 0),
('does', 'en', 0),
('doesn\'t', 'en', 0),
('doing', 'en', 0),
('don\'t', 'en', 0),
('donde', 'es', 0),
('down', 'en', 0),
('durante', 'es', 0),
('during', 'en', 0),
('dónde', 'es', 0),
('each', 'en', 0),
('el', 'es', 0),
('ella', 'es', 0),
('ellas', 'es', 0),
('ellos', 'es', 0),
('en', 'es', 0),
('entre', 'es', 0),
('era', 'es', 0),
('eran', 'es', 0),
('esas', 'es', 0),
('ese', 'es', 0),
('esos', 'es', 0),
('estaba', 'es', 0),
('estaban', 'es', 0),
('estar', 'es', 0),
('estará', 'es', 0),
('estarán', 'es', 0),
('estaría', 'es', 0),
('estarían', 'es', 0),
('estoy', 'es', 0),
('están', 'es', 0),
('few', 'en', 0),
('for', 'en', 0),
('from', 'en', 0),
('fuera', 'es', 0),
('further', 'en', 0),
('habrá', 'es', 0),
('habrán', 'es', 0),
('habría', 'es', 0),
('habrían', 'es', 0),
('había', 'es', 0),
('habían', 'es', 0),
('hace', 'es', 0),
('hacia', 'es', 0),
('had', 'en', 0),
('hadn\'t', 'en', 0),
('hará', 'es', 0),
('harán', 'es', 0),
('haría', 'es', 0),
('harían', 'es', 0),
('has', 'en', 0),
('hasn\'t', 'en', 0),
('hasta', 'es', 0),
('have', 'en', 0),
('haven\'t', 'en', 0),
('having', 'en', 0),
('hay', 'es', 0),
('he', 'en', 0),
('he\'d', 'en', 0),
('he\'ll', 'en', 0),
('he\'s', 'en', 0),
('her', 'en', 0),
('here', 'en', 0),
('here\'s', 'en', 0),
('hers', 'en', 0),
('herself', 'en', 0),
('him', 'en', 0),
('himself', 'en', 0),
('his', 'en', 0),
('how', 'en', 0),
('how\'s', 'en', 0),
('i', 'en', 0),
('i\'d', 'en', 0),
('i\'ll', 'en', 0),
('i\'m', 'en', 0),
('i\'ve', 'en', 0),
('if', 'en', 0),
('igual', 'es', 0),
('iguales', 'es', 0),
('in', 'en', 0),
('into', 'en', 0),
('is', 'en', 0),
('isn\'t', 'en', 0),
('it', 'en', 0),
('it\'s', 'en', 0),
('its', 'en', 0),
('itself', 'en', 0),
('la', 'es', 0),
('las', 'es', 0),
('let\'s', 'en', 0),
('los', 'es', 0),
('luego', 'es', 0),
('mas', 'es', 0),
('me', 'en', 0),
('mediante', 'es', 0),
('menos', 'es', 0),
('mi', 'es', 0),
('misma', 'es', 0),
('mismas', 'es', 0),
('mismo', 'es', 0),
('mismos', 'es', 0),
('more', 'en', 0),
('most', 'en', 0),
('mucha', 'es', 0),
('muchas', 'es', 0),
('mucho', 'es', 0),
('muchos', 'es', 0),
('mustn\'t', 'en', 0),
('my', 'en', 0),
('myself', 'en', 0),
('más', 'es', 0),
('mí', 'es', 0),
('mía', 'es', 0),
('mío', 'es', 0),
('no', 'en', 0),
('no', 'es', 0),
('nor', 'en', 0),
('nosotras', 'es', 0),
('nosotros', 'es', 0),
('not', 'en', 0),
('o', 'es', 0),
('of', 'en', 0),
('off', 'en', 0),
('on', 'en', 0),
('once', 'en', 0),
('only', 'en', 0),
('or', 'en', 0),
('other', 'en', 0),
('ought', 'en', 0),
('our', 'en', 0),
('ours', 'en', 0),
('ourselves', 'en', 0),
('out', 'en', 0),
('over', 'en', 0),
('own', 'en', 0),
('para', 'es', 0),
('pero', 'es', 0),
('poca', 'es', 0),
('pocas', 'es', 0),
('poco', 'es', 0),
('pocos', 'es', 0),
('podrá', 'es', 0),
('podrán', 'es', 0),
('podría', 'es', 0),
('podrían', 'es', 0),
('por', 'es', 0),
('porque', 'es', 0),
('porqué', 'es', 0),
('primero', 'es', 0),
('propia', 'es', 0),
('propias', 'es', 0),
('propio', 'es', 0),
('propios', 'es', 0),
('puede', 'es', 0),
('que', 'es', 0),
('quien', 'es', 0),
('quienes', 'es', 0),
('quién', 'es', 0),
('qué', 'es', 0),
('same', 'en', 0),
('según', 'es', 0),
('ser', 'es', 0),
('shan\'t', 'en', 0),
('she', 'en', 0),
('she\'d', 'en', 0),
('she\'ll', 'en', 0),
('she\'s', 'en', 0),
('should', 'en', 0),
('shouldn\'t', 'en', 0),
('si', 'es', 0),
('sin', 'es', 0),
('so', 'en', 0),
('so', 'es', 0),
('sobre', 'es', 0),
('sola', 'es', 0),
('solas', 'es', 0),
('solo', 'es', 0),
('solos', 'es', 0),
('some', 'en', 0),
('su', 'es', 0),
('such', 'en', 0),
('suya', 'es', 0),
('suyo', 'es', 0),
('sí', 'es', 0),
('tendrá', 'es', 0),
('tendrán', 'es', 0),
('tendría', 'es', 0),
('tendrían', 'es', 0),
('tenía', 'es', 0),
('tenían', 'es', 0),
('than', 'en', 0),
('that', 'en', 0),
('that\'s', 'en', 0),
('the', 'en', 0),
('their', 'en', 0),
('theirs', 'en', 0),
('them', 'en', 0),
('themselves', 'en', 0),
('then', 'en', 0),
('there', 'en', 0),
('there\'s', 'en', 0),
('these', 'en', 0),
('they', 'en', 0),
('they\'d', 'en', 0),
('they\'ll', 'en', 0),
('they\'re', 'en', 0),
('they\'ve', 'en', 0),
('this', 'en', 0),
('those', 'en', 0),
('through', 'en', 0),
('ti', 'es', 0),
('tiene', 'es', 0),
('tienen', 'es', 0),
('to', 'en', 0),
('todas', 'es', 0),
('todos', 'es', 0),
('too', 'en', 0),
('tras', 'es', 0),
('tu', 'es', 0),
('tuya', 'es', 0),
('tuyo', 'es', 0),
('tú', 'es', 0),
('under', 'en', 0),
('until', 'en', 0),
('up', 'en', 0),
('versus', 'es', 0),
('very', 'en', 0),
('vosotras', 'es', 0),
('vosotros', 'es', 0),
('vía', 'es', 0),
('was', 'en', 0),
('wasn\'t', 'en', 0),
('we', 'en', 0),
('we\'d', 'en', 0),
('we\'ll', 'en', 0),
('we\'re', 'en', 0),
('we\'ve', 'en', 0),
('were', 'en', 0),
('weren\'t', 'en', 0),
('what', 'en', 0),
('what\'s', 'en', 0),
('when', 'en', 0),
('when\'s', 'en', 0),
('where', 'en', 0),
('where\'s', 'en', 0),
('which', 'en', 0),
('while', 'en', 0),
('who', 'en', 0),
('who\'s', 'en', 0),
('whom', 'en', 0),
('why', 'en', 0),
('why\'s', 'en', 0),
('with', 'en', 0),
('won\'t', 'en', 0),
('would', 'en', 0),
('wouldn\'t', 'en', 0),
('y', 'es', 0),
('yo', 'es', 0),
('you', 'en', 0),
('you\'d', 'en', 0),
('you\'ll', 'en', 0),
('you\'re', 'en', 0),
('you\'ve', 'en', 0),
('your', 'en', 0),
('yours', 'en', 0),
('yourself', 'en', 0),
('yourselves', 'en', 0),
('él', 'es', 0);

-- --------------------------------------------------------

--
-- Estructura de tabla para la tabla `josxt_finder_tokens`
--

CREATE TABLE `josxt_finder_tokens` (
  `term` varchar(75) CHARACTER SET utf8mb4 COLLATE utf8mb4_bin NOT NULL,
  `stem` varchar(75) CHARACTER SET utf8mb4 COLLATE utf8mb4_bin NOT NULL DEFAULT '',
  `common` tinyint(3) UNSIGNED NOT NULL DEFAULT 0,
  `phrase` tinyint(3) UNSIGNED NOT NULL DEFAULT 0,
  `weight` float UNSIGNED NOT NULL DEFAULT 1,
  `context` tinyint(3) UNSIGNED NOT NULL DEFAULT 2,
  `language` char(7) NOT NULL DEFAULT ''
) ENGINE=MEMORY DEFAULT CHARSET=utf8mb4 COLLATE=utf8mb4_unicode_ci;

-- --------------------------------------------------------

--
-- Estructura de tabla para la tabla `josxt_finder_tokens_aggregate`
--

CREATE TABLE `josxt_finder_tokens_aggregate` (
  `term_id` int(10) UNSIGNED NOT NULL,
  `term` varchar(75) CHARACTER SET utf8mb4 COLLATE utf8mb4_bin NOT NULL,
  `stem` varchar(75) CHARACTER SET utf8mb4 COLLATE utf8mb4_bin NOT NULL DEFAULT '',
  `common` tinyint(3) UNSIGNED NOT NULL DEFAULT 0,
  `phrase` tinyint(3) UNSIGNED NOT NULL DEFAULT 0,
  `term_weight` float UNSIGNED NOT NULL DEFAULT 0,
  `context` tinyint(3) UNSIGNED NOT NULL DEFAULT 2,
  `context_weight` float UNSIGNED NOT NULL DEFAULT 0,
  `total_weight` float UNSIGNED NOT NULL DEFAULT 0,
  `language` char(7) NOT NULL DEFAULT ''
) ENGINE=MEMORY DEFAULT CHARSET=utf8mb4 COLLATE=utf8mb4_unicode_ci;

-- --------------------------------------------------------

--
-- Estructura de tabla para la tabla `josxt_finder_types`
--

CREATE TABLE `josxt_finder_types` (
  `id` int(10) UNSIGNED NOT NULL,
  `title` varchar(100) NOT NULL,
  `mime` varchar(100) NOT NULL DEFAULT ''
) ENGINE=InnoDB DEFAULT CHARSET=utf8mb4 COLLATE=utf8mb4_unicode_ci;

--
-- Volcado de datos para la tabla `josxt_finder_types`
--

INSERT INTO `josxt_finder_types` (`id`, `title`, `mime`) VALUES
(1, 'Category', ''),
(2, 'Contact', ''),
(3, 'Article', ''),
(4, 'News Feed', ''),
(5, 'Tag', '');

-- --------------------------------------------------------

--
-- Estructura de tabla para la tabla `josxt_guidedtours`
--

CREATE TABLE `josxt_guidedtours` (
  `id` int(11) NOT NULL,
  `title` varchar(255) NOT NULL DEFAULT '',
  `description` text NOT NULL,
  `ordering` int(11) NOT NULL DEFAULT 0,
  `extensions` text NOT NULL,
  `url` varchar(255) NOT NULL,
  `created` datetime NOT NULL,
  `created_by` int(11) NOT NULL DEFAULT 0,
  `modified` datetime NOT NULL,
  `modified_by` int(11) NOT NULL DEFAULT 0,
  `checked_out_time` datetime DEFAULT NULL,
  `checked_out` int(10) UNSIGNED DEFAULT NULL,
  `published` tinyint(4) NOT NULL DEFAULT 0,
  `language` varchar(7) NOT NULL,
  `note` varchar(255) NOT NULL DEFAULT '',
  `access` int(10) UNSIGNED NOT NULL DEFAULT 0
) ENGINE=InnoDB DEFAULT CHARSET=utf8mb4 COLLATE=utf8mb4_unicode_ci;

--
-- Volcado de datos para la tabla `josxt_guidedtours`
--

INSERT INTO `josxt_guidedtours` (`id`, `title`, `description`, `ordering`, `extensions`, `url`, `created`, `created_by`, `modified`, `modified_by`, `checked_out_time`, `checked_out`, `published`, `language`, `note`, `access`) VALUES
(1, 'COM_GUIDEDTOURS_TOUR_GUIDEDTOURS_TITLE', 'COM_GUIDEDTOURS_TOUR_GUIDEDTOURS_DESCRIPTION', 1, '[\"com_guidedtours\"]', 'administrator/index.php?option=com_guidedtours&view=tours', '2024-03-31 20:32:06', 0, '2024-03-31 20:32:06', 0, NULL, NULL, 1, '*', '', 1),
(2, 'COM_GUIDEDTOURS_TOUR_GUIDEDTOURSTEPS_TITLE', 'COM_GUIDEDTOURS_TOUR_GUIDEDTOURSTEPS_DESCRIPTION', 2, '[\"com_guidedtours\"]', 'administrator/index.php?option=com_guidedtours&view=tours', '2024-03-31 20:32:06', 0, '2024-03-31 20:32:06', 0, NULL, NULL, 1, '*', '', 1),
(3, 'COM_GUIDEDTOURS_TOUR_ARTICLES_TITLE', 'COM_GUIDEDTOURS_TOUR_ARTICLES_DESCRIPTION', 3, '[\"*\"]', 'administrator/index.php?option=com_content&view=articles', '2024-03-31 20:32:06', 0, '2024-03-31 20:32:06', 0, NULL, NULL, 1, '*', '', 1),
(4, 'COM_GUIDEDTOURS_TOUR_CATEGORIES_TITLE', 'COM_GUIDEDTOURS_TOUR_CATEGORIES_DESCRIPTION', 4, '[\"*\"]', 'administrator/index.php?option=com_categories&view=categories&extension=com_content', '2024-03-31 20:32:06', 0, '2024-03-31 20:32:06', 0, NULL, NULL, 1, '*', '', 1),
(5, 'COM_GUIDEDTOURS_TOUR_MENUS_TITLE', 'COM_GUIDEDTOURS_TOUR_MENUS_DESCRIPTION', 5, '[\"*\"]', 'administrator/index.php?option=com_menus&view=menus', '2024-03-31 20:32:06', 0, '2024-03-31 20:32:06', 0, NULL, NULL, 1, '*', '', 1),
(6, 'COM_GUIDEDTOURS_TOUR_TAGS_TITLE', 'COM_GUIDEDTOURS_TOUR_TAGS_DESCRIPTION', 6, '[\"*\"]', 'administrator/index.php?option=com_tags&view=tags', '2024-03-31 20:32:06', 0, '2024-03-31 20:32:06', 0, NULL, NULL, 1, '*', '', 1),
(7, 'COM_GUIDEDTOURS_TOUR_BANNERS_TITLE', 'COM_GUIDEDTOURS_TOUR_BANNERS_DESCRIPTION', 7, '[\"*\"]', 'administrator/index.php?option=com_banners&view=banners', '2024-03-31 20:32:06', 0, '2024-03-31 20:32:06', 0, NULL, NULL, 1, '*', '', 1),
(8, 'COM_GUIDEDTOURS_TOUR_CONTACTS_TITLE', 'COM_GUIDEDTOURS_TOUR_CONTACTS_DESCRIPTION', 8, '[\"*\"]', 'administrator/index.php?option=com_contact&view=contacts', '2024-03-31 20:32:06', 0, '2024-03-31 20:32:06', 0, NULL, NULL, 1, '*', '', 1),
(9, 'COM_GUIDEDTOURS_TOUR_NEWSFEEDS_TITLE', 'COM_GUIDEDTOURS_TOUR_NEWSFEEDS_DESCRIPTION', 9, '[\"*\"]', 'administrator/index.php?option=com_newsfeeds&view=newsfeeds', '2024-03-31 20:32:06', 0, '2024-03-31 20:32:06', 0, NULL, NULL, 1, '*', '', 1),
(10, 'COM_GUIDEDTOURS_TOUR_SMARTSEARCH_TITLE', 'COM_GUIDEDTOURS_TOUR_SMARTSEARCH_DESCRIPTION', 10, '[\"*\"]', 'administrator/index.php?option=com_finder&view=filters', '2024-03-31 20:32:06', 0, '2024-03-31 20:32:06', 0, NULL, NULL, 1, '*', '', 1),
(11, 'COM_GUIDEDTOURS_TOUR_USERS_TITLE', 'COM_GUIDEDTOURS_TOUR_USERS_DESCRIPTION', 11, '[\"*\"]', 'administrator/index.php?option=com_users&view=users', '2024-03-31 20:32:06', 0, '2024-03-31 20:32:06', 0, NULL, NULL, 1, '*', '', 1);

-- --------------------------------------------------------

--
-- Estructura de tabla para la tabla `josxt_guidedtour_steps`
--

CREATE TABLE `josxt_guidedtour_steps` (
  `id` int(11) NOT NULL,
  `tour_id` int(11) NOT NULL DEFAULT 0,
  `title` varchar(255) NOT NULL,
  `published` tinyint(4) NOT NULL DEFAULT 0,
  `description` text NOT NULL,
  `ordering` int(11) NOT NULL DEFAULT 0,
  `position` varchar(255) NOT NULL,
  `target` varchar(255) NOT NULL,
  `type` int(11) NOT NULL,
  `interactive_type` int(11) NOT NULL DEFAULT 1,
  `url` varchar(255) NOT NULL,
  `created` datetime NOT NULL,
  `created_by` int(10) UNSIGNED NOT NULL DEFAULT 0,
  `modified` datetime NOT NULL,
  `modified_by` int(10) UNSIGNED NOT NULL DEFAULT 0,
  `checked_out_time` datetime DEFAULT NULL,
  `checked_out` int(10) UNSIGNED DEFAULT NULL,
  `language` varchar(7) NOT NULL,
  `note` varchar(255) NOT NULL DEFAULT ''
) ENGINE=InnoDB DEFAULT CHARSET=utf8mb4 COLLATE=utf8mb4_unicode_ci;

--
-- Volcado de datos para la tabla `josxt_guidedtour_steps`
--

INSERT INTO `josxt_guidedtour_steps` (`id`, `tour_id`, `title`, `published`, `description`, `ordering`, `position`, `target`, `type`, `interactive_type`, `url`, `created`, `created_by`, `modified`, `modified_by`, `checked_out_time`, `checked_out`, `language`, `note`) VALUES
(1, 1, 'COM_GUIDEDTOURS_TOUR_GUIDEDTOURS_STEP_NEW_TITLE', 1, 'COM_GUIDEDTOURS_TOUR_GUIDEDTOURS_STEP_NEW_DESCRIPTION', 1, 'bottom', '.button-new', 2, 1, 'administrator/index.php?option=com_guidedtours&view=tours', '2024-03-31 20:32:06', 0, '2024-03-31 20:32:06', 0, NULL, NULL, '*', ''),
(2, 1, 'COM_GUIDEDTOURS_TOUR_GUIDEDTOURS_STEP_TITLE_TITLE', 1, 'COM_GUIDEDTOURS_TOUR_GUIDEDTOURS_STEP_TITLE_DESCRIPTION', 2, 'bottom', '#jform_title', 2, 2, 'administrator/index.php?option=com_guidedtours&view=tour&layout=edit', '2024-03-31 20:32:06', 0, '2024-03-31 20:32:06', 0, NULL, NULL, '*', ''),
(3, 1, 'COM_GUIDEDTOURS_TOUR_GUIDEDTOURS_STEP_URL_TITLE', 1, 'COM_GUIDEDTOURS_TOUR_GUIDEDTOURS_STEP_URL_DESCRIPTION', 3, 'top', '#jform_url', 2, 2, 'administrator/index.php?option=com_guidedtours&view=tour&layout=edit', '2024-03-31 20:32:06', 0, '2024-03-31 20:32:06', 0, NULL, NULL, '*', ''),
(4, 1, 'COM_GUIDEDTOURS_TOUR_GUIDEDTOURS_STEP_CONTENT_TITLE', 1, 'COM_GUIDEDTOURS_TOUR_GUIDEDTOURS_STEP_CONTENT_DESCRIPTION', 4, 'bottom', '#jform_description,#jform_description_ifr', 2, 3, 'administrator/index.php?option=com_guidedtours&view=tour&layout=edit', '2024-03-31 20:32:06', 0, '2024-03-31 20:32:06', 0, NULL, NULL, '*', ''),
(5, 1, 'COM_GUIDEDTOURS_TOUR_GUIDEDTOURS_STEP_COMPONENT_TITLE', 1, 'COM_GUIDEDTOURS_TOUR_GUIDEDTOURS_STEP_COMPONENT_DESCRIPTION', 5, 'top', 'joomla-field-fancy-select .choices', 2, 3, 'administrator/index.php?option=com_guidedtours&view=tour&layout=edit', '2024-03-31 20:32:06', 0, '2024-03-31 20:32:06', 0, NULL, NULL, '*', ''),
(6, 1, 'COM_GUIDEDTOURS_TOUR_GUIDEDTOURS_STEP_SAVECLOSE_TITLE', 1, 'COM_GUIDEDTOURS_TOUR_GUIDEDTOURS_STEP_SAVECLOSE_DESCRIPTION', 6, 'top', '#save-group-children-save .button-save', 2, 1, 'administrator/index.php?option=com_guidedtours&view=tour&layout=edit', '2024-03-31 20:32:06', 0, '2024-03-31 20:32:06', 0, NULL, NULL, '*', ''),
(7, 1, 'COM_GUIDEDTOURS_TOUR_GUIDEDTOURS_STEP_CONGRATULATIONS_TITLE', 1, 'COM_GUIDEDTOURS_TOUR_GUIDEDTOURS_STEP_CONGRATULATIONS_DESCRIPTION', 7, 'bottom', '', 0, 1, 'administrator/index.php?option=com_guidedtours&view=tour&layout=edit', '2024-03-31 20:32:06', 0, '2024-03-31 20:32:06', 0, NULL, NULL, '*', ''),
(8, 2, 'COM_GUIDEDTOURS_TOUR_GUIDEDTOURSTEPS_STEP_COUNTER_TITLE', 1, 'COM_GUIDEDTOURS_TOUR_GUIDEDTOURSTEPS_STEP_COUNTER_DESCRIPTION', 8, 'top', '#toursList tbody tr:nth-last-of-type(1) td:nth-of-type(5) .btn', 2, 1, '', '2024-03-31 20:32:06', 0, '2024-03-31 20:32:06', 0, NULL, NULL, '*', ''),
(9, 2, 'COM_GUIDEDTOURS_TOUR_GUIDEDTOURSTEPS_STEP_NEW_TITLE', 1, 'COM_GUIDEDTOURS_TOUR_GUIDEDTOURSTEPS_STEP_NEW_DESCRIPTION', 9, 'bottom', '.button-new', 2, 1, '', '2024-03-31 20:32:06', 0, '2024-03-31 20:32:06', 0, NULL, NULL, '*', ''),
(10, 2, 'COM_GUIDEDTOURS_TOUR_GUIDEDTOURSTEPS_STEP_TITLE_TITLE', 1, 'COM_GUIDEDTOURS_TOUR_GUIDEDTOURSTEPS_STEP_TITLE_DESCRIPTION', 10, 'bottom', '#jform_title', 2, 2, '', '2024-03-31 20:32:06', 0, '2024-03-31 20:32:06', 0, NULL, NULL, '*', ''),
(11, 2, 'COM_GUIDEDTOURS_TOUR_GUIDEDTOURSTEPS_STEP_DESCRIPTION_TITLE', 1, 'COM_GUIDEDTOURS_TOUR_GUIDEDTOURSTEPS_STEP_DESCRIPTION_DESCRIPTION', 11, 'bottom', '#jform_description,#jform_description_ifr', 2, 3, '', '2024-03-31 20:32:06', 0, '2024-03-31 20:32:06', 0, NULL, NULL, '*', ''),
(12, 2, 'COM_GUIDEDTOURS_TOUR_GUIDEDTOURSTEPS_STEP_STATUS_TITLE', 1, 'COM_GUIDEDTOURS_TOUR_GUIDEDTOURSTEPS_STEP_STATUS_DESCRIPTION', 12, 'bottom', '#jform_published', 2, 3, '', '2024-03-31 20:32:06', 0, '2024-03-31 20:32:06', 0, NULL, NULL, '*', ''),
(13, 2, 'COM_GUIDEDTOURS_TOUR_GUIDEDTOURSTEPS_STEP_POSITION_TITLE', 1, 'COM_GUIDEDTOURS_TOUR_GUIDEDTOURSTEPS_STEP_POSITION_DESCRIPTION', 13, 'top', '#jform_position', 2, 3, '', '2024-03-31 20:32:06', 0, '2024-03-31 20:32:06', 0, NULL, NULL, '*', ''),
(14, 2, 'COM_GUIDEDTOURS_TOUR_GUIDEDTOURSTEPS_STEP_TARGET_TITLE', 1, 'COM_GUIDEDTOURS_TOUR_GUIDEDTOURSTEPS_STEP_TARGET_DESCRIPTION', 14, 'top', '#jform_target', 2, 3, '', '2024-03-31 20:32:06', 0, '2024-03-31 20:32:06', 0, NULL, NULL, '*', ''),
(15, 2, 'COM_GUIDEDTOURS_TOUR_GUIDEDTOURSTEPS_STEP_TYPE_TITLE', 1, 'COM_GUIDEDTOURS_TOUR_GUIDEDTOURSTEPS_STEP_TYPE_DESCRIPTION', 15, 'top', '#jform_type', 2, 3, '', '2024-03-31 20:32:06', 0, '2024-03-31 20:32:06', 0, NULL, NULL, '*', ''),
(16, 2, 'COM_GUIDEDTOURS_TOUR_GUIDEDTOURSTEPS_STEP_SAVECLOSE_TITLE', 1, 'COM_GUIDEDTOURS_TOUR_GUIDEDTOURSTEPS_STEP_SAVECLOSE_DESCRIPTION', 16, 'bottom', '#save-group-children-save .button-save', 2, 1, '', '2024-03-31 20:32:06', 0, '2024-03-31 20:32:06', 0, NULL, NULL, '*', ''),
(17, 2, 'COM_GUIDEDTOURS_TOUR_GUIDEDTOURSTEPS_STEP_CONGRATULATIONS_TITLE', 1, 'COM_GUIDEDTOURS_TOUR_GUIDEDTOURSTEPS_STEP_CONGRATULATIONS_DESCRIPTION', 17, 'bottom', '', 0, 1, '', '2024-03-31 20:32:06', 0, '2024-03-31 20:32:06', 0, NULL, NULL, '*', ''),
(18, 3, 'COM_GUIDEDTOURS_TOUR_ARTICLES_STEP_NEW_TITLE', 1, 'COM_GUIDEDTOURS_TOUR_ARTICLES_STEP_NEW_DESCRIPTION', 18, 'bottom', '.button-new', 2, 1, 'administrator/index.php?option=com_content&view=articles', '2024-03-31 20:32:06', 0, '2024-03-31 20:32:06', 0, NULL, NULL, '*', ''),
(19, 3, 'COM_GUIDEDTOURS_TOUR_ARTICLES_STEP_TITLE_TITLE', 1, 'COM_GUIDEDTOURS_TOUR_ARTICLES_STEP_TITLE_DESCRIPTION', 19, 'bottom', '#jform_title', 2, 2, 'administrator/index.php?option=com_content&view=article&layout=edit', '2024-03-31 20:32:06', 0, '2024-03-31 20:32:06', 0, NULL, NULL, '*', ''),
(20, 3, 'COM_GUIDEDTOURS_TOUR_ARTICLES_STEP_ALIAS_TITLE', 1, 'COM_GUIDEDTOURS_TOUR_ARTICLES_STEP_ALIAS_DESCRIPTION', 20, 'bottom', '#jform_alias', 2, 2, 'administrator/index.php?option=com_content&view=article&layout=edit', '2024-03-31 20:32:06', 0, '2024-03-31 20:32:06', 0, NULL, NULL, '*', ''),
(21, 3, 'COM_GUIDEDTOURS_TOUR_ARTICLES_STEP_CONTENT_TITLE', 1, 'COM_GUIDEDTOURS_TOUR_ARTICLES_STEP_CONTENT_DESCRIPTION', 21, 'bottom', '#jform_articletext,#jform_articletext_ifr', 2, 3, 'administrator/index.php?option=com_content&view=article&layout=edit', '2024-03-31 20:32:06', 0, '2024-03-31 20:32:06', 0, NULL, NULL, '*', ''),
(22, 3, 'COM_GUIDEDTOURS_TOUR_ARTICLES_STEP_STATUS_TITLE', 1, 'COM_GUIDEDTOURS_TOUR_ARTICLES_STEP_STATUS_DESCRIPTION', 22, 'bottom', '#jform_state', 2, 3, 'administrator/index.php?option=com_content&view=article&layout=edit', '2024-03-31 20:32:06', 0, '2024-03-31 20:32:06', 0, NULL, NULL, '*', ''),
(23, 3, 'COM_GUIDEDTOURS_TOUR_ARTICLES_STEP_CATEGORY_TITLE', 1, 'COM_GUIDEDTOURS_TOUR_ARTICLES_STEP_CATEGORY_DESCRIPTION', 23, 'top', 'joomla-field-fancy-select .choices[data-type=select-one]', 2, 3, 'administrator/index.php?option=com_content&view=article&layout=edit', '2024-03-31 20:32:06', 0, '2024-03-31 20:32:06', 0, NULL, NULL, '*', ''),
(24, 3, 'COM_GUIDEDTOURS_TOUR_ARTICLES_STEP_FEATURED_TITLE', 1, 'COM_GUIDEDTOURS_TOUR_ARTICLES_STEP_FEATURED_DESCRIPTION', 24, 'bottom', '#jform_featured0', 2, 3, 'administrator/index.php?option=com_content&view=article&layout=edit', '2024-03-31 20:32:06', 0, '2024-03-31 20:32:06', 0, NULL, NULL, '*', ''),
(25, 3, 'COM_GUIDEDTOURS_TOUR_ARTICLES_STEP_ACCESS_TITLE', 1, 'COM_GUIDEDTOURS_TOUR_ARTICLES_STEP_ACCESS_DESCRIPTION', 25, 'bottom', '#jform_access', 2, 3, 'administrator/index.php?option=com_content&view=article&layout=edit', '2024-03-31 20:32:06', 0, '2024-03-31 20:32:06', 0, NULL, NULL, '*', ''),
(26, 3, 'COM_GUIDEDTOURS_TOUR_ARTICLES_STEP_TAGS_TITLE', 1, 'COM_GUIDEDTOURS_TOUR_ARTICLES_STEP_TAGS_DESCRIPTION', 26, 'top', 'joomla-field-fancy-select .choices[data-type=select-multiple]', 2, 3, 'administrator/index.php?option=com_content&view=article&layout=edit', '2024-03-31 20:32:06', 0, '2024-03-31 20:32:06', 0, NULL, NULL, '*', ''),
(27, 3, 'COM_GUIDEDTOURS_TOUR_ARTICLES_STEP_NOTE_TITLE', 1, 'COM_GUIDEDTOURS_TOUR_ARTICLES_STEP_NOTE_DESCRIPTION', 27, 'top', '#jform_note', 2, 2, 'administrator/index.php?option=com_content&view=article&layout=edit', '2024-03-31 20:32:06', 0, '2024-03-31 20:32:06', 0, NULL, NULL, '*', ''),
(28, 3, 'COM_GUIDEDTOURS_TOUR_ARTICLES_STEP_VERSIONNOTE_TITLE', 1, 'COM_GUIDEDTOURS_TOUR_ARTICLES_STEP_VERSIONNOTE_DESCRIPTION', 28, 'top', '#jform_version_note', 2, 2, 'administrator/index.php?option=com_content&view=article&layout=edit', '2024-03-31 20:32:06', 0, '2024-03-31 20:32:06', 0, NULL, NULL, '*', ''),
(29, 3, 'COM_GUIDEDTOURS_TOUR_ARTICLES_STEP_SAVECLOSE_TITLE', 1, 'COM_GUIDEDTOURS_TOUR_ARTICLES_STEP_SAVECLOSE_DESCRIPTION', 29, 'bottom', '#save-group-children-save .button-save', 2, 1, 'administrator/index.php?option=com_content&view=article&layout=edit', '2024-03-31 20:32:06', 0, '2024-03-31 20:32:06', 0, NULL, NULL, '*', ''),
(30, 3, 'COM_GUIDEDTOURS_TOUR_ARTICLES_STEP_CONGRATULATIONS_TITLE', 1, 'COM_GUIDEDTOURS_TOUR_ARTICLES_STEP_CONGRATULATIONS_DESCRIPTION', 30, 'bottom', '', 0, 1, 'administrator/index.php?option=com_content&view=article&layout=edit', '2024-03-31 20:32:06', 0, '2024-03-31 20:32:06', 0, NULL, NULL, '*', ''),
(31, 4, 'COM_GUIDEDTOURS_TOUR_CATEGORIES_STEP_NEW_TITLE', 1, 'COM_GUIDEDTOURS_TOUR_CATEGORIES_STEP_NEW_DESCRIPTION', 31, 'bottom', '.button-new', 2, 1, 'administrator/index.php?option=com_categories&view=categories&extension=com_content', '2024-03-31 20:32:06', 0, '2024-03-31 20:32:06', 0, NULL, NULL, '*', ''),
(32, 4, 'COM_GUIDEDTOURS_TOUR_CATEGORIES_STEP_TITLE_TITLE', 1, 'COM_GUIDEDTOURS_TOUR_CATEGORIES_STEP_TITLE_DESCRIPTION', 32, 'bottom', '#jform_title', 2, 2, 'administrator/index.php?option=com_categories&view=category&layout=edit&extension=com_content', '2024-03-31 20:32:06', 0, '2024-03-31 20:32:06', 0, NULL, NULL, '*', ''),
(33, 4, 'COM_GUIDEDTOURS_TOUR_CATEGORIES_STEP_ALIAS_TITLE', 1, 'COM_GUIDEDTOURS_TOUR_CATEGORIES_STEP_ALIAS_DESCRIPTION', 33, 'bottom', '#jform_alias', 2, 2, 'administrator/index.php?option=com_categories&view=category&layout=edit&extension=com_content', '2024-03-31 20:32:06', 0, '2024-03-31 20:32:06', 0, NULL, NULL, '*', ''),
(34, 4, 'COM_GUIDEDTOURS_TOUR_CATEGORIES_STEP_CONTENT_TITLE', 1, 'COM_GUIDEDTOURS_TOUR_CATEGORIES_STEP_CONTENT_DESCRIPTION', 34, 'bottom', '#jform_description,#jform_description_ifr', 2, 3, 'administrator/index.php?option=com_categories&view=category&layout=edit&extension=com_content', '2024-03-31 20:32:06', 0, '2024-03-31 20:32:06', 0, NULL, NULL, '*', ''),
(35, 4, 'COM_GUIDEDTOURS_TOUR_CATEGORIES_STEP_PARENT_TITLE', 1, 'COM_GUIDEDTOURS_TOUR_CATEGORIES_STEP_PARENT_DESCRIPTION', 35, 'top', 'joomla-field-fancy-select .choices[data-type=select-one]', 2, 3, 'administrator/index.php?option=com_categories&view=category&layout=edit&extension=com_content', '2024-03-31 20:32:06', 0, '2024-03-31 20:32:06', 0, NULL, NULL, '*', ''),
(36, 4, 'COM_GUIDEDTOURS_TOUR_CATEGORIES_STEP_STATUS_TITLE', 1, 'COM_GUIDEDTOURS_TOUR_CATEGORIES_STEP_STATUS_DESCRIPTION', 36, 'bottom', '#jform_published', 2, 3, 'administrator/index.php?option=com_categories&view=category&layout=edit&extension=com_content', '2024-03-31 20:32:06', 0, '2024-03-31 20:32:06', 0, NULL, NULL, '*', ''),
(37, 4, 'COM_GUIDEDTOURS_TOUR_CATEGORIES_STEP_ACCESS_TITLE', 1, 'COM_GUIDEDTOURS_TOUR_CATEGORIES_STEP_ACCESS_DESCRIPTION', 37, 'bottom', '#jform_access', 2, 3, 'administrator/index.php?option=com_categories&view=category&layout=edit&extension=com_content', '2024-03-31 20:32:06', 0, '2024-03-31 20:32:06', 0, NULL, NULL, '*', ''),
(38, 4, 'COM_GUIDEDTOURS_TOUR_CATEGORIES_STEP_TAGS_TITLE', 1, 'COM_GUIDEDTOURS_TOUR_CATEGORIES_STEP_TAGS_DESCRIPTION', 38, 'top', 'joomla-field-fancy-select .choices[data-type=select-multiple]', 2, 3, 'administrator/index.php?option=com_categories&view=category&layout=edit&extension=com_content', '2024-03-31 20:32:06', 0, '2024-03-31 20:32:06', 0, NULL, NULL, '*', ''),
(39, 4, 'COM_GUIDEDTOURS_TOUR_CATEGORIES_STEP_NOTE_TITLE', 1, 'COM_GUIDEDTOURS_TOUR_CATEGORIES_STEP_NOTE_DESCRIPTION', 39, 'top', '#jform_note', 2, 2, 'administrator/index.php?option=com_categories&view=category&layout=edit&extension=com_content', '2024-03-31 20:32:06', 0, '2024-03-31 20:32:06', 0, NULL, NULL, '*', ''),
(40, 4, 'COM_GUIDEDTOURS_TOUR_CATEGORIES_STEP_VERSIONNOTE_TITLE', 1, 'COM_GUIDEDTOURS_TOUR_CATEGORIES_STEP_VERSIONNOTE_DESCRIPTION', 40, 'top', '#jform_version_note', 2, 2, 'administrator/index.php?option=com_categories&view=category&layout=edit&extension=com_content', '2024-03-31 20:32:06', 0, '2024-03-31 20:32:06', 0, NULL, NULL, '*', ''),
(41, 4, 'COM_GUIDEDTOURS_TOUR_CATEGORIES_STEP_SAVECLOSE_TITLE', 1, 'COM_GUIDEDTOURS_TOUR_CATEGORIES_STEP_SAVECLOSE_DESCRIPTION', 41, 'bottom', '#save-group-children-save .button-save', 2, 1, 'administrator/index.php?option=com_categories&view=category&layout=edit&extension=com_content', '2024-03-31 20:32:06', 0, '2024-03-31 20:32:06', 0, NULL, NULL, '*', ''),
(42, 4, 'COM_GUIDEDTOURS_TOUR_CATEGORIES_STEP_CONGRATULATIONS_TITLE', 1, 'COM_GUIDEDTOURS_TOUR_CATEGORIES_STEP_CONGRATULATIONS_DESCRIPTION', 42, 'bottom', '', 0, 1, 'administrator/index.php?option=com_categories&view=category&layout=edit&extension=com_content', '2024-03-31 20:32:06', 0, '2024-03-31 20:32:06', 0, NULL, NULL, '*', ''),
(43, 5, 'COM_GUIDEDTOURS_TOUR_MENUS_STEP_NEW_TITLE', 1, 'COM_GUIDEDTOURS_TOUR_MENUS_STEP_NEW_DESCRIPTION', 43, 'bottom', '.button-new', 2, 1, 'administrator/index.php?option=com_menus&view=menus', '2024-03-31 20:32:06', 0, '2024-03-31 20:32:06', 0, NULL, NULL, '*', ''),
(44, 5, 'COM_GUIDEDTOURS_TOUR_MENUS_STEP_TITLE_TITLE', 1, 'COM_GUIDEDTOURS_TOUR_MENUS_STEP_TITLE_DESCRIPTION', 44, 'bottom', '#jform_title', 2, 2, 'administrator/index.php?option=com_menus&view=menu&layout=edit', '2024-03-31 20:32:06', 0, '2024-03-31 20:32:06', 0, NULL, NULL, '*', ''),
(45, 5, 'COM_GUIDEDTOURS_TOUR_MENUS_STEP_UNIQUENAME_TITLE', 1, 'COM_GUIDEDTOURS_TOUR_MENUS_STEP_UNIQUENAME_DESCRIPTION', 45, 'top', '#jform_menutype', 2, 2, 'administrator/index.php?option=com_menus&view=menu&layout=edit', '2024-03-31 20:32:06', 0, '2024-03-31 20:32:06', 0, NULL, NULL, '*', ''),
(46, 5, 'COM_GUIDEDTOURS_TOUR_MENUS_STEP_DESCRIPTION_TITLE', 1, 'COM_GUIDEDTOURS_TOUR_MENUS_STEP_DESCRIPTION_DESCRIPTION', 46, 'top', '#jform_menudescription', 2, 2, 'administrator/index.php?option=com_menus&view=menu&layout=edit', '2024-03-31 20:32:06', 0, '2024-03-31 20:32:06', 0, NULL, NULL, '*', ''),
(47, 5, 'COM_GUIDEDTOURS_TOUR_MENUS_STEP_SAVECLOSE_TITLE', 1, 'COM_GUIDEDTOURS_TOUR_MENUS_STEP_SAVECLOSE_DESCRIPTION', 47, 'bottom', '#save-group-children-save .button-save', 2, 1, 'administrator/index.php?option=com_menus&view=menu&layout=edit', '2024-03-31 20:32:06', 0, '2024-03-31 20:32:06', 0, NULL, NULL, '*', ''),
(48, 5, 'COM_GUIDEDTOURS_TOUR_MENUS_STEP_CONGRATULATIONS_TITLE', 1, 'COM_GUIDEDTOURS_TOUR_MENUS_STEP_CONGRATULATIONS_DESCRIPTION', 48, 'bottom', '', 0, 1, 'administrator/index.php?option=com_menus&view=menu&layout=edit', '2024-03-31 20:32:06', 0, '2024-03-31 20:32:06', 0, NULL, NULL, '*', ''),
(49, 6, 'COM_GUIDEDTOURS_TOUR_TAGS_STEP_NEW_TITLE', 1, 'COM_GUIDEDTOURS_TOUR_TAGS_STEP_NEW_DESCRIPTION', 49, 'bottom', '.button-new', 2, 1, 'administrator/index.php?option=com_tags&view=tags', '2024-03-31 20:32:06', 0, '2024-03-31 20:32:06', 0, NULL, NULL, '*', ''),
(50, 6, 'COM_GUIDEDTOURS_TOUR_TAGS_STEP_TITLE_TITLE', 1, 'COM_GUIDEDTOURS_TOUR_TAGS_STEP_TITLE_DESCRIPTION', 50, 'bottom', '#jform_title', 2, 2, 'administrator/index.php?option=com_tags&view=tag&layout=edit', '2024-03-31 20:32:06', 0, '2024-03-31 20:32:06', 0, NULL, NULL, '*', ''),
(51, 6, 'COM_GUIDEDTOURS_TOUR_TAGS_STEP_ALIAS_TITLE', 1, 'COM_GUIDEDTOURS_TOUR_TAGS_STEP_ALIAS_DESCRIPTION', 51, 'bottom', '#jform_alias', 2, 2, 'administrator/index.php?option=com_tags&view=tag&layout=edit', '2024-03-31 20:32:06', 0, '2024-03-31 20:32:06', 0, NULL, NULL, '*', ''),
(52, 6, 'COM_GUIDEDTOURS_TOUR_TAGS_STEP_CONTENT_TITLE', 1, 'COM_GUIDEDTOURS_TOUR_TAGS_STEP_CONTENT_DESCRIPTION', 52, 'bottom', '#jform_description,#jform_description_ifr', 2, 3, 'administrator/index.php?option=com_tags&view=tag&layout=edit', '2024-03-31 20:32:06', 0, '2024-03-31 20:32:06', 0, NULL, NULL, '*', ''),
(53, 6, 'COM_GUIDEDTOURS_TOUR_TAGS_STEP_PARENT_TITLE', 1, 'COM_GUIDEDTOURS_TOUR_TAGS_STEP_PARENT_DESCRIPTION', 53, 'top', 'joomla-field-fancy-select .choices[data-type=select-one]', 2, 3, 'administrator/index.php?option=com_tags&view=tag&layout=edit', '2024-03-31 20:32:06', 0, '2024-03-31 20:32:06', 0, NULL, NULL, '*', ''),
(54, 6, 'COM_GUIDEDTOURS_TOUR_TAGS_STEP_STATUS_TITLE', 1, 'COM_GUIDEDTOURS_TOUR_TAGS_STEP_STATUS_DESCRIPTION', 54, 'bottom', '#jform_published', 2, 3, 'administrator/index.php?option=com_tags&view=tag&layout=edit', '2024-03-31 20:32:06', 0, '2024-03-31 20:32:06', 0, NULL, NULL, '*', ''),
(55, 6, 'COM_GUIDEDTOURS_TOUR_TAGS_STEP_ACCESS_TITLE', 1, 'COM_GUIDEDTOURS_TOUR_TAGS_STEP_ACCESS_DESCRIPTION', 55, 'bottom', '#jform_access', 2, 3, 'administrator/index.php?option=com_tags&view=tag&layout=edit', '2024-03-31 20:32:06', 0, '2024-03-31 20:32:06', 0, NULL, NULL, '*', ''),
(56, 6, 'COM_GUIDEDTOURS_TOUR_TAGS_STEP_NOTE_TITLE', 1, 'COM_GUIDEDTOURS_TOUR_TAGS_STEP_NOTE_DESCRIPTION', 56, 'top', '#jform_note', 2, 2, 'administrator/index.php?option=com_tags&view=tag&layout=edit', '2024-03-31 20:32:06', 0, '2024-03-31 20:32:06', 0, NULL, NULL, '*', ''),
(57, 6, 'COM_GUIDEDTOURS_TOUR_TAGS_STEP_VERSIONNOTE_TITLE', 1, 'COM_GUIDEDTOURS_TOUR_TAGS_STEP_VERSIONNOTE_DESCRIPTION', 57, 'top', '#jform_version_note', 2, 2, 'administrator/index.php?option=com_tags&view=tag&layout=edit', '2024-03-31 20:32:06', 0, '2024-03-31 20:32:06', 0, NULL, NULL, '*', ''),
(58, 6, 'COM_GUIDEDTOURS_TOUR_TAGS_STEP_SAVECLOSE_TITLE', 1, 'COM_GUIDEDTOURS_TOUR_TAGS_STEP_SAVECLOSE_DESCRIPTION', 58, 'bottom', '#save-group-children-save .button-save', 2, 1, 'administrator/index.php?option=com_tags&view=tag&layout=edit', '2024-03-31 20:32:06', 0, '2024-03-31 20:32:06', 0, NULL, NULL, '*', ''),
(59, 6, 'COM_GUIDEDTOURS_TOUR_TAGS_STEP_CONGRATULATIONS_TITLE', 1, 'COM_GUIDEDTOURS_TOUR_TAGS_STEP_CONGRATULATIONS_DESCRIPTION', 59, 'bottom', '', 0, 1, 'administrator/index.php?option=com_tags&view=tag&layout=edit', '2024-03-31 20:32:06', 0, '2024-03-31 20:32:06', 0, NULL, NULL, '*', ''),
(60, 7, 'COM_GUIDEDTOURS_TOUR_BANNERS_STEP_NEW_TITLE', 1, 'COM_GUIDEDTOURS_TOUR_BANNERS_STEP_NEW_DESCRIPTION', 60, 'bottom', '.button-new', 2, 1, 'administrator/index.php?option=com_banners&view=banners', '2024-03-31 20:32:06', 0, '2024-03-31 20:32:06', 0, NULL, NULL, '*', ''),
(61, 7, 'COM_GUIDEDTOURS_TOUR_BANNERS_STEP_TITLE_TITLE', 1, 'COM_GUIDEDTOURS_TOUR_BANNERS_STEP_TITLE_DESCRIPTION', 61, 'bottom', '#jform_name', 2, 2, 'administrator/index.php?option=com_banners&view=banner&layout=edit', '2024-03-31 20:32:06', 0, '2024-03-31 20:32:06', 0, NULL, NULL, '*', ''),
(62, 7, 'COM_GUIDEDTOURS_TOUR_BANNERS_STEP_ALIAS_TITLE', 1, 'COM_GUIDEDTOURS_TOUR_BANNERS_STEP_ALIAS_DESCRIPTION', 62, 'bottom', '#jform_alias', 2, 2, 'administrator/index.php?option=com_banners&view=banner&layout=edit', '2024-03-31 20:32:06', 0, '2024-03-31 20:32:06', 0, NULL, NULL, '*', ''),
(63, 7, 'COM_GUIDEDTOURS_TOUR_BANNERS_STEP_DETAILS_TITLE', 1, 'COM_GUIDEDTOURS_TOUR_BANNERS_STEP_DETAILS_DESCRIPTION', 63, 'bottom', '.col-lg-9', 2, 3, 'administrator/index.php?option=com_banners&view=banner&layout=edit', '2024-03-31 20:32:06', 0, '2024-03-31 20:32:06', 0, NULL, NULL, '*', ''),
(64, 7, 'COM_GUIDEDTOURS_TOUR_BANNERS_STEP_STATUS_TITLE', 1, 'COM_GUIDEDTOURS_TOUR_BANNERS_STEP_STATUS_DESCRIPTION', 64, 'bottom', '#jform_state', 2, 3, 'administrator/index.php?option=com_banners&view=banner&layout=edit', '2024-03-31 20:32:06', 0, '2024-03-31 20:32:06', 0, NULL, NULL, '*', ''),
(65, 7, 'COM_GUIDEDTOURS_TOUR_BANNERS_STEP_CATEGORY_TITLE', 1, 'COM_GUIDEDTOURS_TOUR_BANNERS_STEP_CATEGORY_DESCRIPTION', 65, 'top', 'joomla-field-fancy-select .choices[data-type=select-one]', 2, 3, 'administrator/index.php?option=com_banners&view=banner&layout=edit', '2024-03-31 20:32:06', 0, '2024-03-31 20:32:06', 0, NULL, NULL, '*', ''),
(66, 7, 'COM_GUIDEDTOURS_TOUR_BANNERS_STEP_PINNED_TITLE', 1, 'COM_GUIDEDTOURS_TOUR_BANNERS_STEP_PINNED_DESCRIPTION', 66, 'bottom', '#jform_sticky1', 2, 3, 'administrator/index.php?option=com_banners&view=banner&layout=edit', '2024-03-31 20:32:06', 0, '2024-03-31 20:32:06', 0, NULL, NULL, '*', ''),
(67, 7, 'COM_GUIDEDTOURS_TOUR_BANNERS_STEP_VERSIONNOTE_TITLE', 1, 'COM_GUIDEDTOURS_TOUR_BANNERS_STEP_VERSIONNOTE_DESCRIPTION', 67, 'top', '#jform_version_note', 2, 2, 'administrator/index.php?option=com_banners&view=banner&layout=edit', '2024-03-31 20:32:06', 0, '2024-03-31 20:32:06', 0, NULL, NULL, '*', ''),
(68, 7, 'COM_GUIDEDTOURS_TOUR_BANNERS_STEP_SAVECLOSE_TITLE', 1, 'COM_GUIDEDTOURS_TOUR_BANNERS_STEP_SAVECLOSE_DESCRIPTION', 68, 'bottom', '#save-group-children-save .button-save', 2, 1, 'administrator/index.php?option=com_banners&view=banner&layout=edit', '2024-03-31 20:32:06', 0, '2024-03-31 20:32:06', 0, NULL, NULL, '*', ''),
(69, 7, 'COM_GUIDEDTOURS_TOUR_BANNERS_STEP_CONGRATULATIONS_TITLE', 1, 'COM_GUIDEDTOURS_TOUR_BANNERS_STEP_CONGRATULATIONS_DESCRIPTION', 69, 'bottom', '', 0, 1, 'administrator/index.php?option=com_banners&view=banner&layout=edit', '2024-03-31 20:32:06', 0, '2024-03-31 20:32:06', 0, NULL, NULL, '*', ''),
(70, 8, 'COM_GUIDEDTOURS_TOUR_CONTACTS_STEP_NEW_TITLE', 1, 'COM_GUIDEDTOURS_TOUR_CONTACTS_STEP_NEW_DESCRIPTION', 70, 'bottom', '.button-new', 2, 1, 'administrator/index.php?option=com_contact&view=contacts', '2024-03-31 20:32:06', 0, '2024-03-31 20:32:06', 0, NULL, NULL, '*', ''),
(71, 8, 'COM_GUIDEDTOURS_TOUR_CONTACTS_STEP_TITLE_TITLE', 1, 'COM_GUIDEDTOURS_TOUR_CONTACTS_STEP_TITLE_DESCRIPTION', 71, 'bottom', '#jform_name', 2, 2, 'administrator/index.php?option=com_contact&view=contact&layout=edit', '2024-03-31 20:32:06', 0, '2024-03-31 20:32:06', 0, NULL, NULL, '*', ''),
(72, 8, 'COM_GUIDEDTOURS_TOUR_CONTACTS_STEP_ALIAS_TITLE', 1, 'COM_GUIDEDTOURS_TOUR_CONTACTS_STEP_ALIAS_DESCRIPTION', 72, 'bottom', '#jform_alias', 2, 2, 'administrator/index.php?option=com_contact&view=contact&layout=edit', '2024-03-31 20:32:06', 0, '2024-03-31 20:32:06', 0, NULL, NULL, '*', ''),
(73, 8, 'COM_GUIDEDTOURS_TOUR_CONTACTS_STEP_DETAILS_TITLE', 1, 'COM_GUIDEDTOURS_TOUR_CONTACTS_STEP_DETAILS_DESCRIPTION', 73, 'bottom', '.col-lg-9', 0, 1, 'administrator/index.php?option=com_contact&view=contact&layout=edit', '2024-03-31 20:32:06', 0, '2024-03-31 20:32:06', 0, NULL, NULL, '*', ''),
(74, 8, 'COM_GUIDEDTOURS_TOUR_CONTACTS_STEP_STATUS_TITLE', 1, 'COM_GUIDEDTOURS_TOUR_CONTACTS_STEP_STATUS_DESCRIPTION', 74, 'bottom', '#jform_published', 2, 3, 'administrator/index.php?option=com_contact&view=contact&layout=edit', '2024-03-31 20:32:06', 0, '2024-03-31 20:32:06', 0, NULL, NULL, '*', ''),
(75, 8, 'COM_GUIDEDTOURS_TOUR_CONTACTS_STEP_CATEGORY_TITLE', 1, 'COM_GUIDEDTOURS_TOUR_CONTACTS_STEP_CATEGORY_DESCRIPTION', 75, 'top', 'joomla-field-fancy-select .choices[data-type=select-one]', 2, 3, 'administrator/index.php?option=com_contact&view=contact&layout=edit', '2024-03-31 20:32:06', 0, '2024-03-31 20:32:06', 0, NULL, NULL, '*', ''),
(76, 8, 'COM_GUIDEDTOURS_TOUR_CONTACTS_STEP_FEATURED_TITLE', 1, 'COM_GUIDEDTOURS_TOUR_CONTACTS_STEP_FEATURED_DESCRIPTION', 76, 'bottom', '#jform_featured0', 2, 3, 'administrator/index.php?option=com_contact&view=contact&layout=edit', '2024-03-31 20:32:06', 0, '2024-03-31 20:32:06', 0, NULL, NULL, '*', ''),
(77, 8, 'COM_GUIDEDTOURS_TOUR_CONTACTS_STEP_ACCESS_TITLE', 1, 'COM_GUIDEDTOURS_TOUR_CONTACTS_STEP_ACCESS_DESCRIPTION', 77, 'bottom', '#jform_access', 2, 3, 'administrator/index.php?option=com_contact&view=contact&layout=edit', '2024-03-31 20:32:06', 0, '2024-03-31 20:32:06', 0, NULL, NULL, '*', ''),
(78, 8, 'COM_GUIDEDTOURS_TOUR_CONTACTS_STEP_TAGS_TITLE', 1, 'COM_GUIDEDTOURS_TOUR_CONTACTS_STEP_TAGS_DESCRIPTION', 78, 'top', 'joomla-field-fancy-select .choices[data-type=select-multiple]', 2, 3, 'administrator/index.php?option=com_contact&view=contact&layout=edit', '2024-03-31 20:32:06', 0, '2024-03-31 20:32:06', 0, NULL, NULL, '*', ''),
(79, 8, 'COM_GUIDEDTOURS_TOUR_CONTACTS_STEP_VERSIONNOTE_TITLE', 1, 'COM_GUIDEDTOURS_TOUR_CONTACTS_STEP_VERSIONNOTE_DESCRIPTION', 79, 'top', '#jform_version_note', 2, 2, 'administrator/index.php?option=com_contact&view=contact&layout=edit', '2024-03-31 20:32:06', 0, '2024-03-31 20:32:06', 0, NULL, NULL, '*', ''),
(80, 8, 'COM_GUIDEDTOURS_TOUR_CONTACTS_STEP_SAVECLOSE_TITLE', 1, 'COM_GUIDEDTOURS_TOUR_CONTACTS_STEP_SAVECLOSE_DESCRIPTION', 80, 'bottom', '#save-group-children-save .button-save', 2, 1, 'administrator/index.php?option=com_contact&view=contact&layout=edit', '2024-03-31 20:32:06', 0, '2024-03-31 20:32:06', 0, NULL, NULL, '*', ''),
(81, 8, 'COM_GUIDEDTOURS_TOUR_CONTACTS_STEP_CONGRATULATIONS_TITLE', 1, 'COM_GUIDEDTOURS_TOUR_CONTACTS_STEP_CONGRATULATIONS_DESCRIPTION', 81, 'bottom', '', 0, 1, 'administrator/index.php?option=com_contact&view=contact&layout=edit', '2024-03-31 20:32:06', 0, '2024-03-31 20:32:06', 0, NULL, NULL, '*', ''),
(82, 9, 'COM_GUIDEDTOURS_TOUR_NEWSFEEDS_STEP_NEW_TITLE', 1, 'COM_GUIDEDTOURS_TOUR_NEWSFEEDS_STEP_NEW_DESCRIPTION', 82, 'bottom', '.button-new', 2, 1, 'administrator/index.php?option=com_newsfeeds&view=newsfeeds', '2024-03-31 20:32:06', 0, '2024-03-31 20:32:06', 0, NULL, NULL, '*', ''),
(83, 9, 'COM_GUIDEDTOURS_TOUR_NEWSFEEDS_STEP_TITLE_TITLE', 1, 'COM_GUIDEDTOURS_TOUR_NEWSFEEDS_STEP_TITLE_DESCRIPTION', 83, 'bottom', '#jform_name', 2, 2, 'administrator/index.php?option=com_newsfeeds&view=newsfeed&layout=edit', '2024-03-31 20:32:06', 0, '2024-03-31 20:32:06', 0, NULL, NULL, '*', ''),
(84, 9, 'COM_GUIDEDTOURS_TOUR_NEWSFEEDS_STEP_ALIAS_TITLE', 1, 'COM_GUIDEDTOURS_TOUR_NEWSFEEDS_STEP_ALIAS_DESCRIPTION', 84, 'bottom', '#jform_alias', 2, 2, 'administrator/index.php?option=com_newsfeeds&view=newsfeed&layout=edit', '2024-03-31 20:32:06', 0, '2024-03-31 20:32:06', 0, NULL, NULL, '*', ''),
(85, 9, 'COM_GUIDEDTOURS_TOUR_NEWSFEEDS_STEP_LINK_TITLE', 1, 'COM_GUIDEDTOURS_TOUR_NEWSFEEDS_STEP_LINK_DESCRIPTION', 85, 'bottom', '#jform_link', 2, 2, 'administrator/index.php?option=com_newsfeeds&view=newsfeed&layout=edit', '2024-03-31 20:32:06', 0, '2024-03-31 20:32:06', 0, NULL, NULL, '*', ''),
(86, 9, 'COM_GUIDEDTOURS_TOUR_NEWSFEEDS_STEP_DESCRIPTION_TITLE', 1, 'COM_GUIDEDTOURS_TOUR_NEWSFEEDS_STEP_DESCRIPTION_DESCRIPTION', 86, 'bottom', '#jform_description,#jform_description_ifr', 2, 3, 'administrator/index.php?option=com_newsfeeds&view=newsfeed&layout=edit', '2024-03-31 20:32:06', 0, '2024-03-31 20:32:06', 0, NULL, NULL, '*', ''),
(87, 9, 'COM_GUIDEDTOURS_TOUR_NEWSFEEDS_STEP_STATUS_TITLE', 1, 'COM_GUIDEDTOURS_TOUR_NEWSFEEDS_STEP_STATUS_DESCRIPTION', 87, 'bottom', '#jform_published', 2, 3, 'administrator/index.php?option=com_newsfeeds&view=newsfeed&layout=edit', '2024-03-31 20:32:06', 0, '2024-03-31 20:32:06', 0, NULL, NULL, '*', ''),
(88, 9, 'COM_GUIDEDTOURS_TOUR_NEWSFEEDS_STEP_CATEGORY_TITLE', 1, 'COM_GUIDEDTOURS_TOUR_NEWSFEEDS_STEP_CATEGORY_DESCRIPTION', 88, 'top', 'joomla-field-fancy-select .choices[data-type=select-one]', 2, 3, 'administrator/index.php?option=com_newsfeeds&view=newsfeed&layout=edit', '2024-03-31 20:32:06', 0, '2024-03-31 20:32:06', 0, NULL, NULL, '*', ''),
(89, 9, 'COM_GUIDEDTOURS_TOUR_NEWSFEEDS_STEP_ACCESS_TITLE', 1, 'COM_GUIDEDTOURS_TOUR_NEWSFEEDS_STEP_ACCESS_DESCRIPTION', 89, 'bottom', '#jform_access', 2, 3, 'administrator/index.php?option=com_newsfeeds&view=newsfeed&layout=edit', '2024-03-31 20:32:06', 0, '2024-03-31 20:32:06', 0, NULL, NULL, '*', ''),
(90, 9, 'COM_GUIDEDTOURS_TOUR_NEWSFEEDS_STEP_TAGS_TITLE', 1, 'COM_GUIDEDTOURS_TOUR_NEWSFEEDS_STEP_TAGS_DESCRIPTION', 90, 'top', 'joomla-field-fancy-select .choices[data-type=select-multiple]', 2, 3, 'administrator/index.php?option=com_newsfeeds&view=newsfeed&layout=edit', '2024-03-31 20:32:06', 0, '2024-03-31 20:32:06', 0, NULL, NULL, '*', ''),
(91, 9, 'COM_GUIDEDTOURS_TOUR_NEWSFEEDS_STEP_VERSIONNOTE_TITLE', 1, 'COM_GUIDEDTOURS_TOUR_NEWSFEEDS_STEP_VERSIONNOTE_DESCRIPTION', 91, 'top', '#jform_version_note', 2, 2, 'administrator/index.php?option=com_newsfeeds&view=newsfeed&layout=edit', '2024-03-31 20:32:06', 0, '2024-03-31 20:32:06', 0, NULL, NULL, '*', ''),
(92, 9, 'COM_GUIDEDTOURS_TOUR_NEWSFEEDS_STEP_SAVECLOSE_TITLE', 1, 'COM_GUIDEDTOURS_TOUR_NEWSFEEDS_STEP_SAVECLOSE_DESCRIPTION', 92, 'bottom', '#save-group-children-save .button-save', 2, 1, 'administrator/index.php?option=com_newsfeeds&view=newsfeed&layout=edit', '2024-03-31 20:32:06', 0, '2024-03-31 20:32:06', 0, NULL, NULL, '*', ''),
(93, 9, 'COM_GUIDEDTOURS_TOUR_NEWSFEEDS_STEP_CONGRATULATIONS_TITLE', 1, 'COM_GUIDEDTOURS_TOUR_NEWSFEEDS_STEP_CONGRATULATIONS_DESCRIPTION', 93, 'bottom', '', 0, 1, 'administrator/index.php?option=com_newsfeeds&view=newsfeed&layout=edit', '2024-03-31 20:32:06', 0, '2024-03-31 20:32:06', 0, NULL, NULL, '*', ''),
(94, 10, 'COM_GUIDEDTOURS_TOUR_SMARTSEARCH_STEP_NEW_TITLE', 1, 'COM_GUIDEDTOURS_TOUR_SMARTSEARCH_STEP_NEW_DESCRIPTION', 94, 'bottom', '.button-new', 2, 1, 'administrator/index.php?option=com_finder&view=filters', '2024-03-31 20:32:06', 0, '2024-03-31 20:32:06', 0, NULL, NULL, '*', ''),
(95, 10, 'COM_GUIDEDTOURS_TOUR_SMARTSEARCH_STEP_TITLE_TITLE', 1, 'COM_GUIDEDTOURS_TOUR_SMARTSEARCH_STEP_TITLE_DESCRIPTION', 95, 'bottom', '#jform_title', 2, 2, 'administrator/index.php?option=com_finder&view=filter&layout=edit', '2024-03-31 20:32:06', 0, '2024-03-31 20:32:06', 0, NULL, NULL, '*', ''),
(96, 10, 'COM_GUIDEDTOURS_TOUR_SMARTSEARCH_STEP_ALIAS_TITLE', 1, 'COM_GUIDEDTOURS_TOUR_SMARTSEARCH_STEP_ALIAS_DESCRIPTION', 96, 'bottom', '#jform_alias', 2, 2, 'administrator/index.php?option=com_finder&view=filter&layout=edit', '2024-03-31 20:32:06', 0, '2024-03-31 20:32:06', 0, NULL, NULL, '*', ''),
(97, 10, 'COM_GUIDEDTOURS_TOUR_SMARTSEARCH_STEP_CONTENT_TITLE', 1, 'COM_GUIDEDTOURS_TOUR_SMARTSEARCH_STEP_CONTENT_DESCRIPTION', 97, 'bottom', '.col-lg-9', 0, 1, 'administrator/index.php?option=com_finder&view=filter&layout=edit', '2024-03-31 20:32:06', 0, '2024-03-31 20:32:06', 0, NULL, NULL, '*', ''),
(98, 10, 'COM_GUIDEDTOURS_TOUR_SMARTSEARCH_STEP_STATUS_TITLE', 1, 'COM_GUIDEDTOURS_TOUR_SMARTSEARCH_STEP_STATUS_DESCRIPTION', 98, 'bottom', '#jform_state', 2, 3, 'administrator/index.php?option=com_finder&view=filter&layout=edit', '2024-03-31 20:32:06', 0, '2024-03-31 20:32:06', 0, NULL, NULL, '*', ''),
(99, 10, 'COM_GUIDEDTOURS_TOUR_SMARTSEARCH_STEP_SAVECLOSE_TITLE', 1, 'COM_GUIDEDTOURS_TOUR_SMARTSEARCH_STEP_SAVECLOSE_DESCRIPTION', 99, 'bottom', '#save-group-children-save .button-save', 2, 1, 'administrator/index.php?option=com_finder&view=filter&layout=edit', '2024-03-31 20:32:06', 0, '2024-03-31 20:32:06', 0, NULL, NULL, '*', ''),
(100, 10, 'COM_GUIDEDTOURS_TOUR_SMARTSEARCH_STEP_CONGRATULATIONS_TITLE', 1, 'COM_GUIDEDTOURS_TOUR_SMARTSEARCH_STEP_CONGRATULATIONS_DESCRIPTION', 100, 'bottom', '', 0, 1, 'administrator/index.php?option=com_finder&view=filter&layout=edit', '2024-03-31 20:32:06', 0, '2024-03-31 20:32:06', 0, NULL, NULL, '*', ''),
(101, 11, 'COM_GUIDEDTOURS_TOUR_USERS_STEP_NEW_TITLE', 1, 'COM_GUIDEDTOURS_TOUR_USERS_STEP_NEW_DESCRIPTION', 101, 'bottom', '.button-new', 2, 1, 'administrator/index.php?option=com_users&view=user&layout=edit', '2024-03-31 20:32:06', 0, '2024-03-31 20:32:06', 0, NULL, NULL, '*', ''),
(102, 11, 'COM_GUIDEDTOURS_TOUR_USERS_STEP_NAME_TITLE', 1, 'COM_GUIDEDTOURS_TOUR_USERS_STEP_NAME_DESCRIPTION', 102, 'bottom', '#jform_name', 2, 2, 'administrator/index.php?option=com_users&view=user&layout=edit', '2024-03-31 20:32:06', 0, '2024-03-31 20:32:06', 0, NULL, NULL, '*', ''),
(103, 11, 'COM_GUIDEDTOURS_TOUR_USERS_STEP_LOGINNAME_TITLE', 1, 'COM_GUIDEDTOURS_TOUR_USERS_STEP_LOGINNAME_DESCRIPTION', 103, 'bottom', '#jform_username', 2, 2, 'administrator/index.php?option=com_users&view=user&layout=edit', '2024-03-31 20:32:06', 0, '2024-03-31 20:32:06', 0, NULL, NULL, '*', ''),
(104, 11, 'COM_GUIDEDTOURS_TOUR_USERS_STEP_PASSWORD_TITLE', 1, 'COM_GUIDEDTOURS_TOUR_USERS_STEP_PASSWORD_DESCRIPTION', 104, 'bottom', '#jform_password', 2, 2, 'administrator/index.php?option=com_users&view=user&layout=edit', '2024-03-31 20:32:06', 0, '2024-03-31 20:32:06', 0, NULL, NULL, '*', ''),
(105, 11, 'COM_GUIDEDTOURS_TOUR_USERS_STEP_PASSWORD2_TITLE', 1, 'COM_GUIDEDTOURS_TOUR_USERS_STEP_PASSWORD2_DESCRIPTION', 105, 'bottom', '#jform_password2', 2, 2, 'administrator/index.php?option=com_users&view=user&layout=edit', '2024-03-31 20:32:06', 0, '2024-03-31 20:32:06', 0, NULL, NULL, '*', ''),
(106, 11, 'COM_GUIDEDTOURS_TOUR_USERS_STEP_EMAIL_TITLE', 1, 'COM_GUIDEDTOURS_TOUR_USERS_STEP_EMAIL_DESCRIPTION', 106, 'bottom', '#jform_email', 2, 2, 'administrator/index.php?option=com_users&view=user&layout=edit', '2024-03-31 20:32:06', 0, '2024-03-31 20:32:06', 0, NULL, NULL, '*', ''),
(107, 11, 'COM_GUIDEDTOURS_TOUR_USERS_STEP_SYSTEMEMAIL_TITLE', 1, 'COM_GUIDEDTOURS_TOUR_USERS_STEP_SYSTEMEMAIL_DESCRIPTION', 107, 'top', '#jform_sendEmail0', 2, 3, 'administrator/index.php?option=com_users&view=user&layout=edit', '2024-03-31 20:32:06', 0, '2024-03-31 20:32:06', 0, NULL, NULL, '*', ''),
(108, 11, 'COM_GUIDEDTOURS_TOUR_USERS_STEP_STATUS_TITLE', 1, 'COM_GUIDEDTOURS_TOUR_USERS_STEP_STATUS_DESCRIPTION', 108, 'top', '#jform_block0', 2, 3, 'administrator/index.php?option=com_users&view=user&layout=edit', '2024-03-31 20:32:06', 0, '2024-03-31 20:32:06', 0, NULL, NULL, '*', ''),
(109, 11, 'COM_GUIDEDTOURS_TOUR_USERS_STEP_PASSWORDRESET_TITLE', 1, 'COM_GUIDEDTOURS_TOUR_USERS_STEP_PASSWORDRESET_DESCRIPTION', 109, 'top', '#jform_requireReset0', 2, 3, 'administrator/index.php?option=com_users&view=user&layout=edit', '2024-03-31 20:32:06', 0, '2024-03-31 20:32:06', 0, NULL, NULL, '*', ''),
(110, 11, 'COM_GUIDEDTOURS_TOUR_USERS_STEP_SAVECLOSE_TITLE', 1, 'COM_GUIDEDTOURS_TOUR_USERS_STEP_SAVECLOSE_DESCRIPTION', 110, 'bottom', '#save-group-children-save .button-save', 2, 1, 'administrator/index.php?option=com_users&view=user&layout=edit', '2024-03-31 20:32:06', 0, '2024-03-31 20:32:06', 0, NULL, NULL, '*', ''),
(111, 11, 'COM_GUIDEDTOURS_TOUR_USERS_STEP_CONGRATULATIONS_TITLE', 1, 'COM_GUIDEDTOURS_TOUR_USERS_STEP_CONGRATULATIONS_DESCRIPTION', 111, 'bottom', '', 0, 1, 'administrator/index.php?option=com_users&view=user&layout=edit', '2024-03-31 20:32:06', 0, '2024-03-31 20:32:06', 0, NULL, NULL, '*', '');

-- --------------------------------------------------------

--
-- Estructura de tabla para la tabla `josxt_history`
--

CREATE TABLE `josxt_history` (
  `version_id` int(10) UNSIGNED NOT NULL,
  `item_id` varchar(50) NOT NULL,
  `version_note` varchar(255) NOT NULL DEFAULT '' COMMENT 'Optional version name',
  `save_date` datetime NOT NULL,
  `editor_user_id` int(10) UNSIGNED NOT NULL DEFAULT 0,
  `character_count` int(10) UNSIGNED NOT NULL DEFAULT 0 COMMENT 'Number of characters in this version.',
  `sha1_hash` varchar(50) NOT NULL DEFAULT '' COMMENT 'SHA1 hash of the version_data column.',
  `version_data` mediumtext NOT NULL COMMENT 'json-encoded string of version data',
  `keep_forever` tinyint(4) NOT NULL DEFAULT 0 COMMENT '0=auto delete; 1=keep'
) ENGINE=InnoDB DEFAULT CHARSET=utf8mb4 COLLATE=utf8mb4_unicode_ci;

--
-- Volcado de datos para la tabla `josxt_history`
--

INSERT INTO `josxt_history` (`version_id`, `item_id`, `version_note`, `save_date`, `editor_user_id`, `character_count`, `sha1_hash`, `version_data`, `keep_forever`) VALUES
(1, 'com_content.category.8', '', '2024-04-01 02:55:14', 215, 543, '174c18f9d20ae7bf52fc8ded4e4c76203aa463f4', '{\"id\":8,\"asset_id\":99,\"parent_id\":1,\"lft\":11,\"rgt\":12,\"level\":1,\"path\":null,\"extension\":\"com_content\",\"title\":\"PAGINAS\",\"alias\":\"paginas\",\"note\":\"\",\"description\":\"\",\"published\":\"1\",\"checked_out\":null,\"checked_out_time\":null,\"access\":1,\"params\":\"{\\\"category_layout\\\":\\\"\\\",\\\"image\\\":\\\"\\\",\\\"image_alt\\\":\\\"\\\"}\",\"metadesc\":\"\",\"metakey\":\"\",\"metadata\":\"{\\\"author\\\":\\\"\\\",\\\"robots\\\":\\\"\\\"}\",\"created_user_id\":215,\"created_time\":\"2024-04-01 02:55:14\",\"modified_user_id\":215,\"modified_time\":\"2024-04-01 02:55:14\",\"hits\":null,\"language\":\"*\",\"version\":null}', 0),
(2, 'com_content.article.1', '', '2024-04-01 02:59:33', 215, 2189, 'b0e151eeae439301c9a0099608e981a97e40f6c2', '{\"id\":1,\"asset_id\":100,\"title\":\"INICIO\",\"alias\":\"inicio\",\"introtext\":\"<p><strong>Prioridades estrat\\u00e9gicas del D.I.P.<\\/strong><\\/p>\\r\\n<p>\\u00a0<\\/p>\\r\\n<ul>\\r\\n<li>Establecer y mantener una estructura organizativa para apoyar las actividades de investigaci\\u00f3n, traducci\\u00f3n de conocimientos y formaci\\u00f3n del dip.<\\/li>\\r\\n<li>Liderar y realizar programas de investigaci\\u00f3n innovadora para abordar cuestiones de servicios de salud de relevancia para la disciplina y la pr\\u00e1ctica de la enfermer\\u00eda.<\\/li>\\r\\n<li>Liderar y realizar investigaciones y actividades acad\\u00e9micas que contribuyan a la ciencia de la traducci\\u00f3n del conocimiento.<\\/li>\\r\\n<\\/ul>\",\"fulltext\":\"\",\"state\":\"1\",\"catid\":8,\"created\":\"2024-04-01 02:59:33\",\"created_by\":215,\"created_by_alias\":\"\",\"modified\":\"2024-04-01 02:59:33\",\"modified_by\":215,\"checked_out\":null,\"checked_out_time\":null,\"publish_up\":\"2024-04-01 02:59:33\",\"publish_down\":null,\"images\":\"{\\\"image_intro\\\":\\\"\\\",\\\"image_intro_alt\\\":\\\"\\\",\\\"float_intro\\\":\\\"\\\",\\\"image_intro_caption\\\":\\\"\\\",\\\"image_fulltext\\\":\\\"\\\",\\\"image_fulltext_alt\\\":\\\"\\\",\\\"float_fulltext\\\":\\\"\\\",\\\"image_fulltext_caption\\\":\\\"\\\"}\",\"urls\":\"{\\\"urla\\\":\\\"\\\",\\\"urlatext\\\":\\\"\\\",\\\"targeta\\\":\\\"\\\",\\\"urlb\\\":\\\"\\\",\\\"urlbtext\\\":\\\"\\\",\\\"targetb\\\":\\\"\\\",\\\"urlc\\\":\\\"\\\",\\\"urlctext\\\":\\\"\\\",\\\"targetc\\\":\\\"\\\"}\",\"attribs\":\"{\\\"article_layout\\\":\\\"\\\",\\\"show_title\\\":\\\"\\\",\\\"link_titles\\\":\\\"\\\",\\\"show_tags\\\":\\\"\\\",\\\"show_intro\\\":\\\"\\\",\\\"info_block_position\\\":\\\"\\\",\\\"info_block_show_title\\\":\\\"\\\",\\\"show_category\\\":\\\"\\\",\\\"link_category\\\":\\\"\\\",\\\"show_parent_category\\\":\\\"\\\",\\\"link_parent_category\\\":\\\"\\\",\\\"show_author\\\":\\\"\\\",\\\"link_author\\\":\\\"\\\",\\\"show_create_date\\\":\\\"\\\",\\\"show_modify_date\\\":\\\"\\\",\\\"show_publish_date\\\":\\\"\\\",\\\"show_item_navigation\\\":\\\"\\\",\\\"show_hits\\\":\\\"\\\",\\\"show_noauth\\\":\\\"\\\",\\\"urls_position\\\":\\\"\\\",\\\"alternative_readmore\\\":\\\"\\\",\\\"article_page_title\\\":\\\"\\\",\\\"show_publishing_options\\\":\\\"\\\",\\\"show_article_options\\\":\\\"\\\",\\\"show_urls_images_backend\\\":\\\"\\\",\\\"show_urls_images_frontend\\\":\\\"\\\"}\",\"version\":\"1\",\"ordering\":null,\"metakey\":\"\",\"metadesc\":\"\",\"access\":1,\"hits\":0,\"metadata\":\"{\\\"robots\\\":\\\"\\\",\\\"author\\\":\\\"\\\",\\\"rights\\\":\\\"\\\"}\",\"featured\":\"0\",\"language\":\"*\",\"note\":\"\"}', 0),
(3, 'com_content.article.2', '', '2024-04-01 03:03:12', 215, 1595, 'c57a2cbb31d2cb28755b959f1ae36c11df89f097', '{\"id\":2,\"asset_id\":101,\"title\":\"Noticias y Eventos\",\"alias\":\"noticias-y-eventos\",\"introtext\":\"\",\"fulltext\":\"\",\"state\":\"1\",\"catid\":2,\"created\":\"2024-04-01 03:03:12\",\"created_by\":215,\"created_by_alias\":\"\",\"modified\":\"2024-04-01 03:03:12\",\"modified_by\":215,\"checked_out\":null,\"checked_out_time\":null,\"publish_up\":\"2024-04-01 03:03:12\",\"publish_down\":null,\"images\":\"{\\\"image_intro\\\":\\\"\\\",\\\"image_intro_alt\\\":\\\"\\\",\\\"float_intro\\\":\\\"\\\",\\\"image_intro_caption\\\":\\\"\\\",\\\"image_fulltext\\\":\\\"\\\",\\\"image_fulltext_alt\\\":\\\"\\\",\\\"float_fulltext\\\":\\\"\\\",\\\"image_fulltext_caption\\\":\\\"\\\"}\",\"urls\":\"{\\\"urla\\\":\\\"\\\",\\\"urlatext\\\":\\\"\\\",\\\"targeta\\\":\\\"\\\",\\\"urlb\\\":\\\"\\\",\\\"urlbtext\\\":\\\"\\\",\\\"targetb\\\":\\\"\\\",\\\"urlc\\\":\\\"\\\",\\\"urlctext\\\":\\\"\\\",\\\"targetc\\\":\\\"\\\"}\",\"attribs\":\"{\\\"article_layout\\\":\\\"\\\",\\\"show_title\\\":\\\"\\\",\\\"link_titles\\\":\\\"\\\",\\\"show_tags\\\":\\\"\\\",\\\"show_intro\\\":\\\"\\\",\\\"info_block_position\\\":\\\"\\\",\\\"info_block_show_title\\\":\\\"\\\",\\\"show_category\\\":\\\"\\\",\\\"link_category\\\":\\\"\\\",\\\"show_parent_category\\\":\\\"\\\",\\\"link_parent_category\\\":\\\"\\\",\\\"show_author\\\":\\\"\\\",\\\"link_author\\\":\\\"\\\",\\\"show_create_date\\\":\\\"\\\",\\\"show_modify_date\\\":\\\"\\\",\\\"show_publish_date\\\":\\\"\\\",\\\"show_item_navigation\\\":\\\"\\\",\\\"show_hits\\\":\\\"\\\",\\\"show_noauth\\\":\\\"\\\",\\\"urls_position\\\":\\\"\\\",\\\"alternative_readmore\\\":\\\"\\\",\\\"article_page_title\\\":\\\"\\\",\\\"show_publishing_options\\\":\\\"\\\",\\\"show_article_options\\\":\\\"\\\",\\\"show_urls_images_backend\\\":\\\"\\\",\\\"show_urls_images_frontend\\\":\\\"\\\"}\",\"version\":\"1\",\"ordering\":null,\"metakey\":\"\",\"metadesc\":\"\",\"access\":1,\"hits\":0,\"metadata\":\"{\\\"robots\\\":\\\"\\\",\\\"author\\\":\\\"\\\",\\\"rights\\\":\\\"\\\"}\",\"featured\":\"0\",\"language\":\"*\",\"note\":\"\"}', 0),
(4, 'com_content.article.2', '', '2024-04-01 03:03:32', 215, 1610, '67fe6e854dac7c9653fda19262366be08bdc7d56', '{\"id\":\"2\",\"asset_id\":101,\"title\":\"Noticias y Eventos\",\"alias\":\"noticias-y-eventos\",\"introtext\":\"\",\"fulltext\":\"\",\"state\":\"1\",\"catid\":8,\"created\":\"2024-04-01 03:03:12\",\"created_by\":\"215\",\"created_by_alias\":\"\",\"modified\":\"2024-04-01 03:03:32\",\"modified_by\":215,\"checked_out\":215,\"checked_out_time\":\"2024-04-01 03:03:22\",\"publish_up\":\"2024-04-01 03:03:12\",\"publish_down\":null,\"images\":\"{\\\"image_intro\\\":\\\"\\\",\\\"image_intro_alt\\\":\\\"\\\",\\\"float_intro\\\":\\\"\\\",\\\"image_intro_caption\\\":\\\"\\\",\\\"image_fulltext\\\":\\\"\\\",\\\"image_fulltext_alt\\\":\\\"\\\",\\\"float_fulltext\\\":\\\"\\\",\\\"image_fulltext_caption\\\":\\\"\\\"}\",\"urls\":\"{\\\"urla\\\":\\\"\\\",\\\"urlatext\\\":\\\"\\\",\\\"targeta\\\":\\\"\\\",\\\"urlb\\\":\\\"\\\",\\\"urlbtext\\\":\\\"\\\",\\\"targetb\\\":\\\"\\\",\\\"urlc\\\":\\\"\\\",\\\"urlctext\\\":\\\"\\\",\\\"targetc\\\":\\\"\\\"}\",\"attribs\":\"{\\\"article_layout\\\":\\\"\\\",\\\"show_title\\\":\\\"\\\",\\\"link_titles\\\":\\\"\\\",\\\"show_tags\\\":\\\"\\\",\\\"show_intro\\\":\\\"\\\",\\\"info_block_position\\\":\\\"\\\",\\\"info_block_show_title\\\":\\\"\\\",\\\"show_category\\\":\\\"\\\",\\\"link_category\\\":\\\"\\\",\\\"show_parent_category\\\":\\\"\\\",\\\"link_parent_category\\\":\\\"\\\",\\\"show_author\\\":\\\"\\\",\\\"link_author\\\":\\\"\\\",\\\"show_create_date\\\":\\\"\\\",\\\"show_modify_date\\\":\\\"\\\",\\\"show_publish_date\\\":\\\"\\\",\\\"show_item_navigation\\\":\\\"\\\",\\\"show_hits\\\":\\\"\\\",\\\"show_noauth\\\":\\\"\\\",\\\"urls_position\\\":\\\"\\\",\\\"alternative_readmore\\\":\\\"\\\",\\\"article_page_title\\\":\\\"\\\",\\\"show_publishing_options\\\":\\\"\\\",\\\"show_article_options\\\":\\\"\\\",\\\"show_urls_images_backend\\\":\\\"\\\",\\\"show_urls_images_frontend\\\":\\\"\\\"}\",\"version\":2,\"ordering\":0,\"metakey\":\"\",\"metadesc\":\"\",\"access\":1,\"hits\":0,\"metadata\":\"{\\\"robots\\\":\\\"\\\",\\\"author\\\":\\\"\\\",\\\"rights\\\":\\\"\\\"}\",\"featured\":\"0\",\"language\":\"*\",\"note\":\"\"}', 0),
(5, 'com_content.article.3', '', '2024-04-01 03:04:12', 215, 1573, '86ee6c38d52893de24aab52d4a088e7a73ee291b', '{\"id\":3,\"asset_id\":102,\"title\":\"SOCEENF\",\"alias\":\"soceenf\",\"introtext\":\"\",\"fulltext\":\"\",\"state\":\"1\",\"catid\":8,\"created\":\"2024-04-01 03:04:12\",\"created_by\":215,\"created_by_alias\":\"\",\"modified\":\"2024-04-01 03:04:12\",\"modified_by\":215,\"checked_out\":null,\"checked_out_time\":null,\"publish_up\":\"2024-04-01 03:04:12\",\"publish_down\":null,\"images\":\"{\\\"image_intro\\\":\\\"\\\",\\\"image_intro_alt\\\":\\\"\\\",\\\"float_intro\\\":\\\"\\\",\\\"image_intro_caption\\\":\\\"\\\",\\\"image_fulltext\\\":\\\"\\\",\\\"image_fulltext_alt\\\":\\\"\\\",\\\"float_fulltext\\\":\\\"\\\",\\\"image_fulltext_caption\\\":\\\"\\\"}\",\"urls\":\"{\\\"urla\\\":\\\"\\\",\\\"urlatext\\\":\\\"\\\",\\\"targeta\\\":\\\"\\\",\\\"urlb\\\":\\\"\\\",\\\"urlbtext\\\":\\\"\\\",\\\"targetb\\\":\\\"\\\",\\\"urlc\\\":\\\"\\\",\\\"urlctext\\\":\\\"\\\",\\\"targetc\\\":\\\"\\\"}\",\"attribs\":\"{\\\"article_layout\\\":\\\"\\\",\\\"show_title\\\":\\\"\\\",\\\"link_titles\\\":\\\"\\\",\\\"show_tags\\\":\\\"\\\",\\\"show_intro\\\":\\\"\\\",\\\"info_block_position\\\":\\\"\\\",\\\"info_block_show_title\\\":\\\"\\\",\\\"show_category\\\":\\\"\\\",\\\"link_category\\\":\\\"\\\",\\\"show_parent_category\\\":\\\"\\\",\\\"link_parent_category\\\":\\\"\\\",\\\"show_author\\\":\\\"\\\",\\\"link_author\\\":\\\"\\\",\\\"show_create_date\\\":\\\"\\\",\\\"show_modify_date\\\":\\\"\\\",\\\"show_publish_date\\\":\\\"\\\",\\\"show_item_navigation\\\":\\\"\\\",\\\"show_hits\\\":\\\"\\\",\\\"show_noauth\\\":\\\"\\\",\\\"urls_position\\\":\\\"\\\",\\\"alternative_readmore\\\":\\\"\\\",\\\"article_page_title\\\":\\\"\\\",\\\"show_publishing_options\\\":\\\"\\\",\\\"show_article_options\\\":\\\"\\\",\\\"show_urls_images_backend\\\":\\\"\\\",\\\"show_urls_images_frontend\\\":\\\"\\\"}\",\"version\":\"1\",\"ordering\":null,\"metakey\":\"\",\"metadesc\":\"\",\"access\":1,\"hits\":0,\"metadata\":\"{\\\"robots\\\":\\\"\\\",\\\"author\\\":\\\"\\\",\\\"rights\\\":\\\"\\\"}\",\"featured\":\"0\",\"language\":\"*\",\"note\":\"\"}', 0),
(6, 'com_content.article.4', '', '2024-04-01 03:06:35', 215, 1641, '2ad4d6a7dbf84bd69a5050d8c3d726cb4c832732', '{\"id\":4,\"asset_id\":103,\"title\":\"Revista CONR\",\"alias\":\"revista-conr\",\"introtext\":\"\",\"fulltext\":\"\",\"state\":\"1\",\"catid\":8,\"created\":\"2024-04-01 03:06:35\",\"created_by\":215,\"created_by_alias\":\"\",\"modified\":\"2024-04-01 03:06:35\",\"modified_by\":215,\"checked_out\":null,\"checked_out_time\":null,\"publish_up\":\"2024-04-01 03:06:35\",\"publish_down\":null,\"images\":\"{\\\"image_intro\\\":\\\"\\\",\\\"image_intro_alt\\\":\\\"\\\",\\\"float_intro\\\":\\\"\\\",\\\"image_intro_caption\\\":\\\"\\\",\\\"image_fulltext\\\":\\\"\\\",\\\"image_fulltext_alt\\\":\\\"\\\",\\\"float_fulltext\\\":\\\"\\\",\\\"image_fulltext_caption\\\":\\\"\\\"}\",\"urls\":\"{\\\"urla\\\":\\\"https:\\\\\\/\\\\\\/conr-bo.com\\\\\\/index.php\\\\\\/conr\\\",\\\"urlatext\\\":\\\"CONR JOURNAL\\\",\\\"targeta\\\":\\\"\\\",\\\"urlb\\\":\\\"\\\",\\\"urlbtext\\\":\\\"\\\",\\\"targetb\\\":\\\"\\\",\\\"urlc\\\":\\\"\\\",\\\"urlctext\\\":\\\"\\\",\\\"targetc\\\":\\\"\\\"}\",\"attribs\":\"{\\\"article_layout\\\":\\\"\\\",\\\"show_title\\\":\\\"\\\",\\\"link_titles\\\":\\\"\\\",\\\"show_tags\\\":\\\"\\\",\\\"show_intro\\\":\\\"\\\",\\\"info_block_position\\\":\\\"\\\",\\\"info_block_show_title\\\":\\\"\\\",\\\"show_category\\\":\\\"\\\",\\\"link_category\\\":\\\"\\\",\\\"show_parent_category\\\":\\\"\\\",\\\"link_parent_category\\\":\\\"\\\",\\\"show_author\\\":\\\"\\\",\\\"link_author\\\":\\\"\\\",\\\"show_create_date\\\":\\\"\\\",\\\"show_modify_date\\\":\\\"\\\",\\\"show_publish_date\\\":\\\"\\\",\\\"show_item_navigation\\\":\\\"\\\",\\\"show_hits\\\":\\\"\\\",\\\"show_noauth\\\":\\\"\\\",\\\"urls_position\\\":\\\"\\\",\\\"alternative_readmore\\\":\\\"\\\",\\\"article_page_title\\\":\\\"\\\",\\\"show_publishing_options\\\":\\\"\\\",\\\"show_article_options\\\":\\\"\\\",\\\"show_urls_images_backend\\\":\\\"\\\",\\\"show_urls_images_frontend\\\":\\\"\\\"}\",\"version\":\"1\",\"ordering\":null,\"metakey\":\"\",\"metadesc\":\"\",\"access\":1,\"hits\":0,\"metadata\":\"{\\\"robots\\\":\\\"\\\",\\\"author\\\":\\\"\\\",\\\"rights\\\":\\\"\\\"}\",\"featured\":\"0\",\"language\":\"*\",\"note\":\"\"}', 0),
(7, 'com_content.article.5', '', '2024-04-01 03:07:43', 215, 1648, '0a80bee79f9f6ddcc238a73758f3363e51259d21', '{\"id\":5,\"asset_id\":104,\"title\":\"Biblioteca virtual Enfermer\\u00eda-Fisioterapia\",\"alias\":\"biblioteca-virtual-enfermeria-fisioterapia\",\"introtext\":\"\",\"fulltext\":\"\",\"state\":\"1\",\"catid\":8,\"created\":\"2024-04-01 03:07:43\",\"created_by\":215,\"created_by_alias\":\"\",\"modified\":\"2024-04-01 03:07:43\",\"modified_by\":215,\"checked_out\":null,\"checked_out_time\":null,\"publish_up\":\"2024-04-01 03:07:43\",\"publish_down\":null,\"images\":\"{\\\"image_intro\\\":\\\"\\\",\\\"image_intro_alt\\\":\\\"\\\",\\\"float_intro\\\":\\\"\\\",\\\"image_intro_caption\\\":\\\"\\\",\\\"image_fulltext\\\":\\\"\\\",\\\"image_fulltext_alt\\\":\\\"\\\",\\\"float_fulltext\\\":\\\"\\\",\\\"image_fulltext_caption\\\":\\\"\\\"}\",\"urls\":\"{\\\"urla\\\":\\\"\\\",\\\"urlatext\\\":\\\"\\\",\\\"targeta\\\":\\\"\\\",\\\"urlb\\\":\\\"\\\",\\\"urlbtext\\\":\\\"\\\",\\\"targetb\\\":\\\"\\\",\\\"urlc\\\":\\\"\\\",\\\"urlctext\\\":\\\"\\\",\\\"targetc\\\":\\\"\\\"}\",\"attribs\":\"{\\\"article_layout\\\":\\\"\\\",\\\"show_title\\\":\\\"\\\",\\\"link_titles\\\":\\\"\\\",\\\"show_tags\\\":\\\"\\\",\\\"show_intro\\\":\\\"\\\",\\\"info_block_position\\\":\\\"\\\",\\\"info_block_show_title\\\":\\\"\\\",\\\"show_category\\\":\\\"\\\",\\\"link_category\\\":\\\"\\\",\\\"show_parent_category\\\":\\\"\\\",\\\"link_parent_category\\\":\\\"\\\",\\\"show_author\\\":\\\"\\\",\\\"link_author\\\":\\\"\\\",\\\"show_create_date\\\":\\\"\\\",\\\"show_modify_date\\\":\\\"\\\",\\\"show_publish_date\\\":\\\"\\\",\\\"show_item_navigation\\\":\\\"\\\",\\\"show_hits\\\":\\\"\\\",\\\"show_noauth\\\":\\\"\\\",\\\"urls_position\\\":\\\"\\\",\\\"alternative_readmore\\\":\\\"\\\",\\\"article_page_title\\\":\\\"\\\",\\\"show_publishing_options\\\":\\\"\\\",\\\"show_article_options\\\":\\\"\\\",\\\"show_urls_images_backend\\\":\\\"\\\",\\\"show_urls_images_frontend\\\":\\\"\\\"}\",\"version\":\"1\",\"ordering\":null,\"metakey\":\"\",\"metadesc\":\"\",\"access\":1,\"hits\":0,\"metadata\":\"{\\\"robots\\\":\\\"\\\",\\\"author\\\":\\\"\\\",\\\"rights\\\":\\\"\\\"}\",\"featured\":\"0\",\"language\":\"*\",\"note\":\"\"}', 0),
(8, 'com_content.category.9', '', '2024-04-01 03:48:53', 215, 566, 'ea751ec6bb5f66957d94d66fe5748f2a6a91336e', '{\"id\":9,\"asset_id\":106,\"parent_id\":1,\"lft\":13,\"rgt\":14,\"level\":1,\"path\":null,\"extension\":\"com_content\",\"title\":\"Noticias y Eventos\",\"alias\":\"noticias-y-eventos\",\"note\":\"\",\"description\":\"\",\"published\":\"1\",\"checked_out\":null,\"checked_out_time\":null,\"access\":1,\"params\":\"{\\\"category_layout\\\":\\\"\\\",\\\"image\\\":\\\"\\\",\\\"image_alt\\\":\\\"\\\"}\",\"metadesc\":\"\",\"metakey\":\"\",\"metadata\":\"{\\\"author\\\":\\\"\\\",\\\"robots\\\":\\\"\\\"}\",\"created_user_id\":215,\"created_time\":\"2024-04-01 03:48:53\",\"modified_user_id\":215,\"modified_time\":\"2024-04-01 03:48:53\",\"hits\":null,\"language\":\"*\",\"version\":null}', 0),
(9, 'com_content.category.9', '', '2024-04-01 03:49:10', 215, 586, '6f68a2cffddc798f8bbe3f58641cb21453169f41', '{\"id\":\"9\",\"asset_id\":106,\"parent_id\":1,\"lft\":13,\"rgt\":14,\"level\":1,\"path\":\"noticias-y-eventos\",\"extension\":\"com_content\",\"title\":\"NOTICIAS\",\"alias\":\"noticias-y-eventos\",\"note\":\"\",\"description\":\"\",\"published\":\"1\",\"checked_out\":215,\"checked_out_time\":\"2024-04-01 03:48:58\",\"access\":1,\"params\":\"{\\\"category_layout\\\":\\\"\\\",\\\"image\\\":\\\"\\\",\\\"image_alt\\\":\\\"\\\"}\",\"metadesc\":\"\",\"metakey\":\"\",\"metadata\":\"{\\\"author\\\":\\\"\\\",\\\"robots\\\":\\\"\\\"}\",\"created_user_id\":\"215\",\"created_time\":\"2024-04-01 03:48:53\",\"modified_user_id\":215,\"modified_time\":\"2024-04-01 03:49:10\",\"hits\":0,\"language\":\"*\",\"version\":1}', 0),
(10, 'com_content.article.6', '', '2024-04-01 04:11:11', 215, 2077, '0d51c6585391128af2ed068d7420c68c63fa5b5a', '{\"id\":6,\"asset_id\":107,\"title\":\"SOCEENF NACIONAL\",\"alias\":\"soceenf-nacional\",\"introtext\":\"<p>Participaci\\u00f3n SOCEENF NACIONAL<\\/p>\\r\\n<p>Felicitaciones a Claudia Guti\\u00e9rrez, estudiante de nuestra unidad acad\\u00e9mica, quien fue electa para integrar la directiva de la Sociedad Cient\\u00edfica Nacional de Estudiantes de Enfermer\\u00eda (SOCEENF NACIONAL). Le deseamos mucho \\u00e9xito en las tareas a desempe\\u00f1ar en favor de los estudiantes.<\\/p>\",\"fulltext\":\"\",\"state\":\"1\",\"catid\":9,\"created\":\"2024-04-01 04:11:11\",\"created_by\":215,\"created_by_alias\":\"\",\"modified\":\"2024-04-01 04:11:11\",\"modified_by\":215,\"checked_out\":null,\"checked_out_time\":null,\"publish_up\":\"2024-04-01 04:11:11\",\"publish_down\":null,\"images\":\"{\\\"image_intro\\\":\\\"images\\\\\\/soceenf%20nacional%201.jpg#joomlaImage:\\\\\\/\\\\\\/local-images\\\\\\/soceenf nacional 1.jpg?width=1600&height=1200\\\",\\\"image_intro_alt\\\":\\\"\\\",\\\"float_intro\\\":\\\"\\\",\\\"image_intro_caption\\\":\\\"\\\",\\\"image_fulltext\\\":\\\"\\\",\\\"image_fulltext_alt\\\":\\\"\\\",\\\"float_fulltext\\\":\\\"\\\",\\\"image_fulltext_caption\\\":\\\"\\\"}\",\"urls\":\"{\\\"urla\\\":\\\"\\\",\\\"urlatext\\\":\\\"\\\",\\\"targeta\\\":\\\"\\\",\\\"urlb\\\":\\\"\\\",\\\"urlbtext\\\":\\\"\\\",\\\"targetb\\\":\\\"\\\",\\\"urlc\\\":\\\"\\\",\\\"urlctext\\\":\\\"\\\",\\\"targetc\\\":\\\"\\\"}\",\"attribs\":\"{\\\"article_layout\\\":\\\"\\\",\\\"show_title\\\":\\\"\\\",\\\"link_titles\\\":\\\"\\\",\\\"show_tags\\\":\\\"\\\",\\\"show_intro\\\":\\\"\\\",\\\"info_block_position\\\":\\\"\\\",\\\"info_block_show_title\\\":\\\"\\\",\\\"show_category\\\":\\\"\\\",\\\"link_category\\\":\\\"\\\",\\\"show_parent_category\\\":\\\"\\\",\\\"link_parent_category\\\":\\\"\\\",\\\"show_author\\\":\\\"\\\",\\\"link_author\\\":\\\"\\\",\\\"show_create_date\\\":\\\"\\\",\\\"show_modify_date\\\":\\\"\\\",\\\"show_publish_date\\\":\\\"\\\",\\\"show_item_navigation\\\":\\\"\\\",\\\"show_hits\\\":\\\"\\\",\\\"show_noauth\\\":\\\"\\\",\\\"urls_position\\\":\\\"\\\",\\\"alternative_readmore\\\":\\\"\\\",\\\"article_page_title\\\":\\\"\\\",\\\"show_publishing_options\\\":\\\"\\\",\\\"show_article_options\\\":\\\"\\\",\\\"show_urls_images_backend\\\":\\\"\\\",\\\"show_urls_images_frontend\\\":\\\"\\\"}\",\"version\":\"1\",\"ordering\":null,\"metakey\":\"\",\"metadesc\":\"\",\"access\":1,\"hits\":0,\"metadata\":\"{\\\"robots\\\":\\\"\\\",\\\"author\\\":\\\"\\\",\\\"rights\\\":\\\"\\\"}\",\"featured\":\"0\",\"language\":\"*\",\"note\":\"\"}', 0),
(11, 'com_content.article.7', '', '2024-04-01 04:25:47', 215, 1815, '6e2dca9660a0bc69f41e706c58657209c8529447', '{\"id\":7,\"asset_id\":108,\"title\":\"1er Congreso SOCEENF ENFERMERIA\",\"alias\":\"1er-congreso-soceenf-enfermeria\",\"introtext\":\"<p>1er Congreso Internacional: Desaf\\u00edos y avances en la investigaci\\u00f3n en Enfermer\\u00eda programas de humanizaci\\u00f3n en centros de tercer nivel, organizado por la UAC-Pucarani.<\\/p>\",\"fulltext\":\"\",\"state\":\"1\",\"catid\":9,\"created\":\"2024-04-01 04:25:47\",\"created_by\":215,\"created_by_alias\":\"\",\"modified\":\"2024-04-01 04:25:47\",\"modified_by\":215,\"checked_out\":null,\"checked_out_time\":null,\"publish_up\":\"2024-04-01 04:25:47\",\"publish_down\":null,\"images\":\"{\\\"image_intro\\\":\\\"\\\",\\\"image_intro_alt\\\":\\\"\\\",\\\"float_intro\\\":\\\"\\\",\\\"image_intro_caption\\\":\\\"\\\",\\\"image_fulltext\\\":\\\"\\\",\\\"image_fulltext_alt\\\":\\\"\\\",\\\"float_fulltext\\\":\\\"\\\",\\\"image_fulltext_caption\\\":\\\"\\\"}\",\"urls\":\"{\\\"urla\\\":\\\"\\\",\\\"urlatext\\\":\\\"\\\",\\\"targeta\\\":\\\"\\\",\\\"urlb\\\":\\\"\\\",\\\"urlbtext\\\":\\\"\\\",\\\"targetb\\\":\\\"\\\",\\\"urlc\\\":\\\"\\\",\\\"urlctext\\\":\\\"\\\",\\\"targetc\\\":\\\"\\\"}\",\"attribs\":\"{\\\"article_layout\\\":\\\"\\\",\\\"show_title\\\":\\\"\\\",\\\"link_titles\\\":\\\"\\\",\\\"show_tags\\\":\\\"\\\",\\\"show_intro\\\":\\\"\\\",\\\"info_block_position\\\":\\\"\\\",\\\"info_block_show_title\\\":\\\"\\\",\\\"show_category\\\":\\\"\\\",\\\"link_category\\\":\\\"\\\",\\\"show_parent_category\\\":\\\"\\\",\\\"link_parent_category\\\":\\\"\\\",\\\"show_author\\\":\\\"\\\",\\\"link_author\\\":\\\"\\\",\\\"show_create_date\\\":\\\"\\\",\\\"show_modify_date\\\":\\\"\\\",\\\"show_publish_date\\\":\\\"\\\",\\\"show_item_navigation\\\":\\\"\\\",\\\"show_hits\\\":\\\"\\\",\\\"show_noauth\\\":\\\"\\\",\\\"urls_position\\\":\\\"\\\",\\\"alternative_readmore\\\":\\\"\\\",\\\"article_page_title\\\":\\\"\\\",\\\"show_publishing_options\\\":\\\"\\\",\\\"show_article_options\\\":\\\"\\\",\\\"show_urls_images_backend\\\":\\\"\\\",\\\"show_urls_images_frontend\\\":\\\"\\\"}\",\"version\":\"1\",\"ordering\":null,\"metakey\":\"\",\"metadesc\":\"\",\"access\":1,\"hits\":0,\"metadata\":\"{\\\"robots\\\":\\\"\\\",\\\"author\\\":\\\"\\\",\\\"rights\\\":\\\"\\\"}\",\"featured\":\"0\",\"language\":\"*\",\"note\":\"\"}', 0),
(12, 'com_content.article.7', '', '2024-04-01 04:26:33', 215, 1951, 'bbd37960af7d44955910ca3dff84d54201b8015a', '{\"id\":\"7\",\"asset_id\":108,\"title\":\"1er Congreso SOCEENF ENFERMERIA\",\"alias\":\"1er-congreso-soceenf-enfermeria\",\"introtext\":\"<p>1er Congreso Internacional: Desaf\\u00edos y avances en la investigaci\\u00f3n en Enfermer\\u00eda programas de humanizaci\\u00f3n en centros de tercer nivel, organizado por la UAC-Pucarani.<\\/p>\",\"fulltext\":\"\",\"state\":\"1\",\"catid\":9,\"created\":\"2024-04-01 04:25:47\",\"created_by\":\"215\",\"created_by_alias\":\"\",\"modified\":\"2024-04-01 04:26:33\",\"modified_by\":215,\"checked_out\":215,\"checked_out_time\":\"2024-04-01 04:26:17\",\"publish_up\":\"2024-04-01 04:25:47\",\"publish_down\":null,\"images\":\"{\\\"image_intro\\\":\\\"images\\\\\\/1ER%20CONGRESO%20SOCEENF.jpg#joomlaImage:\\\\\\/\\\\\\/local-images\\\\\\/1ER CONGRESO SOCEENF.jpg?width=1600&height=720\\\",\\\"image_intro_alt\\\":\\\"\\\",\\\"float_intro\\\":\\\"\\\",\\\"image_intro_caption\\\":\\\"\\\",\\\"image_fulltext\\\":\\\"\\\",\\\"image_fulltext_alt\\\":\\\"\\\",\\\"float_fulltext\\\":\\\"\\\",\\\"image_fulltext_caption\\\":\\\"\\\"}\",\"urls\":\"{\\\"urla\\\":\\\"\\\",\\\"urlatext\\\":\\\"\\\",\\\"targeta\\\":\\\"\\\",\\\"urlb\\\":\\\"\\\",\\\"urlbtext\\\":\\\"\\\",\\\"targetb\\\":\\\"\\\",\\\"urlc\\\":\\\"\\\",\\\"urlctext\\\":\\\"\\\",\\\"targetc\\\":\\\"\\\"}\",\"attribs\":\"{\\\"article_layout\\\":\\\"\\\",\\\"show_title\\\":\\\"\\\",\\\"link_titles\\\":\\\"\\\",\\\"show_tags\\\":\\\"\\\",\\\"show_intro\\\":\\\"\\\",\\\"info_block_position\\\":\\\"\\\",\\\"info_block_show_title\\\":\\\"\\\",\\\"show_category\\\":\\\"\\\",\\\"link_category\\\":\\\"\\\",\\\"show_parent_category\\\":\\\"\\\",\\\"link_parent_category\\\":\\\"\\\",\\\"show_author\\\":\\\"\\\",\\\"link_author\\\":\\\"\\\",\\\"show_create_date\\\":\\\"\\\",\\\"show_modify_date\\\":\\\"\\\",\\\"show_publish_date\\\":\\\"\\\",\\\"show_item_navigation\\\":\\\"\\\",\\\"show_hits\\\":\\\"\\\",\\\"show_noauth\\\":\\\"\\\",\\\"urls_position\\\":\\\"\\\",\\\"alternative_readmore\\\":\\\"\\\",\\\"article_page_title\\\":\\\"\\\",\\\"show_publishing_options\\\":\\\"\\\",\\\"show_article_options\\\":\\\"\\\",\\\"show_urls_images_backend\\\":\\\"\\\",\\\"show_urls_images_frontend\\\":\\\"\\\"}\",\"version\":2,\"ordering\":0,\"metakey\":\"\",\"metadesc\":\"\",\"access\":1,\"hits\":0,\"metadata\":\"{\\\"robots\\\":\\\"\\\",\\\"author\\\":\\\"\\\",\\\"rights\\\":\\\"\\\"}\",\"featured\":\"0\",\"language\":\"*\",\"note\":\"\"}', 0),
(13, 'com_content.article.1', '', '2024-04-01 04:29:48', 215, 2344, 'd03178b2c7081bef02987651519493c8e970445b', '{\"id\":\"1\",\"asset_id\":100,\"title\":\"INICIO\",\"alias\":\"inicio\",\"introtext\":\"<p>\\u00a0<\\/p>\\r\\n<p>\\u00a0<\\/p>\\r\\n<p><strong>Prioridades estrat\\u00e9gicas del D.I.P.<\\/strong><\\/p>\\r\\n<p>\\u00a0<\\/p>\\r\\n<ul>\\r\\n<li>Establecer y mantener una estructura organizativa para apoyar las actividades de investigaci\\u00f3n, traducci\\u00f3n de conocimientos y formaci\\u00f3n del dip.<\\/li>\\r\\n<li>Liderar y realizar programas de investigaci\\u00f3n innovadora para abordar cuestiones de servicios de salud de relevancia para la disciplina y la pr\\u00e1ctica de la enfermer\\u00eda.<\\/li>\\r\\n<li>Liderar y realizar investigaciones y actividades acad\\u00e9micas que contribuyan a la ciencia de la traducci\\u00f3n del conocimiento.<\\/li>\\r\\n<\\/ul>\",\"fulltext\":\"\",\"state\":\"1\",\"catid\":8,\"created\":\"2024-04-01 02:59:33\",\"created_by\":\"215\",\"created_by_alias\":\"\",\"modified\":\"2024-04-01 04:29:48\",\"modified_by\":215,\"checked_out\":215,\"checked_out_time\":\"2024-04-01 04:27:41\",\"publish_up\":\"2024-04-01 02:59:33\",\"publish_down\":null,\"images\":\"{\\\"image_intro\\\":\\\"images\\\\\\/DIP%20LOGO%2012.jpg#joomlaImage:\\\\\\/\\\\\\/local-images\\\\\\/DIP LOGO 12.jpg?width=2520&height=2520\\\",\\\"image_intro_alt\\\":\\\"\\\",\\\"float_intro\\\":\\\"\\\",\\\"image_intro_caption\\\":\\\"\\\",\\\"image_fulltext\\\":\\\"\\\",\\\"image_fulltext_alt\\\":\\\"\\\",\\\"float_fulltext\\\":\\\"\\\",\\\"image_fulltext_caption\\\":\\\"\\\"}\",\"urls\":\"{\\\"urla\\\":\\\"\\\",\\\"urlatext\\\":\\\"\\\",\\\"targeta\\\":\\\"\\\",\\\"urlb\\\":\\\"\\\",\\\"urlbtext\\\":\\\"\\\",\\\"targetb\\\":\\\"\\\",\\\"urlc\\\":\\\"\\\",\\\"urlctext\\\":\\\"\\\",\\\"targetc\\\":\\\"\\\"}\",\"attribs\":\"{\\\"article_layout\\\":\\\"\\\",\\\"show_title\\\":\\\"\\\",\\\"link_titles\\\":\\\"\\\",\\\"show_tags\\\":\\\"\\\",\\\"show_intro\\\":\\\"\\\",\\\"info_block_position\\\":\\\"\\\",\\\"info_block_show_title\\\":\\\"\\\",\\\"show_category\\\":\\\"\\\",\\\"link_category\\\":\\\"\\\",\\\"show_parent_category\\\":\\\"\\\",\\\"link_parent_category\\\":\\\"\\\",\\\"show_author\\\":\\\"\\\",\\\"link_author\\\":\\\"\\\",\\\"show_create_date\\\":\\\"\\\",\\\"show_modify_date\\\":\\\"\\\",\\\"show_publish_date\\\":\\\"\\\",\\\"show_item_navigation\\\":\\\"\\\",\\\"show_hits\\\":\\\"\\\",\\\"show_noauth\\\":\\\"\\\",\\\"urls_position\\\":\\\"\\\",\\\"alternative_readmore\\\":\\\"\\\",\\\"article_page_title\\\":\\\"\\\",\\\"show_publishing_options\\\":\\\"\\\",\\\"show_article_options\\\":\\\"\\\",\\\"show_urls_images_backend\\\":\\\"\\\",\\\"show_urls_images_frontend\\\":\\\"\\\"}\",\"version\":4,\"ordering\":3,\"metakey\":\"\",\"metadesc\":\"\",\"access\":1,\"hits\":1,\"metadata\":\"{\\\"robots\\\":\\\"\\\",\\\"author\\\":\\\"\\\",\\\"rights\\\":\\\"\\\"}\",\"featured\":\"0\",\"language\":\"*\",\"note\":\"\"}', 0),
(14, 'com_content.article.1', '', '2024-04-01 04:31:21', 215, 2578, 'c7f800e0a9634b5652e7ed971f92efee7100125a', '{\"id\":\"1\",\"asset_id\":100,\"title\":\"INICIO\",\"alias\":\"inicio\",\"introtext\":\"<p><span style=\\\"font-size: 8px;\\\"><img style=\\\"display: block; margin-left: auto; margin-right: auto;\\\" src=\\\"images\\/DIP%20LOGO%2012.jpg\\\" width=\\\"905\\\" height=\\\"905\\\" loading=\\\"lazy\\\" data-path=\\\"local-images:\\/DIP LOGO 12.jpg\\\" \\/><\\/span><\\/p>\\r\\n<p>\\u00a0<\\/p>\\r\\n<p><strong>Prioridades estrat\\u00e9gicas del D.I.P.<\\/strong><\\/p>\\r\\n<p>\\u00a0<\\/p>\\r\\n<ul>\\r\\n<li>Establecer y mantener una estructura organizativa para apoyar las actividades de investigaci\\u00f3n, traducci\\u00f3n de conocimientos y formaci\\u00f3n del dip.<\\/li>\\r\\n<li>Liderar y realizar programas de investigaci\\u00f3n innovadora para abordar cuestiones de servicios de salud de relevancia para la disciplina y la pr\\u00e1ctica de la enfermer\\u00eda.<\\/li>\\r\\n<li>Liderar y realizar investigaciones y actividades acad\\u00e9micas que contribuyan a la ciencia de la traducci\\u00f3n del conocimiento.<\\/li>\\r\\n<\\/ul>\",\"fulltext\":\"\",\"state\":\"1\",\"catid\":8,\"created\":\"2024-04-01 02:59:33\",\"created_by\":\"215\",\"created_by_alias\":\"\",\"modified\":\"2024-04-01 04:31:21\",\"modified_by\":215,\"checked_out\":215,\"checked_out_time\":\"2024-04-01 04:30:09\",\"publish_up\":\"2024-04-01 02:59:33\",\"publish_down\":null,\"images\":\"{\\\"image_intro\\\":\\\"images\\\\\\/DIP%20LOGO%2012.jpg#joomlaImage:\\\\\\/\\\\\\/local-images\\\\\\/DIP LOGO 12.jpg?width=2520&height=2520\\\",\\\"image_intro_alt\\\":\\\"\\\",\\\"float_intro\\\":\\\"\\\",\\\"image_intro_caption\\\":\\\"\\\",\\\"image_fulltext\\\":\\\"\\\",\\\"image_fulltext_alt\\\":\\\"\\\",\\\"float_fulltext\\\":\\\"\\\",\\\"image_fulltext_caption\\\":\\\"\\\"}\",\"urls\":\"{\\\"urla\\\":\\\"\\\",\\\"urlatext\\\":\\\"\\\",\\\"targeta\\\":\\\"\\\",\\\"urlb\\\":\\\"\\\",\\\"urlbtext\\\":\\\"\\\",\\\"targetb\\\":\\\"\\\",\\\"urlc\\\":\\\"\\\",\\\"urlctext\\\":\\\"\\\",\\\"targetc\\\":\\\"\\\"}\",\"attribs\":\"{\\\"article_layout\\\":\\\"\\\",\\\"show_title\\\":\\\"\\\",\\\"link_titles\\\":\\\"\\\",\\\"show_tags\\\":\\\"\\\",\\\"show_intro\\\":\\\"\\\",\\\"info_block_position\\\":\\\"\\\",\\\"info_block_show_title\\\":\\\"\\\",\\\"show_category\\\":\\\"\\\",\\\"link_category\\\":\\\"\\\",\\\"show_parent_category\\\":\\\"\\\",\\\"link_parent_category\\\":\\\"\\\",\\\"show_author\\\":\\\"\\\",\\\"link_author\\\":\\\"\\\",\\\"show_create_date\\\":\\\"\\\",\\\"show_modify_date\\\":\\\"\\\",\\\"show_publish_date\\\":\\\"\\\",\\\"show_item_navigation\\\":\\\"\\\",\\\"show_hits\\\":\\\"\\\",\\\"show_noauth\\\":\\\"\\\",\\\"urls_position\\\":\\\"\\\",\\\"alternative_readmore\\\":\\\"\\\",\\\"article_page_title\\\":\\\"\\\",\\\"show_publishing_options\\\":\\\"\\\",\\\"show_article_options\\\":\\\"\\\",\\\"show_urls_images_backend\\\":\\\"\\\",\\\"show_urls_images_frontend\\\":\\\"\\\"}\",\"version\":5,\"ordering\":3,\"metakey\":\"\",\"metadesc\":\"\",\"access\":1,\"hits\":1,\"metadata\":\"{\\\"robots\\\":\\\"\\\",\\\"author\\\":\\\"\\\",\\\"rights\\\":\\\"\\\"}\",\"featured\":\"0\",\"language\":\"*\",\"note\":\"\"}', 0),
(15, 'com_content.article.1', '', '2024-04-01 04:31:58', 215, 2578, 'ce5e3a4ef75e06ebc9b1925d68f766496f6f748e', '{\"id\":\"1\",\"asset_id\":100,\"title\":\"INICIO\",\"alias\":\"inicio\",\"introtext\":\"<p><span style=\\\"font-size: 8px;\\\"><img style=\\\"display: block; margin-left: auto; margin-right: auto;\\\" src=\\\"images\\/DIP%20LOGO%2012.jpg\\\" width=\\\"476\\\" height=\\\"476\\\" loading=\\\"lazy\\\" data-path=\\\"local-images:\\/DIP LOGO 12.jpg\\\" \\/><\\/span><\\/p>\\r\\n<p>\\u00a0<\\/p>\\r\\n<p><strong>Prioridades estrat\\u00e9gicas del D.I.P.<\\/strong><\\/p>\\r\\n<p>\\u00a0<\\/p>\\r\\n<ul>\\r\\n<li>Establecer y mantener una estructura organizativa para apoyar las actividades de investigaci\\u00f3n, traducci\\u00f3n de conocimientos y formaci\\u00f3n del dip.<\\/li>\\r\\n<li>Liderar y realizar programas de investigaci\\u00f3n innovadora para abordar cuestiones de servicios de salud de relevancia para la disciplina y la pr\\u00e1ctica de la enfermer\\u00eda.<\\/li>\\r\\n<li>Liderar y realizar investigaciones y actividades acad\\u00e9micas que contribuyan a la ciencia de la traducci\\u00f3n del conocimiento.<\\/li>\\r\\n<\\/ul>\",\"fulltext\":\"\",\"state\":\"1\",\"catid\":8,\"created\":\"2024-04-01 02:59:33\",\"created_by\":\"215\",\"created_by_alias\":\"\",\"modified\":\"2024-04-01 04:31:58\",\"modified_by\":215,\"checked_out\":215,\"checked_out_time\":\"2024-04-01 04:31:38\",\"publish_up\":\"2024-04-01 02:59:33\",\"publish_down\":null,\"images\":\"{\\\"image_intro\\\":\\\"images\\\\\\/DIP%20LOGO%2012.jpg#joomlaImage:\\\\\\/\\\\\\/local-images\\\\\\/DIP LOGO 12.jpg?width=2520&height=2520\\\",\\\"image_intro_alt\\\":\\\"\\\",\\\"float_intro\\\":\\\"\\\",\\\"image_intro_caption\\\":\\\"\\\",\\\"image_fulltext\\\":\\\"\\\",\\\"image_fulltext_alt\\\":\\\"\\\",\\\"float_fulltext\\\":\\\"\\\",\\\"image_fulltext_caption\\\":\\\"\\\"}\",\"urls\":\"{\\\"urla\\\":\\\"\\\",\\\"urlatext\\\":\\\"\\\",\\\"targeta\\\":\\\"\\\",\\\"urlb\\\":\\\"\\\",\\\"urlbtext\\\":\\\"\\\",\\\"targetb\\\":\\\"\\\",\\\"urlc\\\":\\\"\\\",\\\"urlctext\\\":\\\"\\\",\\\"targetc\\\":\\\"\\\"}\",\"attribs\":\"{\\\"article_layout\\\":\\\"\\\",\\\"show_title\\\":\\\"\\\",\\\"link_titles\\\":\\\"\\\",\\\"show_tags\\\":\\\"\\\",\\\"show_intro\\\":\\\"\\\",\\\"info_block_position\\\":\\\"\\\",\\\"info_block_show_title\\\":\\\"\\\",\\\"show_category\\\":\\\"\\\",\\\"link_category\\\":\\\"\\\",\\\"show_parent_category\\\":\\\"\\\",\\\"link_parent_category\\\":\\\"\\\",\\\"show_author\\\":\\\"\\\",\\\"link_author\\\":\\\"\\\",\\\"show_create_date\\\":\\\"\\\",\\\"show_modify_date\\\":\\\"\\\",\\\"show_publish_date\\\":\\\"\\\",\\\"show_item_navigation\\\":\\\"\\\",\\\"show_hits\\\":\\\"\\\",\\\"show_noauth\\\":\\\"\\\",\\\"urls_position\\\":\\\"\\\",\\\"alternative_readmore\\\":\\\"\\\",\\\"article_page_title\\\":\\\"\\\",\\\"show_publishing_options\\\":\\\"\\\",\\\"show_article_options\\\":\\\"\\\",\\\"show_urls_images_backend\\\":\\\"\\\",\\\"show_urls_images_frontend\\\":\\\"\\\"}\",\"version\":6,\"ordering\":3,\"metakey\":\"\",\"metadesc\":\"\",\"access\":1,\"hits\":1,\"metadata\":\"{\\\"robots\\\":\\\"\\\",\\\"author\\\":\\\"\\\",\\\"rights\\\":\\\"\\\"}\",\"featured\":\"0\",\"language\":\"*\",\"note\":\"\"}', 0),
(16, 'com_content.article.1', '', '2024-04-01 05:26:46', 215, 2596, '7bd21906234b125322a5b8febf8f79c464af859e', '{\"id\":\"1\",\"asset_id\":100,\"title\":\"INICIO\",\"alias\":\"inicio\",\"introtext\":\"<p><span style=\\\"font-size: 8px;\\\">{loadmoduleid 112}<img style=\\\"display: block; margin-left: auto; margin-right: auto;\\\" src=\\\"images\\/DIP%20LOGO%2012.jpg\\\" width=\\\"476\\\" height=\\\"476\\\" loading=\\\"lazy\\\" data-path=\\\"local-images:\\/DIP LOGO 12.jpg\\\" \\/><\\/span><\\/p>\\r\\n<p>\\u00a0<\\/p>\\r\\n<p><strong>Prioridades estrat\\u00e9gicas del D.I.P.<\\/strong><\\/p>\\r\\n<p>\\u00a0<\\/p>\\r\\n<ul>\\r\\n<li>Establecer y mantener una estructura organizativa para apoyar las actividades de investigaci\\u00f3n, traducci\\u00f3n de conocimientos y formaci\\u00f3n del dip.<\\/li>\\r\\n<li>Liderar y realizar programas de investigaci\\u00f3n innovadora para abordar cuestiones de servicios de salud de relevancia para la disciplina y la pr\\u00e1ctica de la enfermer\\u00eda.<\\/li>\\r\\n<li>Liderar y realizar investigaciones y actividades acad\\u00e9micas que contribuyan a la ciencia de la traducci\\u00f3n del conocimiento.<\\/li>\\r\\n<\\/ul>\",\"fulltext\":\"\",\"state\":\"1\",\"catid\":8,\"created\":\"2024-04-01 02:59:33\",\"created_by\":\"215\",\"created_by_alias\":\"\",\"modified\":\"2024-04-01 05:26:46\",\"modified_by\":215,\"checked_out\":215,\"checked_out_time\":\"2024-04-01 05:26:09\",\"publish_up\":\"2024-04-01 02:59:33\",\"publish_down\":null,\"images\":\"{\\\"image_intro\\\":\\\"images\\\\\\/DIP%20LOGO%2012.jpg#joomlaImage:\\\\\\/\\\\\\/local-images\\\\\\/DIP LOGO 12.jpg?width=2520&height=2520\\\",\\\"image_intro_alt\\\":\\\"\\\",\\\"float_intro\\\":\\\"\\\",\\\"image_intro_caption\\\":\\\"\\\",\\\"image_fulltext\\\":\\\"\\\",\\\"image_fulltext_alt\\\":\\\"\\\",\\\"float_fulltext\\\":\\\"\\\",\\\"image_fulltext_caption\\\":\\\"\\\"}\",\"urls\":\"{\\\"urla\\\":\\\"\\\",\\\"urlatext\\\":\\\"\\\",\\\"targeta\\\":\\\"\\\",\\\"urlb\\\":\\\"\\\",\\\"urlbtext\\\":\\\"\\\",\\\"targetb\\\":\\\"\\\",\\\"urlc\\\":\\\"\\\",\\\"urlctext\\\":\\\"\\\",\\\"targetc\\\":\\\"\\\"}\",\"attribs\":\"{\\\"article_layout\\\":\\\"\\\",\\\"show_title\\\":\\\"\\\",\\\"link_titles\\\":\\\"\\\",\\\"show_tags\\\":\\\"\\\",\\\"show_intro\\\":\\\"\\\",\\\"info_block_position\\\":\\\"\\\",\\\"info_block_show_title\\\":\\\"\\\",\\\"show_category\\\":\\\"\\\",\\\"link_category\\\":\\\"\\\",\\\"show_parent_category\\\":\\\"\\\",\\\"link_parent_category\\\":\\\"\\\",\\\"show_author\\\":\\\"\\\",\\\"link_author\\\":\\\"\\\",\\\"show_create_date\\\":\\\"\\\",\\\"show_modify_date\\\":\\\"\\\",\\\"show_publish_date\\\":\\\"\\\",\\\"show_item_navigation\\\":\\\"\\\",\\\"show_hits\\\":\\\"\\\",\\\"show_noauth\\\":\\\"\\\",\\\"urls_position\\\":\\\"\\\",\\\"alternative_readmore\\\":\\\"\\\",\\\"article_page_title\\\":\\\"\\\",\\\"show_publishing_options\\\":\\\"\\\",\\\"show_article_options\\\":\\\"\\\",\\\"show_urls_images_backend\\\":\\\"\\\",\\\"show_urls_images_frontend\\\":\\\"\\\"}\",\"version\":7,\"ordering\":3,\"metakey\":\"\",\"metadesc\":\"\",\"access\":1,\"hits\":1,\"metadata\":\"{\\\"robots\\\":\\\"\\\",\\\"author\\\":\\\"\\\",\\\"rights\\\":\\\"\\\"}\",\"featured\":\"0\",\"language\":\"*\",\"note\":\"\"}', 0),
(17, 'com_content.article.8', '', '2024-04-03 04:20:55', 215, 1575, 'e04e85da06c7dd4446ecd0bffc807511bb5a3c31', '{\"id\":8,\"asset_id\":112,\"title\":\"SOCIEFYK\",\"alias\":\"sociefyk\",\"introtext\":\"\",\"fulltext\":\"\",\"state\":\"1\",\"catid\":8,\"created\":\"2024-04-03 04:20:55\",\"created_by\":215,\"created_by_alias\":\"\",\"modified\":\"2024-04-03 04:20:55\",\"modified_by\":215,\"checked_out\":null,\"checked_out_time\":null,\"publish_up\":\"2024-04-03 04:20:55\",\"publish_down\":null,\"images\":\"{\\\"image_intro\\\":\\\"\\\",\\\"image_intro_alt\\\":\\\"\\\",\\\"float_intro\\\":\\\"\\\",\\\"image_intro_caption\\\":\\\"\\\",\\\"image_fulltext\\\":\\\"\\\",\\\"image_fulltext_alt\\\":\\\"\\\",\\\"float_fulltext\\\":\\\"\\\",\\\"image_fulltext_caption\\\":\\\"\\\"}\",\"urls\":\"{\\\"urla\\\":\\\"\\\",\\\"urlatext\\\":\\\"\\\",\\\"targeta\\\":\\\"\\\",\\\"urlb\\\":\\\"\\\",\\\"urlbtext\\\":\\\"\\\",\\\"targetb\\\":\\\"\\\",\\\"urlc\\\":\\\"\\\",\\\"urlctext\\\":\\\"\\\",\\\"targetc\\\":\\\"\\\"}\",\"attribs\":\"{\\\"article_layout\\\":\\\"\\\",\\\"show_title\\\":\\\"\\\",\\\"link_titles\\\":\\\"\\\",\\\"show_tags\\\":\\\"\\\",\\\"show_intro\\\":\\\"\\\",\\\"info_block_position\\\":\\\"\\\",\\\"info_block_show_title\\\":\\\"\\\",\\\"show_category\\\":\\\"\\\",\\\"link_category\\\":\\\"\\\",\\\"show_parent_category\\\":\\\"\\\",\\\"link_parent_category\\\":\\\"\\\",\\\"show_author\\\":\\\"\\\",\\\"link_author\\\":\\\"\\\",\\\"show_create_date\\\":\\\"\\\",\\\"show_modify_date\\\":\\\"\\\",\\\"show_publish_date\\\":\\\"\\\",\\\"show_item_navigation\\\":\\\"\\\",\\\"show_hits\\\":\\\"\\\",\\\"show_noauth\\\":\\\"\\\",\\\"urls_position\\\":\\\"\\\",\\\"alternative_readmore\\\":\\\"\\\",\\\"article_page_title\\\":\\\"\\\",\\\"show_publishing_options\\\":\\\"\\\",\\\"show_article_options\\\":\\\"\\\",\\\"show_urls_images_backend\\\":\\\"\\\",\\\"show_urls_images_frontend\\\":\\\"\\\"}\",\"version\":\"1\",\"ordering\":null,\"metakey\":\"\",\"metadesc\":\"\",\"access\":1,\"hits\":0,\"metadata\":\"{\\\"robots\\\":\\\"\\\",\\\"author\\\":\\\"\\\",\\\"rights\\\":\\\"\\\"}\",\"featured\":\"0\",\"language\":\"*\",\"note\":\"\"}', 0),
(18, 'com_content.article.1', '', '2024-05-01 13:52:11', 215, 2396, 'd86d492e59323909275c1f72e48a89a32151171f', '{\"id\":\"1\",\"asset_id\":100,\"title\":\"INICIO\",\"alias\":\"inicio\",\"introtext\":\"<p><span style=\\\"font-size: 8px;\\\">{loadmoduleid 112}<\\/span><\\/p>\\r\\n<p>\\u00a0<\\/p>\\r\\n<p><strong>Prioridades estrat\\u00e9gicas del D.I.P.<\\/strong><\\/p>\\r\\n<p>\\u00a0<\\/p>\\r\\n<ul>\\r\\n<li>Establecer y mantener una estructura organizativa para apoyar las actividades de investigaci\\u00f3n, traducci\\u00f3n de conocimientos y formaci\\u00f3n del dip.<\\/li>\\r\\n<li>Liderar y realizar programas de investigaci\\u00f3n innovadora para abordar cuestiones de servicios de salud de relevancia para la disciplina y la pr\\u00e1ctica de la enfermer\\u00eda.<\\/li>\\r\\n<li>Liderar y realizar investigaciones y actividades acad\\u00e9micas que contribuyan a la ciencia de la traducci\\u00f3n del conocimiento.<\\/li>\\r\\n<\\/ul>\",\"fulltext\":\"\",\"state\":\"1\",\"catid\":8,\"created\":\"2024-04-01 02:59:33\",\"created_by\":\"215\",\"created_by_alias\":\"\",\"modified\":\"2024-05-01 13:52:11\",\"modified_by\":215,\"checked_out\":215,\"checked_out_time\":\"2024-05-01 13:49:26\",\"publish_up\":\"2024-04-01 02:59:33\",\"publish_down\":null,\"images\":\"{\\\"image_intro\\\":\\\"images\\\\\\/DIP%20LOGO%2012.jpg#joomlaImage:\\\\\\/\\\\\\/local-images\\\\\\/DIP LOGO 12.jpg?width=2520&height=2520\\\",\\\"image_intro_alt\\\":\\\"\\\",\\\"float_intro\\\":\\\"\\\",\\\"image_intro_caption\\\":\\\"\\\",\\\"image_fulltext\\\":\\\"\\\",\\\"image_fulltext_alt\\\":\\\"\\\",\\\"float_fulltext\\\":\\\"\\\",\\\"image_fulltext_caption\\\":\\\"\\\"}\",\"urls\":\"{\\\"urla\\\":\\\"\\\",\\\"urlatext\\\":\\\"\\\",\\\"targeta\\\":\\\"\\\",\\\"urlb\\\":\\\"\\\",\\\"urlbtext\\\":\\\"\\\",\\\"targetb\\\":\\\"\\\",\\\"urlc\\\":\\\"\\\",\\\"urlctext\\\":\\\"\\\",\\\"targetc\\\":\\\"\\\"}\",\"attribs\":\"{\\\"article_layout\\\":\\\"\\\",\\\"show_title\\\":\\\"\\\",\\\"link_titles\\\":\\\"\\\",\\\"show_tags\\\":\\\"\\\",\\\"show_intro\\\":\\\"\\\",\\\"info_block_position\\\":\\\"\\\",\\\"info_block_show_title\\\":\\\"\\\",\\\"show_category\\\":\\\"\\\",\\\"link_category\\\":\\\"\\\",\\\"show_parent_category\\\":\\\"\\\",\\\"link_parent_category\\\":\\\"\\\",\\\"show_author\\\":\\\"\\\",\\\"link_author\\\":\\\"\\\",\\\"show_create_date\\\":\\\"\\\",\\\"show_modify_date\\\":\\\"\\\",\\\"show_publish_date\\\":\\\"\\\",\\\"show_item_navigation\\\":\\\"\\\",\\\"show_hits\\\":\\\"\\\",\\\"show_noauth\\\":\\\"\\\",\\\"urls_position\\\":\\\"\\\",\\\"alternative_readmore\\\":\\\"\\\",\\\"article_page_title\\\":\\\"\\\",\\\"show_publishing_options\\\":\\\"\\\",\\\"show_article_options\\\":\\\"\\\",\\\"show_urls_images_backend\\\":\\\"\\\",\\\"show_urls_images_frontend\\\":\\\"\\\"}\",\"version\":8,\"ordering\":4,\"metakey\":\"\",\"metadesc\":\"\",\"access\":1,\"hits\":1,\"metadata\":\"{\\\"robots\\\":\\\"\\\",\\\"author\\\":\\\"\\\",\\\"rights\\\":\\\"\\\"}\",\"featured\":\"0\",\"language\":\"*\",\"note\":\"\"}', 0),
(19, 'com_content.article.1', '', '2024-05-01 23:22:27', 215, 2360, '600a0821bbd8ff9e63afdcf93255f9fcb9be1953', '{\"id\":\"1\",\"asset_id\":100,\"title\":\"INICIO\",\"alias\":\"inicio\",\"introtext\":\"<p><span style=\\\"font-size: 8px;\\\">{loadmoduleid 112}<\\/span><\\/p>\\r\\n<p><strong>Prioridades estrat\\u00e9gicas del D.I.P.<\\/strong><\\/p>\\r\\n<ul>\\r\\n<li>Establecer y mantener una estructura organizativa para apoyar las actividades de investigaci\\u00f3n, traducci\\u00f3n de conocimientos y formaci\\u00f3n del dip.<\\/li>\\r\\n<li>Liderar y realizar programas de investigaci\\u00f3n innovadora para abordar cuestiones de servicios de salud de relevancia para la disciplina y la pr\\u00e1ctica de la enfermer\\u00eda.<\\/li>\\r\\n<li>Liderar y realizar investigaciones y actividades acad\\u00e9micas que contribuyan a la ciencia de la traducci\\u00f3n del conocimiento.<\\/li>\\r\\n<\\/ul>\",\"fulltext\":\"\",\"state\":\"1\",\"catid\":8,\"created\":\"2024-04-01 02:59:33\",\"created_by\":\"215\",\"created_by_alias\":\"\",\"modified\":\"2024-05-01 23:22:27\",\"modified_by\":215,\"checked_out\":215,\"checked_out_time\":\"2024-05-01 23:21:38\",\"publish_up\":\"2024-04-01 02:59:33\",\"publish_down\":null,\"images\":\"{\\\"image_intro\\\":\\\"images\\\\\\/DIP%20LOGO%2012.jpg#joomlaImage:\\\\\\/\\\\\\/local-images\\\\\\/DIP LOGO 12.jpg?width=2520&height=2520\\\",\\\"image_intro_alt\\\":\\\"\\\",\\\"float_intro\\\":\\\"\\\",\\\"image_intro_caption\\\":\\\"\\\",\\\"image_fulltext\\\":\\\"\\\",\\\"image_fulltext_alt\\\":\\\"\\\",\\\"float_fulltext\\\":\\\"\\\",\\\"image_fulltext_caption\\\":\\\"\\\"}\",\"urls\":\"{\\\"urla\\\":\\\"\\\",\\\"urlatext\\\":\\\"\\\",\\\"targeta\\\":\\\"\\\",\\\"urlb\\\":\\\"\\\",\\\"urlbtext\\\":\\\"\\\",\\\"targetb\\\":\\\"\\\",\\\"urlc\\\":\\\"\\\",\\\"urlctext\\\":\\\"\\\",\\\"targetc\\\":\\\"\\\"}\",\"attribs\":\"{\\\"article_layout\\\":\\\"\\\",\\\"show_title\\\":\\\"\\\",\\\"link_titles\\\":\\\"\\\",\\\"show_tags\\\":\\\"\\\",\\\"show_intro\\\":\\\"\\\",\\\"info_block_position\\\":\\\"\\\",\\\"info_block_show_title\\\":\\\"\\\",\\\"show_category\\\":\\\"\\\",\\\"link_category\\\":\\\"\\\",\\\"show_parent_category\\\":\\\"\\\",\\\"link_parent_category\\\":\\\"\\\",\\\"show_author\\\":\\\"\\\",\\\"link_author\\\":\\\"\\\",\\\"show_create_date\\\":\\\"\\\",\\\"show_modify_date\\\":\\\"\\\",\\\"show_publish_date\\\":\\\"\\\",\\\"show_item_navigation\\\":\\\"\\\",\\\"show_hits\\\":\\\"\\\",\\\"show_noauth\\\":\\\"\\\",\\\"urls_position\\\":\\\"\\\",\\\"alternative_readmore\\\":\\\"\\\",\\\"article_page_title\\\":\\\"\\\",\\\"show_publishing_options\\\":\\\"\\\",\\\"show_article_options\\\":\\\"\\\",\\\"show_urls_images_backend\\\":\\\"\\\",\\\"show_urls_images_frontend\\\":\\\"\\\"}\",\"version\":9,\"ordering\":4,\"metakey\":\"\",\"metadesc\":\"\",\"access\":1,\"hits\":1,\"metadata\":\"{\\\"robots\\\":\\\"\\\",\\\"author\\\":\\\"\\\",\\\"rights\\\":\\\"\\\"}\",\"featured\":\"0\",\"language\":\"*\",\"note\":\"\"}', 0),
(20, 'com_content.article.1', '', '2024-05-01 23:22:42', 215, 1757, '6c88829a125e20998c855ee38ca4ad9b912f99e6', '{\"id\":\"1\",\"asset_id\":100,\"title\":\"INICIO\",\"alias\":\"inicio\",\"introtext\":\"<p><span style=\\\"font-size: 8px;\\\">{loadmoduleid 112}<\\/span><\\/p>\",\"fulltext\":\"\",\"state\":\"1\",\"catid\":8,\"created\":\"2024-04-01 02:59:33\",\"created_by\":\"215\",\"created_by_alias\":\"\",\"modified\":\"2024-05-01 23:22:42\",\"modified_by\":215,\"checked_out\":215,\"checked_out_time\":\"2024-05-01 23:22:27\",\"publish_up\":\"2024-04-01 02:59:33\",\"publish_down\":null,\"images\":\"{\\\"image_intro\\\":\\\"images\\\\\\/DIP%20LOGO%2012.jpg#joomlaImage:\\\\\\/\\\\\\/local-images\\\\\\/DIP LOGO 12.jpg?width=2520&height=2520\\\",\\\"image_intro_alt\\\":\\\"\\\",\\\"float_intro\\\":\\\"\\\",\\\"image_intro_caption\\\":\\\"\\\",\\\"image_fulltext\\\":\\\"\\\",\\\"image_fulltext_alt\\\":\\\"\\\",\\\"float_fulltext\\\":\\\"\\\",\\\"image_fulltext_caption\\\":\\\"\\\"}\",\"urls\":\"{\\\"urla\\\":\\\"\\\",\\\"urlatext\\\":\\\"\\\",\\\"targeta\\\":\\\"\\\",\\\"urlb\\\":\\\"\\\",\\\"urlbtext\\\":\\\"\\\",\\\"targetb\\\":\\\"\\\",\\\"urlc\\\":\\\"\\\",\\\"urlctext\\\":\\\"\\\",\\\"targetc\\\":\\\"\\\"}\",\"attribs\":\"{\\\"article_layout\\\":\\\"\\\",\\\"show_title\\\":\\\"\\\",\\\"link_titles\\\":\\\"\\\",\\\"show_tags\\\":\\\"\\\",\\\"show_intro\\\":\\\"\\\",\\\"info_block_position\\\":\\\"\\\",\\\"info_block_show_title\\\":\\\"\\\",\\\"show_category\\\":\\\"\\\",\\\"link_category\\\":\\\"\\\",\\\"show_parent_category\\\":\\\"\\\",\\\"link_parent_category\\\":\\\"\\\",\\\"show_author\\\":\\\"\\\",\\\"link_author\\\":\\\"\\\",\\\"show_create_date\\\":\\\"\\\",\\\"show_modify_date\\\":\\\"\\\",\\\"show_publish_date\\\":\\\"\\\",\\\"show_item_navigation\\\":\\\"\\\",\\\"show_hits\\\":\\\"\\\",\\\"show_noauth\\\":\\\"\\\",\\\"urls_position\\\":\\\"\\\",\\\"alternative_readmore\\\":\\\"\\\",\\\"article_page_title\\\":\\\"\\\",\\\"show_publishing_options\\\":\\\"\\\",\\\"show_article_options\\\":\\\"\\\",\\\"show_urls_images_backend\\\":\\\"\\\",\\\"show_urls_images_frontend\\\":\\\"\\\"}\",\"version\":10,\"ordering\":4,\"metakey\":\"\",\"metadesc\":\"\",\"access\":1,\"hits\":1,\"metadata\":\"{\\\"robots\\\":\\\"\\\",\\\"author\\\":\\\"\\\",\\\"rights\\\":\\\"\\\"}\",\"featured\":\"0\",\"language\":\"*\",\"note\":\"\"}', 0);
INSERT INTO `josxt_history` (`version_id`, `item_id`, `version_note`, `save_date`, `editor_user_id`, `character_count`, `sha1_hash`, `version_data`, `keep_forever`) VALUES
(21, 'com_content.article.9', '', '2024-05-21 19:58:39', 215, 4413, '2fd1cf673f0451192514eae5a0cbc6325bbdb6f6', '{\"id\":9,\"asset_id\":114,\"title\":\"UAC Y ALCALD\\u00cdA DE PUCARANI DIALOGAN SOBRE RENOVACI\\u00d3N DE CONVENIO EN TEMAS DE SALUD\",\"alias\":\"uac-y-alcaldia-de-pucarani-dialogan-sobre-renovacion-de-convenio-en-temas-de-salud\",\"introtext\":\"<p><strong>UAC y Alcald\\u00eda de Pucarani dialogan sobre renovaci\\u00f3n de convenio en temas de salud<\\/strong><\\/p>\\r\\n<p>\\u00a0<\\/p>\\r\\n<p><em>Pucarani, 21 de mayo (UAC).-<\\/em> La directora de la UAC - Pucarani, Lic. Lidia Limachi, sostuvo este martes una reuni\\u00f3n con la representaci\\u00f3n de la Unidad de Salud del Gobierno Aut\\u00f3nomo Municipal de Pucarani (Gamp), a fin de dialogar sobre la renovaci\\u00f3n de convenio interinstitucional referido a temas del \\u00e1rea de salud.<br \\/>La autoridad de la UAC-Pucarani estuvo reunido cerca de una hora con el Lic. Fortunato Huampo Arratia, responsable de la Unidad Municipal de Salud. Uno de los temas abordados en la reuni\\u00f3n fue la renovaci\\u00f3n del convenio interinstitucional entre Alcald\\u00eda y UAC, para los servicios en salud.<br \\/>La UAC - Pucarani expres\\u00f3 su predisposici\\u00f3n para la renovaci\\u00f3n de este acuerdo en bien de la salud de la poblaci\\u00f3n y que tambi\\u00e9n sea de beneficio para la formaci\\u00f3n de calidad para los estudiantes de Enfermer\\u00eda y Fisioterapia y Kinesiolog\\u00eda.<\\/p>\\r\\n\",\"fulltext\":\"\\r\\n<p><br \\/>\\\"<em>Me interesa la parte de interacci\\u00f3n social, si bien el municipio nos invita a ferias y estuvimos presentes, pero fue por invitaci\\u00f3n y no bajo un convenio de decir que en cada actividad que tiene (el municipio) o cada tres meses hacer una feria de salud para la comunidad con un enfoque de alg\\u00fan tema de inter\\u00e9s; que hagamos capacitaci\\u00f3n, tal vez ustedes (de la Alcald\\u00eda) identifiquen en el municipio casos, por ejemplo, de ni\\u00f1os que no est\\u00e1n con vacuna o casos de sarampi\\u00f3n, etc., hacer una actividad de interacci\\u00f3n social<\\/em>\\\", indic\\u00f3 Limachi.<br \\/>Por su parte, Huampo mencion\\u00f3 que el municipio impulsa gradualmente la habilitaci\\u00f3n del Hospital de Segundo Nivel de Pucarani equipamiento y recursos humanos.<br \\/>Sin embargo, manifest\\u00f3 que existe la necesidad de seguir potenciando este centro con apoyo en diferentes servicios, debido a que se requiere ampliar la atenci\\u00f3n, por ejemplo, en el \\u00e1rea de fisioterapia.<br \\/>Por su lado, Limachi tambi\\u00e9n expres\\u00f3 la predisposici\\u00f3n de la UAC - Pucarani para coordinar con el municipio en el \\u00e1rea de interacci\\u00f3n social y en investigaci\\u00f3n, orientado a responder a necesidades concretas y en beneficio de todas las comunidades del municipio de Pucarani.<br \\/>Ambas partes concluyeron en la elaboraci\\u00f3n de un borrador del convenio con las propuestas del municipio para el \\u00e1rea de salud, para que en una pr\\u00f3xima reuni\\u00f3n se consolide la alianza interinstitucional.<br \\/>\\/Lch\\/<\\/p>\",\"state\":\"1\",\"catid\":9,\"created\":\"2024-05-21 19:58:39\",\"created_by\":215,\"created_by_alias\":\"\",\"modified\":\"2024-05-21 19:58:39\",\"modified_by\":215,\"checked_out\":null,\"checked_out_time\":null,\"publish_up\":\"2024-05-21 19:58:39\",\"publish_down\":null,\"images\":\"{\\\"image_intro\\\":\\\"\\\",\\\"image_intro_alt\\\":\\\"\\\",\\\"float_intro\\\":\\\"\\\",\\\"image_intro_caption\\\":\\\"\\\",\\\"image_fulltext\\\":\\\"\\\",\\\"image_fulltext_alt\\\":\\\"\\\",\\\"float_fulltext\\\":\\\"\\\",\\\"image_fulltext_caption\\\":\\\"\\\"}\",\"urls\":\"{\\\"urla\\\":\\\"\\\",\\\"urlatext\\\":\\\"\\\",\\\"targeta\\\":\\\"\\\",\\\"urlb\\\":\\\"\\\",\\\"urlbtext\\\":\\\"\\\",\\\"targetb\\\":\\\"\\\",\\\"urlc\\\":\\\"\\\",\\\"urlctext\\\":\\\"\\\",\\\"targetc\\\":\\\"\\\"}\",\"attribs\":\"{\\\"article_layout\\\":\\\"\\\",\\\"show_title\\\":\\\"\\\",\\\"link_titles\\\":\\\"\\\",\\\"show_tags\\\":\\\"\\\",\\\"show_intro\\\":\\\"\\\",\\\"info_block_position\\\":\\\"\\\",\\\"info_block_show_title\\\":\\\"\\\",\\\"show_category\\\":\\\"\\\",\\\"link_category\\\":\\\"\\\",\\\"show_parent_category\\\":\\\"\\\",\\\"link_parent_category\\\":\\\"\\\",\\\"show_author\\\":\\\"\\\",\\\"link_author\\\":\\\"\\\",\\\"show_create_date\\\":\\\"\\\",\\\"show_modify_date\\\":\\\"\\\",\\\"show_publish_date\\\":\\\"\\\",\\\"show_item_navigation\\\":\\\"\\\",\\\"show_hits\\\":\\\"\\\",\\\"show_noauth\\\":\\\"\\\",\\\"urls_position\\\":\\\"\\\",\\\"alternative_readmore\\\":\\\"\\\",\\\"article_page_title\\\":\\\"\\\",\\\"show_publishing_options\\\":\\\"\\\",\\\"show_article_options\\\":\\\"\\\",\\\"show_urls_images_backend\\\":\\\"\\\",\\\"show_urls_images_frontend\\\":\\\"\\\"}\",\"version\":\"1\",\"ordering\":null,\"metakey\":\"\",\"metadesc\":\"\",\"access\":1,\"hits\":0,\"metadata\":\"{\\\"robots\\\":\\\"\\\",\\\"author\\\":\\\"\\\",\\\"rights\\\":\\\"\\\"}\",\"featured\":\"0\",\"language\":\"*\",\"note\":\"\"}', 0),
(22, 'com_content.article.9', '', '2024-05-21 20:05:40', 215, 4515, 'a16be038ce9ef5bced461a28b5e4a93f84db6c35', '{\"id\":\"9\",\"asset_id\":114,\"title\":\"UAC Y ALCALD\\u00cdA DE PUCARANI DIALOGAN SOBRE RENOVACI\\u00d3N DE CONVENIO EN TEMAS DE SALUD\",\"alias\":\"uac-y-alcaldia-de-pucarani-dialogan-sobre-renovacion-de-convenio-en-temas-de-salud\",\"introtext\":\"<p><strong>UAC y Alcald\\u00eda de Pucarani dialogan sobre renovaci\\u00f3n de convenio en temas de salud<\\/strong><\\/p>\\r\\n<p>\\u00a0<\\/p>\\r\\n<p>\\u00a0<\\/p>\\r\\n<p>\\u00a0<\\/p>\\r\\n<p><em>Pucarani, 21 de mayo (UAC).-<\\/em> La directora de la UAC - Pucarani, Lic. Lidia Limachi, sostuvo este martes una reuni\\u00f3n con la representaci\\u00f3n de la Unidad de Salud del Gobierno Aut\\u00f3nomo Municipal de Pucarani (Gamp), a fin de dialogar sobre la renovaci\\u00f3n de convenio interinstitucional referido a temas del \\u00e1rea de salud.<br \\/>La autoridad de la UAC-Pucarani estuvo reunido cerca de una hora con el Lic. Fortunato Huampo Arratia, responsable de la Unidad Municipal de Salud. Uno de los temas abordados en la reuni\\u00f3n fue la renovaci\\u00f3n del convenio interinstitucional entre Alcald\\u00eda y UAC, para los servicios en salud.<br \\/>La UAC - Pucarani expres\\u00f3 su predisposici\\u00f3n para la renovaci\\u00f3n de este acuerdo en bien de la salud de la poblaci\\u00f3n y que tambi\\u00e9n sea de beneficio para la formaci\\u00f3n de calidad para los estudiantes de Enfermer\\u00eda y Fisioterapia y Kinesiolog\\u00eda.<\\/p>\\r\\n<p>\\\"<em>Me interesa la parte de interacci\\u00f3n social, si bien el municipio nos invita a ferias y estuvimos presentes, pero fue por invitaci\\u00f3n y no bajo un convenio de decir que en cada actividad que tiene (el municipio) o cada tres meses hacer una feria de salud para la comunidad con un enfoque de alg\\u00fan tema de inter\\u00e9s; que hagamos capacitaci\\u00f3n, tal vez ustedes (de la Alcald\\u00eda) identifiquen en el municipio casos, por ejemplo, de ni\\u00f1os que no est\\u00e1n con vacuna o casos de sarampi\\u00f3n, etc., hacer una actividad de interacci\\u00f3n social<\\/em>\\\", indic\\u00f3 Limachi.<br \\/>Por su parte, Huampo mencion\\u00f3 que el municipio impulsa gradualmente la habilitaci\\u00f3n del Hospital de Segundo Nivel de Pucarani equipamiento y recursos humanos.<br \\/>Sin embargo, manifest\\u00f3 que existe la necesidad de seguir potenciando este centro con apoyo en diferentes servicios, debido a que se requiere ampliar la atenci\\u00f3n, por ejemplo, en el \\u00e1rea de fisioterapia.<br \\/>Por su lado, Limachi tambi\\u00e9n expres\\u00f3 la predisposici\\u00f3n de la UAC - Pucarani para coordinar con el municipio en el \\u00e1rea de interacci\\u00f3n social y en investigaci\\u00f3n, orientado a responder a necesidades concretas y en beneficio de todas las comunidades del municipio de Pucarani.<br \\/>Ambas partes concluyeron en la elaboraci\\u00f3n de un borrador del convenio con las propuestas del municipio para el \\u00e1rea de salud, para que en una pr\\u00f3xima reuni\\u00f3n se consolide la alianza interinstitucional.<br \\/>\\/Lch\\/<\\/p>\",\"fulltext\":\"\",\"state\":\"1\",\"catid\":9,\"created\":\"2024-05-21 19:58:39\",\"created_by\":\"215\",\"created_by_alias\":\"\",\"modified\":\"2024-05-21 20:05:40\",\"modified_by\":215,\"checked_out\":215,\"checked_out_time\":\"2024-05-21 20:01:17\",\"publish_up\":\"2024-05-21 19:58:39\",\"publish_down\":null,\"images\":\"{\\\"image_intro\\\":\\\"\\\",\\\"image_intro_alt\\\":\\\"Representantes de la UAC-Pucarani y Alcald\\\\u00eda de Pucarani\\\",\\\"float_intro\\\":\\\"\\\",\\\"image_intro_caption\\\":\\\"\\\",\\\"image_fulltext\\\":\\\"\\\",\\\"image_fulltext_alt\\\":\\\"\\\",\\\"float_fulltext\\\":\\\"\\\",\\\"image_fulltext_caption\\\":\\\"\\\"}\",\"urls\":\"{\\\"urla\\\":\\\"\\\",\\\"urlatext\\\":\\\"\\\",\\\"targeta\\\":\\\"\\\",\\\"urlb\\\":\\\"\\\",\\\"urlbtext\\\":\\\"\\\",\\\"targetb\\\":\\\"\\\",\\\"urlc\\\":\\\"\\\",\\\"urlctext\\\":\\\"\\\",\\\"targetc\\\":\\\"\\\"}\",\"attribs\":\"{\\\"article_layout\\\":\\\"\\\",\\\"show_title\\\":\\\"\\\",\\\"link_titles\\\":\\\"\\\",\\\"show_tags\\\":\\\"\\\",\\\"show_intro\\\":\\\"\\\",\\\"info_block_position\\\":\\\"\\\",\\\"info_block_show_title\\\":\\\"\\\",\\\"show_category\\\":\\\"\\\",\\\"link_category\\\":\\\"\\\",\\\"show_parent_category\\\":\\\"\\\",\\\"link_parent_category\\\":\\\"\\\",\\\"show_author\\\":\\\"\\\",\\\"link_author\\\":\\\"\\\",\\\"show_create_date\\\":\\\"\\\",\\\"show_modify_date\\\":\\\"\\\",\\\"show_publish_date\\\":\\\"\\\",\\\"show_item_navigation\\\":\\\"\\\",\\\"show_hits\\\":\\\"\\\",\\\"show_noauth\\\":\\\"\\\",\\\"urls_position\\\":\\\"\\\",\\\"alternative_readmore\\\":\\\"\\\",\\\"article_page_title\\\":\\\"\\\",\\\"show_publishing_options\\\":\\\"\\\",\\\"show_article_options\\\":\\\"\\\",\\\"show_urls_images_backend\\\":\\\"\\\",\\\"show_urls_images_frontend\\\":\\\"\\\"}\",\"version\":2,\"ordering\":0,\"metakey\":\"\",\"metadesc\":\"\",\"access\":1,\"hits\":0,\"metadata\":\"{\\\"robots\\\":\\\"\\\",\\\"author\\\":\\\"\\\",\\\"rights\\\":\\\"\\\"}\",\"featured\":\"0\",\"language\":\"*\",\"note\":\"\"}', 0),
(23, 'com_content.article.9', '', '2024-05-21 21:12:34', 215, 1836, 'c84d55dfddf0a4fca02a85cc8548d8a3d7105999', '{\"id\":\"9\",\"asset_id\":114,\"title\":\"UAC Y ALCALD\\u00cdA DE PUCARANI DIALOGAN SOBRE RENOVACI\\u00d3N DE CONVENIO EN TEMAS DE SALUD\",\"alias\":\"uac-y-alcaldia-de-pucarani-dialogan-sobre-renovacion-de-convenio-en-temas-de-salud\",\"introtext\":\"<p>{loadmoduleid 115}<\\/p>\",\"fulltext\":\"\",\"state\":\"1\",\"catid\":9,\"created\":\"2024-05-21 19:58:39\",\"created_by\":\"215\",\"created_by_alias\":\"\",\"modified\":\"2024-05-21 21:12:34\",\"modified_by\":215,\"checked_out\":215,\"checked_out_time\":\"2024-05-21 21:11:07\",\"publish_up\":\"2024-05-21 19:58:39\",\"publish_down\":null,\"images\":\"{\\\"image_intro\\\":\\\"\\\",\\\"image_intro_alt\\\":\\\"Representantes de la UAC-Pucarani y Alcald\\\\u00eda de Pucarani\\\",\\\"float_intro\\\":\\\"\\\",\\\"image_intro_caption\\\":\\\"\\\",\\\"image_fulltext\\\":\\\"\\\",\\\"image_fulltext_alt\\\":\\\"\\\",\\\"float_fulltext\\\":\\\"\\\",\\\"image_fulltext_caption\\\":\\\"\\\"}\",\"urls\":\"{\\\"urla\\\":\\\"\\\",\\\"urlatext\\\":\\\"\\\",\\\"targeta\\\":\\\"\\\",\\\"urlb\\\":\\\"\\\",\\\"urlbtext\\\":\\\"\\\",\\\"targetb\\\":\\\"\\\",\\\"urlc\\\":\\\"\\\",\\\"urlctext\\\":\\\"\\\",\\\"targetc\\\":\\\"\\\"}\",\"attribs\":\"{\\\"article_layout\\\":\\\"\\\",\\\"show_title\\\":\\\"\\\",\\\"link_titles\\\":\\\"\\\",\\\"show_tags\\\":\\\"\\\",\\\"show_intro\\\":\\\"\\\",\\\"info_block_position\\\":\\\"\\\",\\\"info_block_show_title\\\":\\\"\\\",\\\"show_category\\\":\\\"\\\",\\\"link_category\\\":\\\"\\\",\\\"show_parent_category\\\":\\\"\\\",\\\"link_parent_category\\\":\\\"\\\",\\\"show_author\\\":\\\"\\\",\\\"link_author\\\":\\\"\\\",\\\"show_create_date\\\":\\\"\\\",\\\"show_modify_date\\\":\\\"\\\",\\\"show_publish_date\\\":\\\"\\\",\\\"show_item_navigation\\\":\\\"\\\",\\\"show_hits\\\":\\\"\\\",\\\"show_noauth\\\":\\\"\\\",\\\"urls_position\\\":\\\"\\\",\\\"alternative_readmore\\\":\\\"\\\",\\\"article_page_title\\\":\\\"\\\",\\\"show_publishing_options\\\":\\\"\\\",\\\"show_article_options\\\":\\\"\\\",\\\"show_urls_images_backend\\\":\\\"\\\",\\\"show_urls_images_frontend\\\":\\\"\\\"}\",\"version\":3,\"ordering\":0,\"metakey\":\"\",\"metadesc\":\"\",\"access\":1,\"hits\":0,\"metadata\":\"{\\\"robots\\\":\\\"\\\",\\\"author\\\":\\\"\\\",\\\"rights\\\":\\\"\\\"}\",\"featured\":\"0\",\"language\":\"*\",\"note\":\"\"}', 0);

-- --------------------------------------------------------

--
-- Estructura de tabla para la tabla `josxt_languages`
--

CREATE TABLE `josxt_languages` (
  `lang_id` int(10) UNSIGNED NOT NULL,
  `asset_id` int(10) UNSIGNED NOT NULL DEFAULT 0,
  `lang_code` char(7) CHARACTER SET utf8mb4 COLLATE utf8mb4_bin NOT NULL,
  `title` varchar(50) NOT NULL,
  `title_native` varchar(50) NOT NULL,
  `sef` varchar(50) NOT NULL,
  `image` varchar(50) NOT NULL,
  `description` varchar(512) NOT NULL,
  `metakey` text DEFAULT NULL,
  `metadesc` text NOT NULL,
  `sitename` varchar(1024) NOT NULL DEFAULT '',
  `published` int(11) NOT NULL DEFAULT 0,
  `access` int(10) UNSIGNED NOT NULL DEFAULT 0,
  `ordering` int(11) NOT NULL DEFAULT 0
) ENGINE=InnoDB DEFAULT CHARSET=utf8mb4 COLLATE=utf8mb4_unicode_ci;

--
-- Volcado de datos para la tabla `josxt_languages`
--

INSERT INTO `josxt_languages` (`lang_id`, `asset_id`, `lang_code`, `title`, `title_native`, `sef`, `image`, `description`, `metakey`, `metadesc`, `sitename`, `published`, `access`, `ordering`) VALUES
(1, 0, 'en-GB', 'English (en-GB)', 'English (United Kingdom)', 'en', 'en_gb', '', '', '', '', 1, 1, 1),
(2, 89, 'es-ES', 'Spanish (es-ES)', 'Español (España)', 'es', 'es-es', '', NULL, '', '', 0, 1, 1);

-- --------------------------------------------------------

--
-- Estructura de tabla para la tabla `josxt_mail_templates`
--

CREATE TABLE `josxt_mail_templates` (
  `template_id` varchar(127) NOT NULL DEFAULT '',
  `extension` varchar(127) NOT NULL DEFAULT '',
  `language` char(7) NOT NULL DEFAULT '',
  `subject` varchar(255) NOT NULL DEFAULT '',
  `body` text NOT NULL,
  `htmlbody` mediumtext NOT NULL,
  `attachments` text NOT NULL,
  `params` text NOT NULL
) ENGINE=InnoDB DEFAULT CHARSET=utf8mb4 COLLATE=utf8mb4_unicode_ci;

--
-- Volcado de datos para la tabla `josxt_mail_templates`
--

INSERT INTO `josxt_mail_templates` (`template_id`, `extension`, `language`, `subject`, `body`, `htmlbody`, `attachments`, `params`) VALUES
('com_actionlogs.notification', 'com_actionlogs', '', 'COM_ACTIONLOGS_EMAIL_SUBJECT', 'COM_ACTIONLOGS_EMAIL_BODY', 'COM_ACTIONLOGS_EMAIL_HTMLBODY', '', '{\"tags\":[\"message\",\"date\",\"extension\",\"username\"]}'),
('com_config.test_mail', 'com_config', '', 'COM_CONFIG_SENDMAIL_SUBJECT', 'COM_CONFIG_SENDMAIL_BODY', '', '', '{\"tags\":[\"sitename\",\"method\"]}'),
('com_contact.mail', 'com_contact', '', 'COM_CONTACT_ENQUIRY_SUBJECT', 'COM_CONTACT_ENQUIRY_TEXT', '', '', '{\"tags\":[\"sitename\",\"name\",\"email\",\"subject\",\"body\",\"url\",\"customfields\"]}'),
('com_contact.mail.copy', 'com_contact', '', 'COM_CONTACT_COPYSUBJECT_OF', 'COM_CONTACT_COPYTEXT_OF', '', '', '{\"tags\":[\"sitename\",\"name\",\"email\",\"subject\",\"body\",\"url\",\"customfields\",\"contactname\"]}'),
('com_messages.new_message', 'com_messages', '', 'COM_MESSAGES_NEW_MESSAGE', 'COM_MESSAGES_NEW_MESSAGE_BODY', '', '', '{\"tags\":[\"subject\",\"message\",\"fromname\",\"sitename\",\"siteurl\",\"fromemail\",\"toname\",\"toemail\"]}'),
('com_privacy.notification.admin.export', 'com_privacy', '', 'COM_PRIVACY_EMAIL_ADMIN_REQUEST_SUBJECT_EXPORT_REQUEST', 'COM_PRIVACY_EMAIL_ADMIN_REQUEST_BODY_EXPORT_REQUEST', '', '', '{\"tags\":[\"sitename\",\"url\",\"tokenurl\",\"formurl\",\"token\"]}'),
('com_privacy.notification.admin.remove', 'com_privacy', '', 'COM_PRIVACY_EMAIL_ADMIN_REQUEST_SUBJECT_REMOVE_REQUEST', 'COM_PRIVACY_EMAIL_ADMIN_REQUEST_BODY_REMOVE_REQUEST', '', '', '{\"tags\":[\"sitename\",\"url\",\"tokenurl\",\"formurl\",\"token\"]}'),
('com_privacy.notification.export', 'com_privacy', '', 'COM_PRIVACY_EMAIL_REQUEST_SUBJECT_EXPORT_REQUEST', 'COM_PRIVACY_EMAIL_REQUEST_BODY_EXPORT_REQUEST', '', '', '{\"tags\":[\"sitename\",\"url\",\"tokenurl\",\"formurl\",\"token\"]}'),
('com_privacy.notification.remove', 'com_privacy', '', 'COM_PRIVACY_EMAIL_REQUEST_SUBJECT_REMOVE_REQUEST', 'COM_PRIVACY_EMAIL_REQUEST_BODY_REMOVE_REQUEST', '', '', '{\"tags\":[\"sitename\",\"url\",\"tokenurl\",\"formurl\",\"token\"]}'),
('com_privacy.userdataexport', 'com_privacy', '', 'COM_PRIVACY_EMAIL_DATA_EXPORT_COMPLETED_SUBJECT', 'COM_PRIVACY_EMAIL_DATA_EXPORT_COMPLETED_BODY', '', '', '{\"tags\":[\"sitename\",\"url\"]}'),
('com_users.massmail.mail', 'com_users', '', 'COM_USERS_MASSMAIL_MAIL_SUBJECT', 'COM_USERS_MASSMAIL_MAIL_BODY', '', '', '{\"tags\":[\"subject\",\"body\",\"subjectprefix\",\"bodysuffix\"]}'),
('com_users.password_reset', 'com_users', '', 'COM_USERS_EMAIL_PASSWORD_RESET_SUBJECT', 'COM_USERS_EMAIL_PASSWORD_RESET_BODY', '', '', '{\"tags\":[\"name\",\"email\",\"sitename\",\"link_text\",\"link_html\",\"token\"]}'),
('com_users.registration.admin.new_notification', 'com_users', '', 'COM_USERS_EMAIL_ACCOUNT_DETAILS', 'COM_USERS_EMAIL_REGISTERED_NOTIFICATION_TO_ADMIN_BODY', '', '', '{\"tags\":[\"name\",\"sitename\",\"siteurl\",\"username\"]}'),
('com_users.registration.admin.verification_request', 'com_users', '', 'COM_USERS_EMAIL_ACTIVATE_WITH_ADMIN_ACTIVATION_SUBJECT', 'COM_USERS_EMAIL_ACTIVATE_WITH_ADMIN_ACTIVATION_BODY', '', '', '{\"tags\":[\"name\",\"sitename\",\"email\",\"username\",\"activate\"]}'),
('com_users.registration.user.admin_activated', 'com_users', '', 'COM_USERS_EMAIL_ACTIVATED_BY_ADMIN_ACTIVATION_SUBJECT', 'COM_USERS_EMAIL_ACTIVATED_BY_ADMIN_ACTIVATION_BODY', '', '', '{\"tags\":[\"name\",\"sitename\",\"siteurl\",\"username\"]}'),
('com_users.registration.user.admin_activation', 'com_users', '', 'COM_USERS_EMAIL_ACCOUNT_DETAILS', 'COM_USERS_EMAIL_REGISTERED_WITH_ADMIN_ACTIVATION_BODY_NOPW', '', '', '{\"tags\":[\"name\",\"sitename\",\"activate\",\"siteurl\",\"username\"]}'),
('com_users.registration.user.admin_activation_w_pw', 'com_users', '', 'COM_USERS_EMAIL_ACCOUNT_DETAILS', 'COM_USERS_EMAIL_REGISTERED_WITH_ADMIN_ACTIVATION_BODY', '', '', '{\"tags\":[\"name\",\"sitename\",\"activate\",\"siteurl\",\"username\",\"password_clear\"]}'),
('com_users.registration.user.registration_mail', 'com_users', '', 'COM_USERS_EMAIL_ACCOUNT_DETAILS', 'COM_USERS_EMAIL_REGISTERED_BODY_NOPW', '', '', '{\"tags\":[\"name\",\"sitename\",\"siteurl\",\"username\"]}'),
('com_users.registration.user.registration_mail_w_pw', 'com_users', '', 'COM_USERS_EMAIL_ACCOUNT_DETAILS', 'COM_USERS_EMAIL_REGISTERED_BODY', '', '', '{\"tags\":[\"name\",\"sitename\",\"siteurl\",\"username\",\"password_clear\"]}'),
('com_users.registration.user.self_activation', 'com_users', '', 'COM_USERS_EMAIL_ACCOUNT_DETAILS', 'COM_USERS_EMAIL_REGISTERED_WITH_ACTIVATION_BODY_NOPW', '', '', '{\"tags\":[\"name\",\"sitename\",\"activate\",\"siteurl\",\"username\"]}'),
('com_users.registration.user.self_activation_w_pw', 'com_users', '', 'COM_USERS_EMAIL_ACCOUNT_DETAILS', 'COM_USERS_EMAIL_REGISTERED_WITH_ACTIVATION_BODY', '', '', '{\"tags\":[\"name\",\"sitename\",\"activate\",\"siteurl\",\"username\",\"password_clear\"]}'),
('com_users.reminder', 'com_users', '', 'COM_USERS_EMAIL_USERNAME_REMINDER_SUBJECT', 'COM_USERS_EMAIL_USERNAME_REMINDER_BODY', '', '', '{\"tags\":[\"name\",\"username\",\"sitename\",\"email\",\"link_text\",\"link_html\"]}'),
('plg_multifactorauth_email.mail', 'plg_multifactorauth_email', '', 'PLG_MULTIFACTORAUTH_EMAIL_EMAIL_SUBJECT', 'PLG_MULTIFACTORAUTH_EMAIL_EMAIL_BODY', '', '', '{\"tags\":[\"code\",\"sitename\",\"siteurl\",\"username\",\"email\",\"fullname\"]}'),
('plg_system_privacyconsent.request.reminder', 'plg_system_privacyconsent', '', 'PLG_SYSTEM_PRIVACYCONSENT_EMAIL_REMIND_SUBJECT', 'PLG_SYSTEM_PRIVACYCONSENT_EMAIL_REMIND_BODY', '', '', '{\"tags\":[\"sitename\",\"url\",\"tokenurl\",\"formurl\",\"token\"]}'),
('plg_system_tasknotification.failure_mail', 'plg_system_tasknotification', '', 'PLG_SYSTEM_TASK_NOTIFICATION_FAILURE_MAIL_SUBJECT', 'PLG_SYSTEM_TASK_NOTIFICATION_FAILURE_MAIL_BODY', '', '', '{\"tags\": [\"task_id\", \"task_title\", \"exit_code\", \"exec_data_time\", \"task_output\"]}'),
('plg_system_tasknotification.fatal_recovery_mail', 'plg_system_tasknotification', '', 'PLG_SYSTEM_TASK_NOTIFICATION_FATAL_MAIL_SUBJECT', 'PLG_SYSTEM_TASK_NOTIFICATION_FATAL_MAIL_BODY', '', '', '{\"tags\": [\"task_id\", \"task_title\"]}'),
('plg_system_tasknotification.orphan_mail', 'plg_system_tasknotification', '', 'PLG_SYSTEM_TASK_NOTIFICATION_ORPHAN_MAIL_SUBJECT', 'PLG_SYSTEM_TASK_NOTIFICATION_ORPHAN_MAIL_BODY', '', '', '{\"tags\": [\"task_id\", \"task_title\"]}'),
('plg_system_tasknotification.success_mail', 'plg_system_tasknotification', '', 'PLG_SYSTEM_TASK_NOTIFICATION_SUCCESS_MAIL_SUBJECT', 'PLG_SYSTEM_TASK_NOTIFICATION_SUCCESS_MAIL_BODY', '', '', '{\"tags\":[\"task_id\", \"task_title\", \"exec_data_time\", \"task_output\"]}'),
('plg_system_updatenotification.mail', 'plg_system_updatenotification', '', 'PLG_SYSTEM_UPDATENOTIFICATION_EMAIL_SUBJECT', 'PLG_SYSTEM_UPDATENOTIFICATION_EMAIL_BODY', '', '', '{\"tags\":[\"newversion\",\"curversion\",\"sitename\",\"url\",\"link\",\"releasenews\"]}'),
('plg_user_joomla.mail', 'plg_user_joomla', '', 'PLG_USER_JOOMLA_NEW_USER_EMAIL_SUBJECT', 'PLG_USER_JOOMLA_NEW_USER_EMAIL_BODY', '', '', '{\"tags\":[\"name\",\"sitename\",\"url\",\"username\",\"password\",\"email\"]}');

-- --------------------------------------------------------

--
-- Estructura de tabla para la tabla `josxt_menu`
--

CREATE TABLE `josxt_menu` (
  `id` int(11) NOT NULL,
  `menutype` varchar(24) NOT NULL COMMENT 'The type of menu this item belongs to. FK to #__menu_types.menutype',
  `title` varchar(255) NOT NULL COMMENT 'The display title of the menu item.',
  `alias` varchar(400) CHARACTER SET utf8mb4 COLLATE utf8mb4_bin NOT NULL COMMENT 'The SEF alias of the menu item.',
  `note` varchar(255) NOT NULL DEFAULT '',
  `path` varchar(1024) NOT NULL COMMENT 'The computed path of the menu item based on the alias field.',
  `link` varchar(1024) NOT NULL COMMENT 'The actually link the menu item refers to.',
  `type` varchar(16) NOT NULL COMMENT 'The type of link: Component, URL, Alias, Separator',
  `published` tinyint(4) NOT NULL DEFAULT 0 COMMENT 'The published state of the menu link.',
  `parent_id` int(10) UNSIGNED NOT NULL DEFAULT 1 COMMENT 'The parent menu item in the menu tree.',
  `level` int(10) UNSIGNED NOT NULL DEFAULT 0 COMMENT 'The relative level in the tree.',
  `component_id` int(10) UNSIGNED NOT NULL DEFAULT 0 COMMENT 'FK to #__extensions.id',
  `checked_out` int(10) UNSIGNED DEFAULT NULL COMMENT 'FK to #__users.id',
  `checked_out_time` datetime DEFAULT NULL COMMENT 'The time the menu item was checked out.',
  `browserNav` tinyint(4) NOT NULL DEFAULT 0 COMMENT 'The click behaviour of the link.',
  `access` int(10) UNSIGNED NOT NULL DEFAULT 0 COMMENT 'The access level required to view the menu item.',
  `img` varchar(255) NOT NULL COMMENT 'The image of the menu item.',
  `template_style_id` int(10) UNSIGNED NOT NULL DEFAULT 0,
  `params` text NOT NULL COMMENT 'JSON encoded data for the menu item.',
  `lft` int(11) NOT NULL DEFAULT 0 COMMENT 'Nested set lft.',
  `rgt` int(11) NOT NULL DEFAULT 0 COMMENT 'Nested set rgt.',
  `home` tinyint(3) UNSIGNED NOT NULL DEFAULT 0 COMMENT 'Indicates if this menu item is the home or default page.',
  `language` char(7) NOT NULL DEFAULT '',
  `client_id` tinyint(4) NOT NULL DEFAULT 0,
  `publish_up` datetime DEFAULT NULL,
  `publish_down` datetime DEFAULT NULL
) ENGINE=InnoDB DEFAULT CHARSET=utf8mb4 COLLATE=utf8mb4_unicode_ci;

--
-- Volcado de datos para la tabla `josxt_menu`
--

INSERT INTO `josxt_menu` (`id`, `menutype`, `title`, `alias`, `note`, `path`, `link`, `type`, `published`, `parent_id`, `level`, `component_id`, `checked_out`, `checked_out_time`, `browserNav`, `access`, `img`, `template_style_id`, `params`, `lft`, `rgt`, `home`, `language`, `client_id`, `publish_up`, `publish_down`) VALUES
(1, '', 'Menu_Item_Root', 'root', '', '', '', '', 1, 0, 0, 0, NULL, NULL, 0, 0, '', 0, '', 0, 69, 0, '*', 0, NULL, NULL),
(2, 'main', 'com_banners', 'Banners', '', 'Banners', 'index.php?option=com_banners', 'component', 1, 1, 1, 3, NULL, NULL, 0, 0, 'class:bookmark', 0, '', 1, 10, 0, '*', 1, NULL, NULL),
(3, 'main', 'com_banners', 'Banners', '', 'Banners/Banners', 'index.php?option=com_banners&view=banners', 'component', 1, 2, 2, 3, NULL, NULL, 0, 0, 'class:banners', 0, '', 2, 3, 0, '*', 1, NULL, NULL),
(4, 'main', 'com_banners_categories', 'Categories', '', 'Banners/Categories', 'index.php?option=com_categories&view=categories&extension=com_banners', 'component', 1, 2, 2, 5, NULL, NULL, 0, 0, 'class:banners-cat', 0, '', 4, 5, 0, '*', 1, NULL, NULL),
(5, 'main', 'com_banners_clients', 'Clients', '', 'Banners/Clients', 'index.php?option=com_banners&view=clients', 'component', 1, 2, 2, 3, NULL, NULL, 0, 0, 'class:banners-clients', 0, '', 6, 7, 0, '*', 1, NULL, NULL),
(6, 'main', 'com_banners_tracks', 'Tracks', '', 'Banners/Tracks', 'index.php?option=com_banners&view=tracks', 'component', 1, 2, 2, 3, NULL, NULL, 0, 0, 'class:banners-tracks', 0, '', 8, 9, 0, '*', 1, NULL, NULL),
(7, 'main', 'com_contact', 'Contacts', '', 'Contacts', 'index.php?option=com_contact', 'component', 1, 1, 1, 7, NULL, NULL, 0, 0, 'class:address-book', 0, '', 23, 32, 0, '*', 1, NULL, NULL),
(8, 'main', 'com_contact_contacts', 'Contacts', '', 'Contacts/Contacts', 'index.php?option=com_contact&view=contacts', 'component', 1, 7, 2, 7, NULL, NULL, 0, 0, 'class:contact', 0, '', 24, 25, 0, '*', 1, NULL, NULL),
(9, 'main', 'com_contact_categories', 'Categories', '', 'Contacts/Categories', 'index.php?option=com_categories&view=categories&extension=com_contact', 'component', 1, 7, 2, 5, NULL, NULL, 0, 0, 'class:contact-cat', 0, '', 26, 27, 0, '*', 1, NULL, NULL),
(10, 'main', 'com_newsfeeds', 'News Feeds', '', 'News Feeds', 'index.php?option=com_newsfeeds', 'component', 1, 1, 1, 16, NULL, NULL, 0, 0, 'class:rss', 0, '', 35, 40, 0, '*', 1, NULL, NULL),
(11, 'main', 'com_newsfeeds_feeds', 'Feeds', '', 'News Feeds/Feeds', 'index.php?option=com_newsfeeds&view=newsfeeds', 'component', 1, 10, 2, 16, NULL, NULL, 0, 0, 'class:newsfeeds', 0, '', 36, 37, 0, '*', 1, NULL, NULL),
(12, 'main', 'com_newsfeeds_categories', 'Categories', '', 'News Feeds/Categories', 'index.php?option=com_categories&view=categories&extension=com_newsfeeds', 'component', 1, 10, 2, 5, NULL, NULL, 0, 0, 'class:newsfeeds-cat', 0, '', 38, 39, 0, '*', 1, NULL, NULL),
(13, 'main', 'com_finder', 'Smart Search', '', 'Smart Search', 'index.php?option=com_finder', 'component', 1, 1, 1, 23, NULL, NULL, 0, 0, 'class:search-plus', 0, '', 41, 50, 0, '*', 1, NULL, NULL),
(14, 'main', 'com_tags', 'Tags', '', 'Tags', 'index.php?option=com_tags&view=tags', 'component', 1, 1, 1, 25, NULL, NULL, 0, 1, 'class:tags', 0, '', 51, 52, 0, '', 1, NULL, NULL),
(15, 'main', 'com_associations', 'Multilingual Associations', '', 'Multilingual Associations', 'index.php?option=com_associations&view=associations', 'component', 1, 1, 1, 30, NULL, NULL, 0, 0, 'class:language', 0, '', 33, 34, 0, '*', 1, NULL, NULL),
(16, 'main', 'mod_menu_fields', 'Contact Custom Fields', '', 'Contacts/Contact Custom Fields', 'index.php?option=com_fields&context=com_contact.contact', 'component', 1, 7, 2, 29, NULL, NULL, 0, 0, 'class:messages-add', 0, '', 28, 29, 0, '*', 1, NULL, NULL),
(17, 'main', 'mod_menu_fields_group', 'Contact Custom Fields Group', '', 'Contacts/Contact Custom Fields Group', 'index.php?option=com_fields&view=groups&context=com_contact.contact', 'component', 1, 7, 2, 29, NULL, NULL, 0, 0, 'class:messages-add', 0, '', 30, 31, 0, '*', 1, NULL, NULL),
(18, 'main', 'com_finder_index', 'Smart-Search-Index', '', 'Smart Search/Smart-Search-Index', 'index.php?option=com_finder&view=index', 'component', 1, 13, 2, 23, NULL, NULL, 0, 0, 'class:finder', 0, '', 42, 43, 0, '*', 1, NULL, NULL),
(19, 'main', 'com_finder_maps', 'Smart-Search-Maps', '', 'Smart Search/Smart-Search-Maps', 'index.php?option=com_finder&view=maps', 'component', 1, 13, 2, 23, NULL, NULL, 0, 0, 'class:finder-maps', 0, '', 44, 45, 0, '*', 1, NULL, NULL),
(20, 'main', 'com_finder_filters', 'Smart-Search-Filters', '', 'Smart Search/Smart-Search-Filters', 'index.php?option=com_finder&view=filters', 'component', 1, 13, 2, 23, NULL, NULL, 0, 0, 'class:finder-filters', 0, '', 46, 47, 0, '*', 1, NULL, NULL),
(21, 'main', 'com_finder_searches', 'Smart-Search-Searches', '', 'Smart Search/Smart-Search-Searches', 'index.php?option=com_finder&view=searches', 'component', 1, 13, 2, 23, NULL, NULL, 0, 0, 'class:finder-searches', 0, '', 48, 49, 0, '*', 1, NULL, NULL),
(101, 'mainmenu', 'Home', 'home', '', 'home', 'index.php?option=com_content&view=featured', 'component', 1, 1, 1, 19, NULL, NULL, 0, 1, '', 0, '{\"featured_categories\":[\"\"],\"layout_type\":\"blog\",\"blog_class_leading\":\"\",\"blog_class\":\"\",\"num_leading_articles\":\"1\",\"num_intro_articles\":\"3\",\"num_links\":\"0\",\"link_intro_image\":\"\",\"orderby_pri\":\"\",\"orderby_sec\":\"front\",\"order_date\":\"\",\"show_pagination\":\"2\",\"show_pagination_results\":\"1\",\"show_title\":\"\",\"link_titles\":\"\",\"show_intro\":\"\",\"info_block_position\":\"\",\"info_block_show_title\":\"\",\"show_category\":\"\",\"link_category\":\"\",\"show_parent_category\":\"\",\"link_parent_category\":\"\",\"show_associations\":\"\",\"show_author\":\"\",\"link_author\":\"\",\"show_create_date\":\"\",\"show_modify_date\":\"\",\"show_publish_date\":\"\",\"show_item_navigation\":\"\",\"show_vote\":\"\",\"show_readmore\":\"\",\"show_readmore_title\":\"\",\"show_hits\":\"\",\"show_tags\":\"\",\"show_noauth\":\"\",\"show_feed_link\":\"1\",\"feed_summary\":\"\",\"menu-anchor_title\":\"\",\"menu-anchor_css\":\"\",\"menu_image\":\"\",\"menu_image_css\":\"\",\"menu_text\":1,\"menu_show\":1,\"page_title\":\"\",\"show_page_heading\":\"1\",\"page_heading\":\"\",\"pageclass_sfx\":\"\",\"menu-meta_description\":\"\",\"robots\":\"\"}', 53, 54, 0, '*', 0, NULL, NULL),
(102, 'menuprincipal', 'INICIO', 'inicio', '', 'inicio', 'index.php?option=com_content&view=article&id=1', 'component', 1, 1, 1, 19, NULL, NULL, 0, 1, ' ', 0, '{\"show_title\":\"\",\"link_titles\":\"\",\"show_intro\":\"\",\"info_block_position\":\"\",\"info_block_show_title\":\"\",\"show_category\":\"\",\"link_category\":\"\",\"show_parent_category\":\"\",\"link_parent_category\":\"\",\"show_author\":\"\",\"link_author\":\"\",\"show_create_date\":\"\",\"show_modify_date\":\"\",\"show_publish_date\":\"\",\"show_item_navigation\":\"\",\"show_hits\":\"\",\"show_tags\":\"\",\"show_noauth\":\"\",\"urls_position\":\"\",\"menu-anchor_title\":\"\",\"menu-anchor_css\":\"\",\"menu_icon_css\":\"\",\"menu_image\":\"\",\"menu_image_css\":\"\",\"menu_text\":1,\"menu_show\":1,\"page_title\":\"\",\"show_page_heading\":\"\",\"page_heading\":\"\",\"pageclass_sfx\":\"\",\"menu-meta_description\":\"\",\"robots\":\"\"}', 11, 12, 1, '*', 0, NULL, NULL),
(103, 'menuprincipal', 'Noticias y Eventos', 'noticias-y-eventos', '', 'noticias-y-eventos', 'index.php?option=com_content&view=category&layout=blog&id=9', 'component', 1, 1, 1, 19, NULL, NULL, 0, 1, ' ', 0, '{\"layout_type\":\"blog\",\"show_category_title\":\"\",\"show_description\":\"\",\"show_description_image\":\"\",\"maxLevel\":\"\",\"show_empty_categories\":\"\",\"show_no_articles\":\"\",\"show_category_heading_title_text\":\"\",\"show_subcat_desc\":\"\",\"show_cat_num_articles\":\"\",\"show_cat_tags\":\"\",\"num_leading_articles\":\"\",\"blog_class_leading\":\"\",\"num_intro_articles\":\"\",\"blog_class\":\"\",\"num_columns\":\"\",\"multi_column_order\":\"\",\"num_links\":\"\",\"show_featured\":\"\",\"link_intro_image\":\"\",\"show_subcategory_content\":\"\",\"orderby_pri\":\"\",\"orderby_sec\":\"\",\"order_date\":\"\",\"show_pagination\":\"\",\"show_pagination_results\":\"\",\"article_layout\":\"_:default\",\"show_title\":\"\",\"link_titles\":\"\",\"show_intro\":\"\",\"info_block_position\":\"\",\"info_block_show_title\":\"\",\"show_category\":\"\",\"link_category\":\"\",\"show_parent_category\":\"\",\"link_parent_category\":\"\",\"show_author\":\"\",\"link_author\":\"\",\"show_create_date\":\"\",\"show_modify_date\":\"\",\"show_publish_date\":\"\",\"show_item_navigation\":\"\",\"show_readmore\":\"\",\"show_readmore_title\":\"\",\"show_hits\":\"\",\"show_tags\":\"\",\"show_noauth\":\"\",\"show_feed_link\":\"\",\"feed_summary\":\"\",\"menu-anchor_title\":\"\",\"menu-anchor_css\":\"\",\"menu_icon_css\":\"\",\"menu_image\":\"\",\"menu_image_css\":\"\",\"menu_text\":1,\"menu_show\":1,\"page_title\":\"\",\"show_page_heading\":\"\",\"page_heading\":\"\",\"pageclass_sfx\":\"\",\"menu-meta_description\":\"\",\"robots\":\"\"}', 13, 14, 0, '*', 0, NULL, NULL),
(104, 'menuprincipal', 'SOCEENF', 'soceenf', '', 'soceenf', 'index.php?option=com_content&view=article&id=3', 'component', 1, 1, 1, 19, NULL, NULL, 0, 1, ' ', 0, '{\"show_title\":\"\",\"link_titles\":\"\",\"show_intro\":\"\",\"info_block_position\":\"\",\"info_block_show_title\":\"\",\"show_category\":\"\",\"link_category\":\"\",\"show_parent_category\":\"\",\"link_parent_category\":\"\",\"show_author\":\"\",\"link_author\":\"\",\"show_create_date\":\"\",\"show_modify_date\":\"\",\"show_publish_date\":\"\",\"show_item_navigation\":\"\",\"show_hits\":\"\",\"show_tags\":\"\",\"show_noauth\":\"\",\"urls_position\":\"\",\"menu-anchor_title\":\"\",\"menu-anchor_css\":\"\",\"menu_icon_css\":\"\",\"menu_image\":\"\",\"menu_image_css\":\"\",\"menu_text\":1,\"menu_show\":1,\"page_title\":\"\",\"show_page_heading\":\"\",\"page_heading\":\"\",\"pageclass_sfx\":\"\",\"menu-meta_description\":\"\",\"robots\":\"\"}', 19, 20, 0, '*', 0, NULL, NULL),
(105, 'menuprincipal', 'Revista CONR', 'revista-conr', '', 'revista-conr', 'index.php?option=com_wrapper&view=wrapper', 'component', 1, 1, 1, 1, NULL, NULL, 0, 1, ' ', 0, '{\"url\":\"https:\\/\\/conr-bo.com\\/index.php\\/conr\",\"width\":\"100%\",\"height\":\"500\",\"height_auto\":\"0\",\"add_scheme\":\"1\",\"lazyloading\":\"lazy\",\"menu-anchor_title\":\"https:\\/\\/conr-bo.com\\/index.php\\/conr\",\"menu-anchor_css\":\"\",\"menu_icon_css\":\"\",\"menu_image\":\"\",\"menu_image_css\":\"\",\"menu_text\":1,\"menu_show\":1,\"page_title\":\"\",\"show_page_heading\":\"\",\"page_heading\":\"\",\"pageclass_sfx\":\"\",\"menu-meta_description\":\"\",\"robots\":\"\"}', 15, 16, 0, '*', 0, NULL, NULL),
(106, 'menuprincipal', 'Biblioteca virtual Enfermería-Fisioterapia', 'biblioteca-virtual-enfermeria-fisioterapia', '', 'biblioteca-virtual-enfermeria-fisioterapia', 'index.php?option=com_content&view=article&id=5', 'component', 1, 1, 1, 19, NULL, NULL, 0, 1, ' ', 0, '{\"show_title\":\"\",\"link_titles\":\"\",\"show_intro\":\"\",\"info_block_position\":\"\",\"info_block_show_title\":\"\",\"show_category\":\"\",\"link_category\":\"\",\"show_parent_category\":\"\",\"link_parent_category\":\"\",\"show_author\":\"\",\"link_author\":\"\",\"show_create_date\":\"\",\"show_modify_date\":\"\",\"show_publish_date\":\"\",\"show_item_navigation\":\"\",\"show_hits\":\"\",\"show_tags\":\"\",\"show_noauth\":\"\",\"urls_position\":\"\",\"menu-anchor_title\":\"\",\"menu-anchor_css\":\"\",\"menu_icon_css\":\"\",\"menu_image\":\"\",\"menu_image_css\":\"\",\"menu_text\":1,\"menu_show\":1,\"page_title\":\"\",\"show_page_heading\":\"\",\"page_heading\":\"\",\"pageclass_sfx\":\"\",\"menu-meta_description\":\"\",\"robots\":\"\"}', 17, 18, 0, '*', 0, NULL, NULL),
(107, 'main', 'COM_SPPAGEBUILDER', 'com-sppagebuilder', '', 'com-sppagebuilder', 'index.php?option=com_sppagebuilder', 'component', 1, 1, 1, 10004, NULL, NULL, 0, 1, 'class:component', 0, '{}', 55, 68, 0, '', 1, NULL, NULL),
(108, 'main', 'COM_SPPAGEBUILDER_PAGES', 'com-sppagebuilder-pages', '', 'com-sppagebuilder/com-sppagebuilder-pages', 'index.php?option=com_sppagebuilder&view=pages', 'component', 1, 107, 2, 10004, NULL, NULL, 0, 1, 'class:component', 0, '{}', 56, 57, 0, '', 1, NULL, NULL),
(109, 'main', 'COM_SPPAGEBUILDER_MEDIA', 'com-sppagebuilder-media', '', 'com-sppagebuilder/com-sppagebuilder-media', 'index.php?option=com_sppagebuilder&view=media', 'component', 1, 107, 2, 10004, NULL, NULL, 0, 1, 'class:component', 0, '{}', 58, 59, 0, '', 1, NULL, NULL),
(110, 'main', 'COM_SPPAGEBUILDER_CATEGORIES', 'com-sppagebuilder-categories', '', 'com-sppagebuilder/com-sppagebuilder-categories', 'index.php?option=com_categories&extension=com_sppagebuilder', 'component', 1, 107, 2, 10004, NULL, NULL, 0, 1, 'class:component', 0, '{}', 60, 61, 0, '', 1, NULL, NULL),
(111, 'main', 'COM_SPPAGEBUILDER_INTEGRATIONS', 'com-sppagebuilder-integrations', '', 'com-sppagebuilder/com-sppagebuilder-integrations', 'index.php?option=com_sppagebuilder&view=integrations', 'component', 1, 107, 2, 10004, NULL, NULL, 0, 1, 'class:component', 0, '{}', 62, 63, 0, '', 1, NULL, NULL),
(112, 'main', 'COM_SPPAGEBUILDER_LANGUAGES', 'com-sppagebuilder-languages', '', 'com-sppagebuilder/com-sppagebuilder-languages', 'index.php?option=com_sppagebuilder&view=languages', 'component', 1, 107, 2, 10004, NULL, NULL, 0, 1, 'class:component', 0, '{}', 64, 65, 0, '', 1, NULL, NULL),
(113, 'main', 'COM_SPPAGEBUILDER_ABOUT', 'com-sppagebuilder-about', '', 'com-sppagebuilder/com-sppagebuilder-about', 'index.php?option=com_sppagebuilder&view=about', 'component', 1, 107, 2, 10004, NULL, NULL, 0, 1, 'class:component', 0, '{}', 66, 67, 0, '', 1, NULL, NULL),
(114, 'menuprincipal', 'SOCIEFYK', 'sociefyk', '', 'sociefyk', 'index.php?option=com_content&view=article&id=8', 'component', 1, 1, 1, 19, NULL, NULL, 0, 1, ' ', 0, '{\"show_title\":\"\",\"link_titles\":\"\",\"show_intro\":\"\",\"info_block_position\":\"\",\"info_block_show_title\":\"\",\"show_category\":\"\",\"link_category\":\"\",\"show_parent_category\":\"\",\"link_parent_category\":\"\",\"show_author\":\"\",\"link_author\":\"\",\"show_create_date\":\"\",\"show_modify_date\":\"\",\"show_publish_date\":\"\",\"show_item_navigation\":\"\",\"show_hits\":\"\",\"show_tags\":\"\",\"show_noauth\":\"\",\"urls_position\":\"\",\"menu-anchor_title\":\"\",\"menu-anchor_css\":\"\",\"menu_icon_css\":\"\",\"menu_image\":\"\",\"menu_image_css\":\"\",\"menu_text\":1,\"menu_show\":1,\"page_title\":\"\",\"show_page_heading\":\"\",\"page_heading\":\"\",\"pageclass_sfx\":\"\",\"menu-meta_description\":\"\",\"robots\":\"\"}', 21, 22, 0, '*', 0, NULL, NULL);

-- --------------------------------------------------------

--
-- Estructura de tabla para la tabla `josxt_menu_types`
--

CREATE TABLE `josxt_menu_types` (
  `id` int(10) UNSIGNED NOT NULL,
  `asset_id` int(10) UNSIGNED NOT NULL DEFAULT 0,
  `menutype` varchar(24) NOT NULL,
  `title` varchar(48) NOT NULL,
  `description` varchar(255) NOT NULL DEFAULT '',
  `client_id` int(11) NOT NULL DEFAULT 0
) ENGINE=InnoDB DEFAULT CHARSET=utf8mb4 COLLATE=utf8mb4_unicode_ci;

--
-- Volcado de datos para la tabla `josxt_menu_types`
--

INSERT INTO `josxt_menu_types` (`id`, `asset_id`, `menutype`, `title`, `description`, `client_id`) VALUES
(1, 0, 'mainmenu', 'Main Menu', 'The main menu for the site', 0),
(2, 105, 'menuprincipal', 'MENÚ PRINCIPAL', 'navegación principal', 0);

-- --------------------------------------------------------

--
-- Estructura de tabla para la tabla `josxt_messages`
--

CREATE TABLE `josxt_messages` (
  `message_id` int(10) UNSIGNED NOT NULL,
  `user_id_from` int(10) UNSIGNED NOT NULL DEFAULT 0,
  `user_id_to` int(10) UNSIGNED NOT NULL DEFAULT 0,
  `folder_id` tinyint(3) UNSIGNED NOT NULL DEFAULT 0,
  `date_time` datetime NOT NULL,
  `state` tinyint(4) NOT NULL DEFAULT 0,
  `priority` tinyint(3) UNSIGNED NOT NULL DEFAULT 0,
  `subject` varchar(255) NOT NULL DEFAULT '',
  `message` text NOT NULL
) ENGINE=InnoDB DEFAULT CHARSET=utf8mb4 COLLATE=utf8mb4_unicode_ci;

-- --------------------------------------------------------

--
-- Estructura de tabla para la tabla `josxt_messages_cfg`
--

CREATE TABLE `josxt_messages_cfg` (
  `user_id` int(10) UNSIGNED NOT NULL DEFAULT 0,
  `cfg_name` varchar(100) NOT NULL DEFAULT '',
  `cfg_value` varchar(255) NOT NULL DEFAULT ''
) ENGINE=InnoDB DEFAULT CHARSET=utf8mb4 COLLATE=utf8mb4_unicode_ci;

-- --------------------------------------------------------

--
-- Estructura de tabla para la tabla `josxt_modules`
--

CREATE TABLE `josxt_modules` (
  `id` int(11) NOT NULL,
  `asset_id` int(10) UNSIGNED NOT NULL DEFAULT 0 COMMENT 'FK to the #__assets table.',
  `title` varchar(100) NOT NULL DEFAULT '',
  `note` varchar(255) NOT NULL DEFAULT '',
  `content` text DEFAULT NULL,
  `ordering` int(11) NOT NULL DEFAULT 0,
  `position` varchar(50) NOT NULL DEFAULT '',
  `checked_out` int(10) UNSIGNED DEFAULT NULL,
  `checked_out_time` datetime DEFAULT NULL,
  `publish_up` datetime DEFAULT NULL,
  `publish_down` datetime DEFAULT NULL,
  `published` tinyint(4) NOT NULL DEFAULT 0,
  `module` varchar(50) DEFAULT NULL,
  `access` int(10) UNSIGNED NOT NULL DEFAULT 0,
  `showtitle` tinyint(3) UNSIGNED NOT NULL DEFAULT 1,
  `params` text NOT NULL,
  `client_id` tinyint(4) NOT NULL DEFAULT 0,
  `language` char(7) NOT NULL
) ENGINE=InnoDB DEFAULT CHARSET=utf8mb4 COLLATE=utf8mb4_unicode_ci;

--
-- Volcado de datos para la tabla `josxt_modules`
--

INSERT INTO `josxt_modules` (`id`, `asset_id`, `title`, `note`, `content`, `ordering`, `position`, `checked_out`, `checked_out_time`, `publish_up`, `publish_down`, `published`, `module`, `access`, `showtitle`, `params`, `client_id`, `language`) VALUES
(1, 39, 'Modulo del menú', '', '', 1, 'menu', NULL, NULL, NULL, NULL, 1, 'mod_menu', 1, 1, '{\"menutype\":\"menuprincipal\",\"base\":\"\",\"startLevel\":1,\"endLevel\":0,\"showAllChildren\":1,\"tag_id\":\"\",\"class_sfx\":\"\",\"window_open\":\"\",\"layout\":\"_:default\",\"moduleclass_sfx\":\"\",\"cache\":1,\"cache_time\":900,\"cachemode\":\"itemid\",\"module_tag\":\"div\",\"bootstrap_size\":\"0\",\"header_tag\":\"h3\",\"header_class\":\"\",\"style\":\"0\"}', 0, '*'),
(2, 40, 'Login', '', '', 1, 'login', NULL, NULL, NULL, NULL, 1, 'mod_login', 1, 1, '', 1, '*'),
(3, 41, 'Popular Articles', '', '', 6, 'cpanel', NULL, NULL, NULL, NULL, 0, 'mod_popular', 3, 1, '{\"count\":\"5\",\"catid\":\"\",\"user_id\":\"0\",\"layout\":\"_:default\",\"moduleclass_sfx\":\"\",\"cache\":\"0\", \"bootstrap_size\": \"12\",\"header_tag\":\"h2\"}', 1, '*'),
(4, 42, 'Recently Added Articles', '', '', 4, 'cpanel', NULL, NULL, NULL, NULL, 1, 'mod_latest', 3, 1, '{\"count\":\"5\",\"ordering\":\"c_dsc\",\"catid\":\"\",\"user_id\":\"0\",\"layout\":\"_:default\",\"moduleclass_sfx\":\"\",\"cache\":\"0\", \"bootstrap_size\": \"12\",\"header_tag\":\"h2\"}', 1, '*'),
(8, 43, 'Toolbar', '', '', 1, 'toolbar', NULL, NULL, NULL, NULL, 1, 'mod_toolbar', 3, 1, '', 1, '*'),
(9, 44, 'Notifications', '', '', 3, 'icon', NULL, NULL, NULL, NULL, 0, 'mod_quickicon', 3, 1, '{\"context\":\"update_quickicon\",\"header_icon\":\"icon-sync\",\"show_jupdate\":\"1\",\"show_eupdate\":\"1\",\"show_oupdate\":\"1\",\"show_privacy\":\"1\",\"layout\":\"_:default\",\"moduleclass_sfx\":\"\",\"cache\":1,\"cache_time\":900,\"style\":\"0\",\"module_tag\":\"div\",\"bootstrap_size\":\"12\",\"header_tag\":\"h2\",\"header_class\":\"\"}', 1, '*'),
(10, 45, 'Logged-in Users', '', '', 2, 'cpanel', NULL, NULL, NULL, NULL, 1, 'mod_logged', 3, 1, '{\"count\":\"5\",\"name\":\"1\",\"layout\":\"_:default\",\"moduleclass_sfx\":\"\",\"cache\":\"0\", \"bootstrap_size\": \"12\",\"header_tag\":\"h2\"}', 1, '*'),
(12, 46, 'Admin Menu', '', '', 1, 'menu', NULL, NULL, NULL, NULL, 1, 'mod_menu', 3, 1, '{\"layout\":\"\",\"moduleclass_sfx\":\"\",\"shownew\":\"1\",\"showhelp\":\"1\",\"cache\":\"0\"}', 1, '*'),
(15, 49, 'Title', '', '', 1, 'title', NULL, NULL, NULL, NULL, 1, 'mod_title', 3, 1, '', 1, '*'),
(16, 50, 'Login Form', '', '', 7, 'sidebar-right', NULL, NULL, NULL, NULL, 0, 'mod_login', 1, 1, '{\"greeting\":\"1\",\"name\":\"0\"}', 0, '*'),
(17, 51, 'Breadcrumbs', '', '', 1, 'breadcrumbs', NULL, NULL, NULL, NULL, 0, 'mod_breadcrumbs', 1, 1, '{\"moduleclass_sfx\":\"\",\"showHome\":\"1\",\"homeText\":\"\",\"showComponent\":\"1\",\"separator\":\"\",\"cache\":\"0\",\"cache_time\":\"0\",\"cachemode\":\"itemid\"}', 0, '*'),
(79, 52, 'Multilanguage status', '', '', 2, 'status', NULL, NULL, NULL, NULL, 1, 'mod_multilangstatus', 3, 1, '{\"layout\":\"_:default\",\"moduleclass_sfx\":\"\",\"cache\":\"0\"}', 1, '*'),
(86, 53, 'Joomla Version', '', '', 1, 'status', NULL, NULL, NULL, NULL, 1, 'mod_version', 3, 1, '{\"layout\":\"_:default\",\"moduleclass_sfx\":\"\",\"cache\":\"0\"}', 1, '*'),
(87, 55, 'Sample Data', '', '', 1, 'cpanel', NULL, NULL, NULL, NULL, 0, 'mod_sampledata', 6, 1, '{\"bootstrap_size\": \"12\",\"header_tag\":\"h2\"}', 1, '*'),
(88, 67, 'Latest Actions', '', '', 3, 'cpanel', NULL, NULL, NULL, NULL, 0, 'mod_latestactions', 6, 1, '{\"bootstrap_size\": \"12\",\"header_tag\":\"h2\"}', 1, '*'),
(89, 68, 'Privacy Dashboard', '', '', 5, 'cpanel', NULL, NULL, NULL, NULL, 1, 'mod_privacy_dashboard', 6, 1, '{\"bootstrap_size\": \"12\",\"header_tag\":\"h2\"}', 1, '*'),
(90, 89, 'Login Support', '', '', 1, 'sidebar', NULL, NULL, NULL, NULL, 1, 'mod_loginsupport', 1, 1, '{\"forum_url\":\"https://forum.joomla.org/\",\"documentation_url\":\"https://docs.joomla.org/\",\"news_url\":\"https://www.joomla.org/announcements.html\",\"automatic_title\":1,\"prepare_content\":1,\"layout\":\"_:default\",\"moduleclass_sfx\":\"\",\"cache\":1,\"cache_time\":900,\"module_tag\":\"div\",\"bootstrap_size\":\"0\",\"header_tag\":\"h3\",\"header_class\":\"\",\"style\":\"0\"}', 1, '*'),
(91, 72, 'System Dashboard', '', '', 1, 'cpanel-system', NULL, NULL, NULL, NULL, 1, 'mod_submenu', 1, 0, '{\"menutype\":\"*\",\"preset\":\"system\",\"layout\":\"_:default\",\"moduleclass_sfx\":\"\",\"module_tag\":\"div\",\"bootstrap_size\":\"12\",\"header_tag\":\"h2\",\"header_class\":\"\",\"style\":\"System-none\"}', 1, '*'),
(92, 73, 'Content Dashboard', '', '', 1, 'cpanel-content', NULL, NULL, NULL, NULL, 1, 'mod_submenu', 1, 0, '{\"menutype\":\"*\",\"preset\":\"content\",\"layout\":\"_:default\",\"moduleclass_sfx\":\"\",\"module_tag\":\"div\",\"bootstrap_size\":\"12\",\"header_tag\":\"h2\",\"header_class\":\"\",\"style\":\"System-none\"}', 1, '*'),
(93, 74, 'Menus Dashboard', '', '', 1, 'cpanel-menus', NULL, NULL, NULL, NULL, 1, 'mod_submenu', 1, 0, '{\"menutype\":\"*\",\"preset\":\"menus\",\"layout\":\"_:default\",\"moduleclass_sfx\":\"\",\"module_tag\":\"div\",\"bootstrap_size\":\"12\",\"header_tag\":\"h2\",\"header_class\":\"\",\"style\":\"System-none\"}', 1, '*'),
(94, 75, 'Components Dashboard', '', '', 1, 'cpanel-components', NULL, NULL, NULL, NULL, 1, 'mod_submenu', 1, 0, '{\"menutype\":\"*\",\"preset\":\"components\",\"layout\":\"_:default\",\"moduleclass_sfx\":\"\",\"module_tag\":\"div\",\"bootstrap_size\":\"12\",\"header_tag\":\"h2\",\"header_class\":\"\",\"style\":\"System-none\"}', 1, '*'),
(95, 76, 'Users Dashboard', '', '', 1, 'cpanel-users', NULL, NULL, NULL, NULL, 1, 'mod_submenu', 1, 0, '{\"menutype\":\"*\",\"preset\":\"users\",\"layout\":\"_:default\",\"moduleclass_sfx\":\"\",\"module_tag\":\"div\",\"bootstrap_size\":\"12\",\"header_tag\":\"h2\",\"header_class\":\"\",\"style\":\"System-none\"}', 1, '*'),
(96, 86, 'Popular Articles', '', '', 3, 'cpanel-content', NULL, NULL, NULL, NULL, 1, 'mod_popular', 3, 1, '{\"count\":\"5\",\"catid\":\"\",\"user_id\":\"0\",\"layout\":\"_:default\",\"moduleclass_sfx\":\"\",\"cache\":\"0\", \"bootstrap_size\": \"12\",\"header_tag\":\"h2\"}', 1, '*'),
(97, 87, 'Recently Added Articles', '', '', 4, 'cpanel-content', NULL, NULL, NULL, NULL, 1, 'mod_latest', 3, 1, '{\"count\":\"5\",\"ordering\":\"c_dsc\",\"catid\":\"\",\"user_id\":\"0\",\"layout\":\"_:default\",\"moduleclass_sfx\":\"\",\"cache\":\"0\", \"bootstrap_size\": \"12\",\"header_tag\":\"h2\"}', 1, '*'),
(98, 88, 'Logged-in Users', '', '', 2, 'cpanel-users', NULL, NULL, NULL, NULL, 1, 'mod_logged', 3, 1, '{\"count\":\"5\",\"name\":\"1\",\"layout\":\"_:default\",\"moduleclass_sfx\":\"\",\"cache\":\"0\", \"bootstrap_size\": \"12\",\"header_tag\":\"h2\"}', 1, '*'),
(99, 77, 'Frontend Link', '', '', 5, 'status', NULL, NULL, NULL, NULL, 1, 'mod_frontend', 1, 1, '', 1, '*'),
(100, 78, 'Messages', '', '', 4, 'status', NULL, NULL, NULL, NULL, 1, 'mod_messages', 3, 1, '', 1, '*'),
(101, 79, 'Post Install Messages', '', '', 3, 'status', NULL, NULL, NULL, NULL, 1, 'mod_post_installation_messages', 3, 1, '', 1, '*'),
(102, 80, 'User Status', '', '', 6, 'status', NULL, NULL, NULL, NULL, 1, 'mod_user', 3, 1, '', 1, '*'),
(103, 70, 'Site', '', '', 1, 'icon', NULL, NULL, NULL, NULL, 1, 'mod_quickicon', 1, 1, '{\"context\":\"site_quickicon\",\"header_icon\":\"icon-desktop\",\"show_users\":\"1\",\"show_articles\":\"1\",\"show_categories\":\"1\",\"show_media\":\"1\",\"show_menuItems\":\"1\",\"show_modules\":\"1\",\"show_plugins\":\"1\",\"show_templates\":\"1\",\"layout\":\"_:default\",\"moduleclass_sfx\":\"\",\"cache\":1,\"cache_time\":900,\"style\":\"0\",\"module_tag\":\"div\",\"bootstrap_size\":\"12\",\"header_tag\":\"h2\",\"header_class\":\"\"}', 1, '*'),
(104, 71, 'System', '', '', 2, 'icon', NULL, NULL, NULL, NULL, 0, 'mod_quickicon', 1, 1, '{\"context\":\"system_quickicon\",\"header_icon\":\"icon-wrench\",\"show_global\":\"1\",\"show_checkin\":\"1\",\"show_cache\":\"1\",\"layout\":\"_:default\",\"moduleclass_sfx\":\"\",\"cache\":1,\"cache_time\":900,\"style\":\"0\",\"module_tag\":\"div\",\"bootstrap_size\":\"12\",\"header_tag\":\"h2\",\"header_class\":\"\"}', 1, '*'),
(105, 82, '3rd Party', '', '', 4, 'icon', NULL, NULL, NULL, NULL, 1, 'mod_quickicon', 1, 1, '{\"context\":\"mod_quickicon\",\"header_icon\":\"icon-boxes\",\"load_plugins\":\"1\",\"layout\":\"_:default\",\"moduleclass_sfx\":\"\",\"cache\":1,\"cache_time\":900,\"style\":\"0\",\"module_tag\":\"div\",\"bootstrap_size\":\"12\",\"header_tag\":\"h2\",\"header_class\":\"\"}', 1, '*'),
(106, 83, 'Help Dashboard', '', '', 1, 'cpanel-help', NULL, NULL, NULL, NULL, 1, 'mod_submenu', 1, 0, '{\"menutype\":\"*\",\"preset\":\"help\",\"layout\":\"_:default\",\"moduleclass_sfx\":\"\",\"style\":\"System-none\",\"module_tag\":\"div\",\"bootstrap_size\":\"12\",\"header_tag\":\"h2\",\"header_class\":\"\"}', 1, '*'),
(107, 84, 'Privacy Requests', '', '', 1, 'cpanel-privacy', NULL, NULL, NULL, NULL, 1, 'mod_privacy_dashboard', 1, 1, '{\"layout\":\"_:default\",\"moduleclass_sfx\":\"\",\"cache\":1,\"cache_time\":900,\"cachemode\":\"static\",\"style\":\"0\",\"module_tag\":\"div\",\"bootstrap_size\":\"12\",\"header_tag\":\"h2\",\"header_class\":\"\"}', 1, '*'),
(108, 85, 'Privacy Status', '', '', 1, 'cpanel-privacy', NULL, NULL, NULL, NULL, 1, 'mod_privacy_status', 1, 1, '{\"layout\":\"_:default\",\"moduleclass_sfx\":\"\",\"cache\":1,\"cache_time\":900,\"cachemode\":\"static\",\"style\":\"0\",\"module_tag\":\"div\",\"bootstrap_size\":\"12\",\"header_tag\":\"h2\",\"header_class\":\"\"}', 1, '*'),
(109, 96, 'Guided Tours', '', '', 1, 'status', NULL, NULL, NULL, NULL, 1, 'mod_guidedtours', 1, 1, '', 1, '*'),
(110, 98, 'ESTADISTICAS', '', NULL, 1, 'cpanel', NULL, NULL, NULL, NULL, 1, 'mod_stats_admin', 1, 1, '{\"serverinfo\":1,\"siteinfo\":1,\"layout\":\"_:default\",\"moduleclass_sfx\":\"\",\"cache\":1,\"cache_time\":900,\"cachemode\":\"static\",\"module_tag\":\"div\",\"bootstrap_size\":\"0\",\"header_tag\":\"h3\",\"header_class\":\"\",\"style\":\"0\"}', 1, '*'),
(111, 110, 'SP Page Builder', '', '', 1, '', NULL, NULL, NULL, NULL, 0, 'mod_sppagebuilder', 1, 1, '', 0, '*'),
(112, 111, 'Pagina construida', '', '', 1, '', NULL, NULL, NULL, NULL, 1, 'mod_sppagebuilder', 1, 1, '{\"layout\":\"_:default\",\"moduleclass_sfx\":\"\",\"cache\":\"1\",\"cache_time\":\"900\",\"cachemode\":\"itemid\",\"content\":\"[{\\\"id\\\":1711948130987,\\\"visibility\\\":true,\\\"collapse\\\":false,\\\"settings\\\":{\\\"admin_label\\\":\\\"\\\",\\\"title\\\":\\\"\\\",\\\"heading_selector\\\":\\\"h3\\\",\\\"title_fontsize\\\":\\\"\\\",\\\"title_fontweight\\\":\\\"\\\",\\\"title_position\\\":\\\"sppb-text-center\\\",\\\"columns_align_center\\\":0,\\\"fullscreen\\\":0,\\\"no_gutter\\\":0,\\\"padding\\\":{\\\"md\\\":\\\"0px 0px 0px 0px\\\",\\\"sm\\\":\\\"   \\\",\\\"xs\\\":\\\"   \\\"},\\\"margin\\\":{\\\"md\\\":\\\"0px 0px 0px 0px\\\",\\\"sm\\\":\\\"   \\\",\\\"xs\\\":\\\"   \\\"},\\\"background_image\\\":\\\"\\\",\\\"background_repeat\\\":\\\"no-repeat\\\",\\\"background_size\\\":\\\"cover\\\",\\\"background_attachment\\\":\\\"fixed\\\",\\\"background_position\\\":\\\"0 0\\\",\\\"background_video\\\":0,\\\"hidden_xs\\\":0,\\\"hidden_sm\\\":0,\\\"hidden_md\\\":0,\\\"animationduration\\\":\\\"300\\\",\\\"animationdelay\\\":\\\"0\\\"},\\\"layout\\\":\\\"12\\\",\\\"columns\\\":[{\\\"id\\\":1711948130986,\\\"class_name\\\":\\\"col-md-12\\\",\\\"visibility\\\":true,\\\"settings\\\":{\\\"background_image\\\":\\\"\\\",\\\"background_repeat\\\":\\\"no-repeat\\\",\\\"background_size\\\":\\\"cover\\\",\\\"background_attachment\\\":\\\"scroll\\\",\\\"background_position\\\":\\\"0 0\\\",\\\"items_align_center\\\":0,\\\"boxshadow\\\":\\\"0 0 0 0 #fff\\\",\\\"sm_col\\\":\\\"\\\",\\\"xs_col\\\":\\\"\\\",\\\"hidden_xs\\\":\\\"\\\",\\\"hidden_sm\\\":\\\"\\\",\\\"hidden_md\\\":\\\"\\\",\\\"animationduration\\\":\\\"300\\\",\\\"animationdelay\\\":\\\"0\\\"},\\\"addons\\\":[{\\\"id\\\":1711948130990,\\\"name\\\":\\\"carousel\\\",\\\"visibility\\\":true,\\\"settings\\\":{\\\"admin_label\\\":\\\"\\\",\\\"autoplay\\\":1,\\\"interval\\\":\\\"6\\\",\\\"speed\\\":\\\"601\\\",\\\"controllers\\\":1,\\\"arrows\\\":1,\\\"alignment\\\":\\\"sppb-text-center\\\",\\\"class\\\":\\\"\\\",\\\"sp_carousel_item\\\":[{\\\"title_padding\\\":{\\\"md\\\":\\\"   \\\",\\\"sm\\\":\\\"   \\\",\\\"xs\\\":\\\"   \\\"},\\\"title_margin\\\":{\\\"md\\\":\\\"   \\\",\\\"sm\\\":\\\"   \\\",\\\"xs\\\":\\\"   \\\"},\\\"content_padding\\\":{\\\"md\\\":\\\"   \\\",\\\"sm\\\":\\\"   \\\",\\\"xs\\\":\\\"   \\\"},\\\"content_margin\\\":{\\\"md\\\":\\\"   \\\",\\\"sm\\\":\\\"   \\\",\\\"xs\\\":\\\"   \\\"},\\\"bg\\\":\\\"images\\/2024\\/04\\/04\\/caratula-fotos-portada-dip-1.jpg\\\"},{\\\"title_padding\\\":{\\\"md\\\":\\\"   \\\",\\\"sm\\\":\\\"   \\\",\\\"xs\\\":\\\"   \\\"},\\\"title_margin\\\":{\\\"md\\\":\\\"   \\\",\\\"sm\\\":\\\"   \\\",\\\"xs\\\":\\\"   \\\"},\\\"content_padding\\\":{\\\"md\\\":\\\"   \\\",\\\"sm\\\":\\\"   \\\",\\\"xs\\\":\\\"   \\\"},\\\"content_margin\\\":{\\\"md\\\":\\\"   \\\",\\\"sm\\\":\\\"   \\\",\\\"xs\\\":\\\"   \\\"},\\\"bg\\\":\\\"images\\/2024\\/04\\/02\\/caratula-fotos-portada-dip-2.jpg\\\"},{\\\"title_padding\\\":{\\\"md\\\":\\\"   \\\",\\\"sm\\\":\\\"   \\\",\\\"xs\\\":\\\"   \\\"},\\\"title_margin\\\":{\\\"md\\\":\\\"   \\\",\\\"sm\\\":\\\"   \\\",\\\"xs\\\":\\\"   \\\"},\\\"content_padding\\\":{\\\"md\\\":\\\"   \\\",\\\"sm\\\":\\\"   \\\",\\\"xs\\\":\\\"   \\\"},\\\"content_margin\\\":{\\\"md\\\":\\\"   \\\",\\\"sm\\\":\\\"   \\\",\\\"xs\\\":\\\"   \\\"},\\\"bg\\\":\\\"images\\/2024\\/04\\/02\\/caratula-fotos-portada-dip-3.jpg\\\"},{\\\"title_padding\\\":{\\\"md\\\":\\\"   \\\",\\\"sm\\\":\\\"   \\\",\\\"xs\\\":\\\"   \\\"},\\\"title_margin\\\":{\\\"md\\\":\\\"   \\\",\\\"sm\\\":\\\"   \\\",\\\"xs\\\":\\\"   \\\"},\\\"content_padding\\\":{\\\"md\\\":\\\"   \\\",\\\"sm\\\":\\\"   \\\",\\\"xs\\\":\\\"   \\\"},\\\"content_margin\\\":{\\\"md\\\":\\\"   \\\",\\\"sm\\\":\\\"   \\\",\\\"xs\\\":\\\"   \\\"},\\\"bg\\\":\\\"images\\/2024\\/04\\/02\\/caratula-fotos-portada-dip-4.jpg\\\"},{\\\"title_padding\\\":{\\\"md\\\":\\\"   \\\",\\\"sm\\\":\\\"   \\\",\\\"xs\\\":\\\"   \\\"},\\\"title_margin\\\":{\\\"md\\\":\\\"   \\\",\\\"sm\\\":\\\"   \\\",\\\"xs\\\":\\\"   \\\"},\\\"content_padding\\\":{\\\"md\\\":\\\"   \\\",\\\"sm\\\":\\\"   \\\",\\\"xs\\\":\\\"   \\\"},\\\"content_margin\\\":{\\\"md\\\":\\\"   \\\",\\\"sm\\\":\\\"   \\\",\\\"xs\\\":\\\"   \\\"},\\\"bg\\\":\\\"images\\/2024\\/04\\/02\\/caratula-fotos-portada-dip-5.jpg\\\"},{\\\"title_padding\\\":{\\\"md\\\":\\\"   \\\",\\\"sm\\\":\\\"   \\\",\\\"xs\\\":\\\"   \\\"},\\\"title_margin\\\":{\\\"md\\\":\\\"   \\\",\\\"sm\\\":\\\"   \\\",\\\"xs\\\":\\\"   \\\"},\\\"content_padding\\\":{\\\"md\\\":\\\"   \\\",\\\"sm\\\":\\\"   \\\",\\\"xs\\\":\\\"   \\\"},\\\"content_margin\\\":{\\\"md\\\":\\\"   \\\",\\\"sm\\\":\\\"   \\\",\\\"xs\\\":\\\"   \\\"},\\\"bg\\\":\\\"images\\/2024\\/04\\/02\\/caratula-fotos-portada-dip-6.jpg\\\"}],\\\"global_use_background\\\":0,\\\"global_background_repeat\\\":\\\"no-repeat\\\",\\\"global_background_size\\\":\\\"cover\\\",\\\"global_background_attachment\\\":\\\"inherit\\\",\\\"global_background_position\\\":\\\"50% 50%\\\",\\\"global_user_border\\\":0,\\\"global_border_width\\\":\\\"\\\",\\\"global_border_radius\\\":0,\\\"global_margin\\\":{\\\"md\\\":\\\"0px 0px 30px 0px\\\",\\\"sm\\\":\\\"0px 0px 20px 0px\\\",\\\"xs\\\":\\\"0px 0px 10px 0px\\\"},\\\"global_padding\\\":{\\\"md\\\":\\\"   \\\",\\\"sm\\\":\\\"   \\\",\\\"xs\\\":\\\"   \\\"},\\\"global_boxshadow\\\":\\\"0 0 0 0 #ffffff\\\",\\\"global_use_animation\\\":0,\\\"global_animationduration\\\":\\\"300\\\",\\\"global_animationdelay\\\":\\\"0\\\",\\\"use_global_width\\\":0,\\\"hidden_md\\\":0,\\\"hidden_sm\\\":0,\\\"hidden_xs\\\":0,\\\"acl\\\":\\\"\\\",\\\"while_scroll_view\\\":[{\\\"enable_while_scroll_view\\\":0}],\\\"mouse_movement\\\":[{\\\"enable_tilt_effect\\\":0,\\\"mouse_tilt_direction\\\":\\\"direct\\\",\\\"mouse_tilt_speed\\\":\\\"1\\\",\\\"mouse_tilt_max\\\":\\\"15\\\",\\\"enable_tablet\\\":0,\\\"enable_mobile\\\":0}]}}]}]},{\\\"id\\\":1714601455185,\\\"visibility\\\":true,\\\"collapse\\\":false,\\\"settings\\\":{\\\"admin_label\\\":\\\"\\\",\\\"title\\\":\\\"\\\",\\\"heading_selector\\\":\\\"h3\\\",\\\"title_fontsize\\\":\\\"\\\",\\\"title_fontweight\\\":\\\"\\\",\\\"title_position\\\":\\\"sppb-text-center\\\",\\\"columns_align_center\\\":0,\\\"fullscreen\\\":0,\\\"no_gutter\\\":0,\\\"padding\\\":{\\\"md\\\":\\\"50px 0px 50px 0px\\\",\\\"sm\\\":\\\"   \\\",\\\"xs\\\":\\\"   \\\"},\\\"margin\\\":{\\\"md\\\":\\\"0px 0px 0px 0px\\\",\\\"sm\\\":\\\"   \\\",\\\"xs\\\":\\\"   \\\"},\\\"background_image\\\":\\\"\\\",\\\"background_repeat\\\":\\\"no-repeat\\\",\\\"background_size\\\":\\\"cover\\\",\\\"background_attachment\\\":\\\"fixed\\\",\\\"background_position\\\":\\\"0 0\\\",\\\"background_video\\\":0,\\\"hidden_xs\\\":0,\\\"hidden_sm\\\":0,\\\"hidden_md\\\":0,\\\"animationduration\\\":\\\"300\\\",\\\"animationdelay\\\":\\\"0\\\"},\\\"layout\\\":\\\"6,6\\\",\\\"columns\\\":[{\\\"id\\\":1714601455183,\\\"class_name\\\":\\\"col-md-6\\\",\\\"visibility\\\":true,\\\"settings\\\":{\\\"background_image\\\":\\\"\\\",\\\"background_repeat\\\":\\\"no-repeat\\\",\\\"background_size\\\":\\\"cover\\\",\\\"background_attachment\\\":\\\"scroll\\\",\\\"background_position\\\":\\\"0 0\\\",\\\"items_align_center\\\":1,\\\"boxshadow\\\":\\\"0 0 0 0 #fff\\\",\\\"sm_col\\\":\\\"\\\",\\\"xs_col\\\":\\\"\\\",\\\"hidden_xs\\\":0,\\\"hidden_sm\\\":0,\\\"hidden_md\\\":0,\\\"animationduration\\\":\\\"300\\\",\\\"animationdelay\\\":\\\"0\\\",\\\"padding\\\":{\\\"md\\\":\\\"   \\\",\\\"sm\\\":\\\"   \\\",\\\"xs\\\":\\\"   \\\"},\\\"background\\\":\\\"\\\"},\\\"addons\\\":[{\\\"id\\\":1714601455188,\\\"name\\\":\\\"image\\\",\\\"visibility\\\":true,\\\"settings\\\":{\\\"admin_label\\\":\\\"\\\",\\\"title\\\":\\\"\\\",\\\"heading_selector\\\":\\\"h3\\\",\\\"title_fontsize\\\":\\\"\\\",\\\"title_lineheight\\\":\\\"\\\",\\\"title_letterspace\\\":\\\"0\\\",\\\"title_padding\\\":\\\"\\\",\\\"title_position\\\":\\\"top\\\",\\\"image\\\":\\\"images\\/2024\\/05\\/02\\/foto-cuadrada-para-web-dip-1.jpg\\\",\\\"border_radius\\\":0,\\\"alt_text\\\":\\\"Image\\\",\\\"position\\\":\\\"sppb-text-center\\\",\\\"open_lightbox\\\":0,\\\"overlay_color\\\":\\\"rgba(119, 219, 31, .5)\\\",\\\"link\\\":\\\"\\\",\\\"class\\\":\\\"\\\",\\\"global_use_background\\\":0,\\\"global_background_repeat\\\":\\\"no-repeat\\\",\\\"global_background_size\\\":\\\"cover\\\",\\\"global_background_attachment\\\":\\\"inherit\\\",\\\"global_background_position\\\":\\\"50% 50%\\\",\\\"global_user_border\\\":0,\\\"global_border_width\\\":\\\"\\\",\\\"global_border_radius\\\":0,\\\"global_margin\\\":{\\\"md\\\":\\\"0px 0px 30px 0px\\\",\\\"sm\\\":\\\"0px 0px 20px 0px\\\",\\\"xs\\\":\\\"0px 0px 10px 0px\\\"},\\\"global_padding\\\":{\\\"md\\\":\\\"   \\\",\\\"sm\\\":\\\"   \\\",\\\"xs\\\":\\\"   \\\"},\\\"global_boxshadow\\\":\\\"0 0 0 0 #ffffff\\\",\\\"global_use_animation\\\":0,\\\"global_animationduration\\\":\\\"300\\\",\\\"global_animationdelay\\\":\\\"0\\\",\\\"use_global_width\\\":0,\\\"hidden_md\\\":0,\\\"hidden_sm\\\":0,\\\"hidden_xs\\\":0,\\\"acl\\\":\\\"\\\",\\\"while_scroll_view\\\":[{\\\"enable_while_scroll_view\\\":0}],\\\"mouse_movement\\\":[{\\\"enable_tilt_effect\\\":0,\\\"mouse_tilt_direction\\\":\\\"direct\\\",\\\"mouse_tilt_speed\\\":\\\"1\\\",\\\"mouse_tilt_max\\\":\\\"15\\\",\\\"enable_tablet\\\":0,\\\"enable_mobile\\\":0}]}}]},{\\\"id\\\":1714601455184,\\\"class_name\\\":\\\"col-md-6\\\",\\\"visibility\\\":true,\\\"settings\\\":{\\\"background_image\\\":\\\"\\\",\\\"background_repeat\\\":\\\"no-repeat\\\",\\\"background_size\\\":\\\"cover\\\",\\\"background_attachment\\\":\\\"scroll\\\",\\\"background_position\\\":\\\"0 0\\\",\\\"items_align_center\\\":0,\\\"boxshadow\\\":\\\"0 0 0 0 #fff\\\",\\\"sm_col\\\":\\\"\\\",\\\"xs_col\\\":\\\"\\\",\\\"hidden_xs\\\":0,\\\"hidden_sm\\\":0,\\\"hidden_md\\\":0,\\\"animationduration\\\":\\\"300\\\",\\\"animationdelay\\\":\\\"0\\\",\\\"padding\\\":{\\\"md\\\":\\\"   \\\",\\\"sm\\\":\\\"   \\\",\\\"xs\\\":\\\"   \\\"},\\\"background\\\":\\\"rgba(242, 203, 48, 0.29)\\\"},\\\"addons\\\":[{\\\"id\\\":1714605533047,\\\"name\\\":\\\"text_block\\\",\\\"visibility\\\":true,\\\"settings\\\":{\\\"admin_label\\\":\\\"\\\",\\\"title\\\":\\\"\\\",\\\"heading_selector\\\":\\\"h3\\\",\\\"title_fontsize\\\":\\\"\\\",\\\"title_lineheight\\\":\\\"\\\",\\\"title_letterspace\\\":\\\"0\\\",\\\"text\\\":\\\"<p><strong>DATOS HIST&Oacute;RICOS <\\/strong><\\/p>\\\\n<p><strong>DEPARTAMENTO DE INVESTIGACI&Oacute;N Y PROYECTOS 2006.<\\/strong><\\/p>\\\\n<p>Inicio con trabajos de investigaci&oacute;n en la materia de parasitolog&iacute;a a cargo de la docente responsables y los estudiantes del segundo semestre.<br \\/>Desarrollo de investigaci&oacute;n sobre parasitosis en la comunidad de Chipamaya.<\\/p>\\\\n<p><strong>Director General de la UAC-PUCARANI&nbsp; <\\/strong>1998 a 2007<br \\/>Pbro.Lic. F&eacute;lix A. Espinoza Coro: &nbsp;&nbsp;&nbsp;&nbsp;&nbsp;&nbsp;&nbsp;&nbsp;&nbsp;&nbsp;&nbsp;<\\/p>\\\\n<p><strong>Directora de Carrera Enfermeria <\\/strong>&nbsp;1999 a 2008<br \\/>Lic. Luciana Laruta Salazar:&nbsp;&nbsp;&nbsp;&nbsp;&nbsp;&nbsp;&nbsp;&nbsp;&nbsp;&nbsp;&nbsp;&nbsp;&nbsp;&nbsp;&nbsp;&nbsp;&nbsp;&nbsp;&nbsp;&nbsp;<\\/p>\\\\n<p><strong>Responsables de Investigaci&oacute;n y Proyectos: <\\/strong>2006 a 2007<br \\/>Dr. Miguel &Aacute;ngel Silva:&nbsp;&nbsp;&nbsp;&nbsp;&nbsp;<\\/p>\\\\n<p>Trabajaron juntos para crear oficialmente el departamento de investigaci&oacute;n y proyectos, centrado en la investigaci&oacute;n de servicios de salud. La misi&oacute;n general del DIP fue producir y utilizar evidencia para planificar, implementar y evaluar cambios en la pr&aacute;ctica de enfermer&iacute;a para promover mejores resultados (individual, proveedor y sistema), as&iacute; como promover la efectividad y eficiencia de la enfermer&iacute;a para beneficiar la salud de la poblaci&oacute;n.<\\/p>\\\",\\\"alignment\\\":\\\"\\\",\\\"text_fontsize\\\":\\\"\\\",\\\"text_lineheight\\\":\\\"\\\",\\\"text_fontweight\\\":\\\"\\\",\\\"dropcap\\\":0,\\\"class\\\":\\\"\\\",\\\"global_use_background\\\":0,\\\"global_background_repeat\\\":\\\"no-repeat\\\",\\\"global_background_size\\\":\\\"cover\\\",\\\"global_background_attachment\\\":\\\"inherit\\\",\\\"global_background_position\\\":\\\"50% 50%\\\",\\\"global_user_border\\\":0,\\\"global_border_width\\\":\\\"\\\",\\\"global_border_radius\\\":0,\\\"global_margin\\\":{\\\"md\\\":\\\"2px 2px 30px 2px\\\",\\\"sm\\\":\\\"0px 0px 20px 0px\\\",\\\"xs\\\":\\\"0px 0px 10px 0px\\\"},\\\"global_padding\\\":{\\\"md\\\":\\\"   \\\",\\\"sm\\\":\\\"   \\\",\\\"xs\\\":\\\"   \\\"},\\\"global_boxshadow\\\":{\\\"ho\\\":\\\"0\\\",\\\"vo\\\":\\\"0\\\",\\\"blur\\\":\\\"0\\\",\\\"spread\\\":\\\"0\\\",\\\"color\\\":\\\"#d9e988\\\",\\\"inset\\\":false},\\\"global_use_animation\\\":0,\\\"global_animationduration\\\":\\\"300\\\",\\\"global_animationdelay\\\":\\\"0\\\",\\\"use_global_width\\\":0,\\\"hidden_md\\\":0,\\\"hidden_sm\\\":0,\\\"hidden_xs\\\":0,\\\"acl\\\":\\\"\\\",\\\"while_scroll_view\\\":[{\\\"enable_while_scroll_view\\\":0}],\\\"mouse_movement\\\":[{\\\"enable_tilt_effect\\\":0,\\\"mouse_tilt_direction\\\":\\\"direct\\\",\\\"mouse_tilt_speed\\\":\\\"1\\\",\\\"mouse_tilt_max\\\":\\\"15\\\",\\\"enable_tablet\\\":0,\\\"enable_mobile\\\":0}],\\\"global_text_color\\\":\\\"#717177\\\",\\\"global_link_hover_color\\\":\\\"#ebf5c6\\\"}}]}]},{\\\"id\\\":1714605789345,\\\"visibility\\\":true,\\\"collapse\\\":false,\\\"settings\\\":{\\\"admin_label\\\":\\\"\\\",\\\"title\\\":\\\"\\\",\\\"heading_selector\\\":\\\"h3\\\",\\\"title_fontsize\\\":\\\"\\\",\\\"title_fontweight\\\":\\\"\\\",\\\"title_position\\\":\\\"sppb-text-center\\\",\\\"columns_align_center\\\":0,\\\"fullscreen\\\":0,\\\"no_gutter\\\":0,\\\"padding\\\":\\\"50px 0px 50px 0px\\\",\\\"margin\\\":\\\"0px 0px 0px 0px\\\",\\\"background_image\\\":\\\"\\\",\\\"background_repeat\\\":\\\"no-repeat\\\",\\\"background_size\\\":\\\"cover\\\",\\\"background_attachment\\\":\\\"fixed\\\",\\\"background_position\\\":\\\"0 0\\\",\\\"background_video\\\":\\\"0\\\",\\\"hidden_xs\\\":\\\"\\\",\\\"hidden_sm\\\":\\\"\\\",\\\"hidden_md\\\":\\\"\\\",\\\"animationduration\\\":\\\"300\\\",\\\"animationdelay\\\":\\\"0\\\"},\\\"layout\\\":\\\"12\\\",\\\"columns\\\":[{\\\"id\\\":1714605789344,\\\"class_name\\\":\\\"col-md-12\\\",\\\"visibility\\\":true,\\\"settings\\\":{\\\"background_image\\\":\\\"\\\",\\\"background_repeat\\\":\\\"no-repeat\\\",\\\"background_size\\\":\\\"cover\\\",\\\"background_attachment\\\":\\\"scroll\\\",\\\"background_position\\\":\\\"0 0\\\",\\\"items_align_center\\\":0,\\\"boxshadow\\\":\\\"0 0 0 0 #fff\\\",\\\"sm_col\\\":\\\"\\\",\\\"xs_col\\\":\\\"\\\",\\\"hidden_xs\\\":\\\"\\\",\\\"hidden_sm\\\":\\\"\\\",\\\"hidden_md\\\":\\\"\\\",\\\"animationduration\\\":\\\"300\\\",\\\"animationdelay\\\":\\\"0\\\"},\\\"addons\\\":[]}]},{\\\"id\\\":1712032469417,\\\"visibility\\\":true,\\\"collapse\\\":false,\\\"settings\\\":{\\\"admin_label\\\":\\\"\\\",\\\"title\\\":\\\"\\\",\\\"heading_selector\\\":\\\"h3\\\",\\\"title_fontsize\\\":\\\"\\\",\\\"title_fontweight\\\":\\\"\\\",\\\"title_position\\\":\\\"sppb-text-center\\\",\\\"columns_align_center\\\":0,\\\"fullscreen\\\":0,\\\"no_gutter\\\":0,\\\"padding\\\":\\\"50px 0px 50px 0px\\\",\\\"margin\\\":\\\"0px 0px 0px 0px\\\",\\\"background_image\\\":\\\"\\\",\\\"background_repeat\\\":\\\"no-repeat\\\",\\\"background_size\\\":\\\"cover\\\",\\\"background_attachment\\\":\\\"fixed\\\",\\\"background_position\\\":\\\"0 0\\\",\\\"background_video\\\":\\\"0\\\",\\\"hidden_xs\\\":\\\"\\\",\\\"hidden_sm\\\":\\\"\\\",\\\"hidden_md\\\":\\\"\\\",\\\"animationduration\\\":\\\"300\\\",\\\"animationdelay\\\":\\\"0\\\"},\\\"layout\\\":\\\"12\\\",\\\"columns\\\":[{\\\"id\\\":1712032469416,\\\"class_name\\\":\\\"col-md-12\\\",\\\"visibility\\\":true,\\\"settings\\\":{\\\"background_image\\\":\\\"\\\",\\\"background_repeat\\\":\\\"no-repeat\\\",\\\"background_size\\\":\\\"cover\\\",\\\"background_attachment\\\":\\\"scroll\\\",\\\"background_position\\\":\\\"0 0\\\",\\\"items_align_center\\\":0,\\\"boxshadow\\\":\\\"0 0 0 0 #fff\\\",\\\"sm_col\\\":\\\"\\\",\\\"xs_col\\\":\\\"\\\",\\\"hidden_xs\\\":\\\"\\\",\\\"hidden_sm\\\":\\\"\\\",\\\"hidden_md\\\":\\\"\\\",\\\"animationduration\\\":\\\"300\\\",\\\"animationdelay\\\":\\\"0\\\"},\\\"addons\\\":[]}]}]\",\"module_tag\":\"div\",\"bootstrap_size\":\"0\",\"header_tag\":\"h3\",\"header_class\":\"\",\"style\":\"0\"}', 0, '*'),
(113, 113, 'Modulo de pie de pagina', '', NULL, 1, 'footer', NULL, NULL, NULL, NULL, 0, 'mod_footer', 1, 1, '{\"layout\":\"_:default\",\"moduleclass_sfx\":\"\",\"cache\":1,\"cache_time\":900,\"cachemode\":\"static\",\"module_tag\":\"div\",\"bootstrap_size\":\"0\",\"header_tag\":\"h3\",\"header_class\":\"\",\"style\":\"0\"}', 0, '*'),
(114, 115, 'NOTICIAS UACP', '', NULL, 1, '', NULL, NULL, NULL, NULL, 1, 'mod_banners', 1, 1, '{\"target\":1,\"count\":5,\"cid\":0,\"tag_search\":0,\"ordering\":\"0\",\"header_text\":\"\",\"footer_text\":\"\",\"layout\":\"_:default\",\"moduleclass_sfx\":\"\",\"cache\":1,\"cache_time\":900,\"module_tag\":\"div\",\"bootstrap_size\":\"0\",\"header_tag\":\"h3\",\"header_class\":\"\",\"style\":\"0\"}', 0, '*'),
(115, 116, 'NOTICIAS UACP 2024', '', '', 1, '', NULL, NULL, NULL, NULL, 1, 'mod_sppagebuilder', 1, 1, '{\"layout\":\"_:default\",\"moduleclass_sfx\":\"\",\"cache\":\"1\",\"cache_time\":\"900\",\"cachemode\":\"itemid\",\"content\":\"[{\\\"id\\\":1716325543192,\\\"visibility\\\":true,\\\"collapse\\\":false,\\\"settings\\\":{\\\"admin_label\\\":\\\"\\\",\\\"title\\\":\\\"\\\",\\\"heading_selector\\\":\\\"h3\\\",\\\"title_fontsize\\\":\\\"\\\",\\\"title_fontweight\\\":\\\"\\\",\\\"title_position\\\":\\\"sppb-text-center\\\",\\\"columns_align_center\\\":0,\\\"fullscreen\\\":0,\\\"no_gutter\\\":0,\\\"padding\\\":\\\"50px 0px 50px 0px\\\",\\\"margin\\\":\\\"0px 0px 0px 0px\\\",\\\"background_image\\\":\\\"\\\",\\\"background_repeat\\\":\\\"no-repeat\\\",\\\"background_size\\\":\\\"cover\\\",\\\"background_attachment\\\":\\\"fixed\\\",\\\"background_position\\\":\\\"0 0\\\",\\\"background_video\\\":\\\"0\\\",\\\"hidden_xs\\\":\\\"\\\",\\\"hidden_sm\\\":\\\"\\\",\\\"hidden_md\\\":\\\"\\\",\\\"animationduration\\\":\\\"300\\\",\\\"animationdelay\\\":\\\"0\\\"},\\\"layout\\\":\\\"6,6\\\",\\\"columns\\\":[{\\\"id\\\":1716325543190,\\\"class_name\\\":\\\"col-md-6\\\",\\\"visibility\\\":true,\\\"settings\\\":{\\\"background_image\\\":\\\"\\\",\\\"background_repeat\\\":\\\"no-repeat\\\",\\\"background_size\\\":\\\"cover\\\",\\\"background_attachment\\\":\\\"scroll\\\",\\\"background_position\\\":\\\"0 0\\\",\\\"items_align_center\\\":0,\\\"boxshadow\\\":\\\"0 0 0 0 #fff\\\",\\\"sm_col\\\":\\\"\\\",\\\"xs_col\\\":\\\"\\\",\\\"hidden_xs\\\":\\\"\\\",\\\"hidden_sm\\\":\\\"\\\",\\\"hidden_md\\\":\\\"\\\",\\\"animationduration\\\":\\\"300\\\",\\\"animationdelay\\\":\\\"0\\\"},\\\"addons\\\":[{\\\"id\\\":1716325543195,\\\"name\\\":\\\"image\\\",\\\"visibility\\\":true,\\\"settings\\\":{\\\"admin_label\\\":\\\"\\\",\\\"title\\\":\\\"\\\",\\\"heading_selector\\\":\\\"h3\\\",\\\"title_fontsize\\\":\\\"\\\",\\\"title_lineheight\\\":\\\"\\\",\\\"title_letterspace\\\":\\\"0\\\",\\\"title_padding\\\":\\\"\\\",\\\"title_position\\\":\\\"top\\\",\\\"image\\\":\\\"images\\/2024\\/05\\/21\\/foto-noticias-mayo-2024-1.jpg\\\",\\\"border_radius\\\":0,\\\"alt_text\\\":\\\"Image\\\",\\\"position\\\":\\\"sppb-text-center\\\",\\\"open_lightbox\\\":0,\\\"overlay_color\\\":\\\"rgba(119, 219, 31, .5)\\\",\\\"link\\\":\\\"\\\",\\\"class\\\":\\\"\\\",\\\"global_use_background\\\":0,\\\"global_background_repeat\\\":\\\"no-repeat\\\",\\\"global_background_size\\\":\\\"cover\\\",\\\"global_background_attachment\\\":\\\"inherit\\\",\\\"global_background_position\\\":\\\"50% 50%\\\",\\\"global_user_border\\\":0,\\\"global_border_width\\\":\\\"\\\",\\\"global_border_radius\\\":0,\\\"global_margin\\\":{\\\"md\\\":\\\"0px 0px 30px 0px\\\",\\\"sm\\\":\\\"0px 0px 20px 0px\\\",\\\"xs\\\":\\\"0px 0px 10px 0px\\\"},\\\"global_padding\\\":{\\\"md\\\":\\\"   \\\",\\\"sm\\\":\\\"   \\\",\\\"xs\\\":\\\"   \\\"},\\\"global_boxshadow\\\":\\\"0 0 0 0 #ffffff\\\",\\\"global_use_animation\\\":0,\\\"global_animationduration\\\":\\\"300\\\",\\\"global_animationdelay\\\":\\\"0\\\",\\\"use_global_width\\\":0,\\\"hidden_md\\\":0,\\\"hidden_sm\\\":0,\\\"hidden_xs\\\":0,\\\"acl\\\":\\\"\\\",\\\"while_scroll_view\\\":[{\\\"enable_while_scroll_view\\\":0}],\\\"mouse_movement\\\":[{\\\"enable_tilt_effect\\\":0,\\\"mouse_tilt_direction\\\":\\\"direct\\\",\\\"mouse_tilt_speed\\\":\\\"1\\\",\\\"mouse_tilt_max\\\":\\\"15\\\",\\\"enable_tablet\\\":0,\\\"enable_mobile\\\":0}]}}]},{\\\"id\\\":1716325543191,\\\"class_name\\\":\\\"col-md-6\\\",\\\"visibility\\\":true,\\\"settings\\\":{\\\"background_image\\\":\\\"\\\",\\\"background_repeat\\\":\\\"no-repeat\\\",\\\"background_size\\\":\\\"cover\\\",\\\"background_attachment\\\":\\\"scroll\\\",\\\"background_position\\\":\\\"0 0\\\",\\\"items_align_center\\\":0,\\\"boxshadow\\\":\\\"0 0 0 0 #fff\\\",\\\"sm_col\\\":\\\"\\\",\\\"xs_col\\\":\\\"\\\",\\\"hidden_xs\\\":\\\"\\\",\\\"hidden_sm\\\":\\\"\\\",\\\"hidden_md\\\":\\\"\\\",\\\"animationduration\\\":\\\"300\\\",\\\"animationdelay\\\":\\\"0\\\"},\\\"addons\\\":[{\\\"id\\\":1716325543198,\\\"name\\\":\\\"text_block\\\",\\\"visibility\\\":true,\\\"settings\\\":{\\\"admin_label\\\":\\\"\\\",\\\"title\\\":\\\"UAC Y ALCALD\\u00cdA DE PUCARANI DIALOGAN SOBRE RENOVACI\\u00d3N DE CONVENIO EN TEMAS DE SALUD\\\",\\\"heading_selector\\\":\\\"h3\\\",\\\"title_fontsize\\\":\\\"\\\",\\\"title_lineheight\\\":\\\"\\\",\\\"title_letterspace\\\":\\\"0\\\",\\\"text\\\":\\\"<p><em>Pucarani, 21 de mayo (UAC).- <\\/em>La directora de la UAC - Pucarani, Lic. Lidia Limachi, sostuvo este martes una reuni&oacute;n con la representaci&oacute;n de la Unidad de Salud del Gobierno Aut&oacute;nomo Municipal de Pucarani (Gamp), a fin de dialogar sobre la renovaci&oacute;n de convenio interinstitucional referido a temas del &aacute;rea de salud.<\\/p>\\\\n<p>La autoridad de la UAC-Pucarani estuvo reunido cerca de una hora con el Lic. Fortunato Huampo Arratia, responsable de la Unidad Municipal de Salud. Uno de los temas abordados en la reuni&oacute;n fue la renovaci&oacute;n del convenio interinstitucional entre Alcald&iacute;a y UAC, para los servicios en salud.<\\/p>\\\\n<p>La UAC - Pucarani expres&oacute; su predisposici&oacute;n para la renovaci&oacute;n de este acuerdo en bien de la salud de la poblaci&oacute;n y que tambi&eacute;n sea de beneficio para la formaci&oacute;n de calidad para los estudiantes de Enfermer&iacute;a y Fisioterapia y Kinesiolog&iacute;a.<\\/p>\\\\n<p>\\\\\\\"<em>Me interesa la parte de interacci&oacute;n social, si bien el municipio nos invita a ferias y estuvimos presentes, pero fue por invitaci&oacute;n y no bajo un convenio de decir que en cada actividad que tiene (el municipio) o cada tres meses hacer una feria de salud para la comunidad con un enfoque de alg&uacute;n tema de inter&eacute;s; que hagamos capacitaci&oacute;n, tal vez ustedes (de la Alcald&iacute;a) identifiquen en el municipio casos, por ejemplo, de ni&ntilde;os que no est&aacute;n con vacuna o casos de sarampi&oacute;n, etc., hacer una actividad de interacci&oacute;n social<\\/em>\\\\\\\", indic&oacute; Limachi.<\\/p>\\\\n<p>Por su parte, Huampo mencion&oacute; que el municipio impulsa gradualmente la habilitaci&oacute;n del Hospital de Segundo Nivel de Pucarani equipamiento y recursos humanos.<\\/p>\\\\n<p>Sin embargo, manifest&oacute; que existe la necesidad de seguir potenciando este centro con apoyo en diferentes servicios, debido a que se requiere ampliar la atenci&oacute;n, por ejemplo, en el &aacute;rea de fisioterapia.<\\/p>\\\\n<p>Por su lado, Limachi tambi&eacute;n expres&oacute; la predisposici&oacute;n de la UAC - Pucarani para coordinar con el municipio en el &aacute;rea de interacci&oacute;n social y en investigaci&oacute;n, orientado a responder a necesidades concretas y en beneficio de todas las comunidades del municipio de Pucarani.<\\/p>\\\\n<p>Ambas partes concluyeron en la elaboraci&oacute;n de un borrador del convenio con las propuestas del municipio para el &aacute;rea de salud, para que en una pr&oacute;xima reuni&oacute;n se consolide la alianza interinstitucional.<\\/p>\\\\n<p>\\/Lch\\/<\\/p>\\\",\\\"alignment\\\":\\\"\\\",\\\"text_fontsize\\\":\\\"\\\",\\\"text_lineheight\\\":\\\"\\\",\\\"text_fontweight\\\":\\\"\\\",\\\"dropcap\\\":0,\\\"class\\\":\\\"\\\",\\\"global_use_background\\\":0,\\\"global_background_repeat\\\":\\\"no-repeat\\\",\\\"global_background_size\\\":\\\"cover\\\",\\\"global_background_attachment\\\":\\\"inherit\\\",\\\"global_background_position\\\":\\\"50% 50%\\\",\\\"global_user_border\\\":0,\\\"global_border_width\\\":\\\"\\\",\\\"global_border_radius\\\":0,\\\"global_margin\\\":{\\\"md\\\":\\\"0px 0px 30px 0px\\\",\\\"sm\\\":\\\"0px 0px 20px 0px\\\",\\\"xs\\\":\\\"0px 0px 10px 0px\\\"},\\\"global_padding\\\":{\\\"md\\\":\\\"   \\\",\\\"sm\\\":\\\"   \\\",\\\"xs\\\":\\\"   \\\"},\\\"global_boxshadow\\\":\\\"0 0 0 0 #ffffff\\\",\\\"global_use_animation\\\":0,\\\"global_animationduration\\\":\\\"300\\\",\\\"global_animationdelay\\\":\\\"0\\\",\\\"use_global_width\\\":0,\\\"hidden_md\\\":0,\\\"hidden_sm\\\":0,\\\"hidden_xs\\\":0,\\\"acl\\\":\\\"\\\",\\\"while_scroll_view\\\":[{\\\"enable_while_scroll_view\\\":0}],\\\"mouse_movement\\\":[{\\\"enable_tilt_effect\\\":0,\\\"mouse_tilt_direction\\\":\\\"direct\\\",\\\"mouse_tilt_speed\\\":\\\"1\\\",\\\"mouse_tilt_max\\\":\\\"15\\\",\\\"enable_tablet\\\":0,\\\"enable_mobile\\\":0}]}}]}]}]\",\"module_tag\":\"div\",\"bootstrap_size\":\"0\",\"header_tag\":\"h3\",\"header_class\":\"\",\"style\":\"0\"}', 0, '*');

-- --------------------------------------------------------

--
-- Estructura de tabla para la tabla `josxt_modules_menu`
--

CREATE TABLE `josxt_modules_menu` (
  `moduleid` int(11) NOT NULL DEFAULT 0,
  `menuid` int(11) NOT NULL DEFAULT 0
) ENGINE=InnoDB DEFAULT CHARSET=utf8mb4 COLLATE=utf8mb4_unicode_ci;

--
-- Volcado de datos para la tabla `josxt_modules_menu`
--

INSERT INTO `josxt_modules_menu` (`moduleid`, `menuid`) VALUES
(1, 0),
(2, 0),
(3, 0),
(4, 0),
(6, 0),
(7, 0),
(8, 0),
(9, 0),
(10, 0),
(12, 0),
(14, 0),
(15, 0),
(16, 0),
(17, 0),
(79, 0),
(86, 0),
(87, 0),
(88, 0),
(89, 0),
(90, 0),
(91, 0),
(92, 0),
(93, 0),
(94, 0),
(95, 0),
(96, 0),
(97, 0),
(98, 0),
(99, 0),
(100, 0),
(101, 0),
(102, 0),
(103, 0),
(104, 0),
(105, 0),
(106, 0),
(107, 0),
(108, 0),
(109, 0),
(110, 0),
(112, 0),
(113, 0),
(114, 0),
(115, 0);

-- --------------------------------------------------------

--
-- Estructura de tabla para la tabla `josxt_newsfeeds`
--

CREATE TABLE `josxt_newsfeeds` (
  `catid` int(11) NOT NULL DEFAULT 0,
  `id` int(10) UNSIGNED NOT NULL,
  `name` varchar(100) NOT NULL DEFAULT '',
  `alias` varchar(400) CHARACTER SET utf8mb4 COLLATE utf8mb4_bin NOT NULL DEFAULT '',
  `link` varchar(2048) NOT NULL DEFAULT '',
  `published` tinyint(4) NOT NULL DEFAULT 0,
  `numarticles` int(10) UNSIGNED NOT NULL DEFAULT 1,
  `cache_time` int(10) UNSIGNED NOT NULL DEFAULT 3600,
  `checked_out` int(10) UNSIGNED DEFAULT NULL,
  `checked_out_time` datetime DEFAULT NULL,
  `ordering` int(11) NOT NULL DEFAULT 0,
  `rtl` tinyint(4) NOT NULL DEFAULT 0,
  `access` int(10) UNSIGNED NOT NULL DEFAULT 0,
  `language` char(7) NOT NULL DEFAULT '',
  `params` text NOT NULL,
  `created` datetime NOT NULL,
  `created_by` int(10) UNSIGNED NOT NULL DEFAULT 0,
  `created_by_alias` varchar(255) NOT NULL DEFAULT '',
  `modified` datetime NOT NULL,
  `modified_by` int(10) UNSIGNED NOT NULL DEFAULT 0,
  `metakey` text DEFAULT NULL,
  `metadesc` text NOT NULL,
  `metadata` text NOT NULL,
  `publish_up` datetime DEFAULT NULL,
  `publish_down` datetime DEFAULT NULL,
  `description` text NOT NULL,
  `version` int(10) UNSIGNED NOT NULL DEFAULT 1,
  `hits` int(10) UNSIGNED NOT NULL DEFAULT 0,
  `images` text NOT NULL
) ENGINE=InnoDB DEFAULT CHARSET=utf8mb4 COLLATE=utf8mb4_unicode_ci;

-- --------------------------------------------------------

--
-- Estructura de tabla para la tabla `josxt_overrider`
--

CREATE TABLE `josxt_overrider` (
  `id` int(11) NOT NULL COMMENT 'Primary Key',
  `constant` varchar(255) NOT NULL,
  `string` text NOT NULL,
  `file` varchar(255) NOT NULL
) ENGINE=InnoDB DEFAULT CHARSET=utf8mb4 COLLATE=utf8mb4_unicode_ci;

-- --------------------------------------------------------

--
-- Estructura de tabla para la tabla `josxt_postinstall_messages`
--

CREATE TABLE `josxt_postinstall_messages` (
  `postinstall_message_id` bigint(20) UNSIGNED NOT NULL,
  `extension_id` bigint(20) NOT NULL DEFAULT 700 COMMENT 'FK to #__extensions',
  `title_key` varchar(255) NOT NULL DEFAULT '' COMMENT 'Lang key for the title',
  `description_key` varchar(255) NOT NULL DEFAULT '' COMMENT 'Lang key for description',
  `action_key` varchar(255) NOT NULL DEFAULT '',
  `language_extension` varchar(255) NOT NULL DEFAULT 'com_postinstall' COMMENT 'Extension holding lang keys',
  `language_client_id` tinyint(4) NOT NULL DEFAULT 1,
  `type` varchar(10) NOT NULL DEFAULT 'link' COMMENT 'Message type - message, link, action',
  `action_file` varchar(255) DEFAULT '' COMMENT 'RAD URI to the PHP file containing action method',
  `action` varchar(255) DEFAULT '' COMMENT 'Action method name or URL',
  `condition_file` varchar(255) DEFAULT NULL COMMENT 'RAD URI to file holding display condition method',
  `condition_method` varchar(255) DEFAULT NULL COMMENT 'Display condition method, must return boolean',
  `version_introduced` varchar(50) NOT NULL DEFAULT '3.2.0' COMMENT 'Version when this message was introduced',
  `enabled` tinyint(4) NOT NULL DEFAULT 1
) ENGINE=InnoDB DEFAULT CHARSET=utf8mb4 COLLATE=utf8mb4_unicode_ci;

--
-- Volcado de datos para la tabla `josxt_postinstall_messages`
--

INSERT INTO `josxt_postinstall_messages` (`postinstall_message_id`, `extension_id`, `title_key`, `description_key`, `action_key`, `language_extension`, `language_client_id`, `type`, `action_file`, `action`, `condition_file`, `condition_method`, `version_introduced`, `enabled`) VALUES
(1, 229, 'COM_CPANEL_WELCOME_BEGINNERS_TITLE', 'COM_CPANEL_WELCOME_BEGINNERS_MESSAGE', '', 'com_cpanel', 1, 'message', '', '', '', '', '3.2.0', 1),
(2, 229, 'COM_CPANEL_MSG_STATS_COLLECTION_TITLE', 'COM_CPANEL_MSG_STATS_COLLECTION_BODY', '', 'com_cpanel', 1, 'message', '', '', 'admin://components/com_admin/postinstall/statscollection.php', 'admin_postinstall_statscollection_condition', '3.5.0', 1),
(3, 229, 'PLG_SYSTEM_UPDATENOTIFICATION_POSTINSTALL_UPDATECACHETIME', 'PLG_SYSTEM_UPDATENOTIFICATION_POSTINSTALL_UPDATECACHETIME_BODY', 'PLG_SYSTEM_UPDATENOTIFICATION_POSTINSTALL_UPDATECACHETIME_ACTION', 'plg_system_updatenotification', 1, 'action', 'site://plugins/system/updatenotification/postinstall/updatecachetime.php', 'updatecachetime_postinstall_action', 'site://plugins/system/updatenotification/postinstall/updatecachetime.php', 'updatecachetime_postinstall_condition', '3.6.3', 1),
(4, 229, 'PLG_SYSTEM_HTTPHEADERS_POSTINSTALL_INTRODUCTION_TITLE', 'PLG_SYSTEM_HTTPHEADERS_POSTINSTALL_INTRODUCTION_BODY', 'PLG_SYSTEM_HTTPHEADERS_POSTINSTALL_INTRODUCTION_ACTION', 'plg_system_httpheaders', 1, 'action', 'site://plugins/system/httpheaders/postinstall/introduction.php', 'httpheaders_postinstall_action', 'site://plugins/system/httpheaders/postinstall/introduction.php', 'httpheaders_postinstall_condition', '4.0.0', 1),
(5, 229, 'COM_USERS_POSTINSTALL_MULTIFACTORAUTH_TITLE', 'COM_USERS_POSTINSTALL_MULTIFACTORAUTH_BODY', 'COM_USERS_POSTINSTALL_MULTIFACTORAUTH_ACTION', 'com_users', 1, 'action', 'admin://components/com_users/postinstall/multifactorauth.php', 'com_users_postinstall_mfa_action', 'admin://components/com_users/postinstall/multifactorauth.php', 'com_users_postinstall_mfa_condition', '4.2.0', 1);

-- --------------------------------------------------------

--
-- Estructura de tabla para la tabla `josxt_privacy_consents`
--

CREATE TABLE `josxt_privacy_consents` (
  `id` int(10) UNSIGNED NOT NULL,
  `user_id` int(10) UNSIGNED NOT NULL DEFAULT 0,
  `state` int(11) NOT NULL DEFAULT 1,
  `created` datetime NOT NULL,
  `subject` varchar(255) NOT NULL DEFAULT '',
  `body` text NOT NULL,
  `remind` tinyint(4) NOT NULL DEFAULT 0,
  `token` varchar(100) NOT NULL DEFAULT ''
) ENGINE=InnoDB DEFAULT CHARSET=utf8mb4 COLLATE=utf8mb4_unicode_ci;

-- --------------------------------------------------------

--
-- Estructura de tabla para la tabla `josxt_privacy_requests`
--

CREATE TABLE `josxt_privacy_requests` (
  `id` int(10) UNSIGNED NOT NULL,
  `email` varchar(100) NOT NULL DEFAULT '',
  `requested_at` datetime NOT NULL,
  `status` tinyint(4) NOT NULL DEFAULT 0,
  `request_type` varchar(25) NOT NULL DEFAULT '',
  `confirm_token` varchar(100) NOT NULL DEFAULT '',
  `confirm_token_created_at` datetime DEFAULT NULL
) ENGINE=InnoDB DEFAULT CHARSET=utf8mb4 COLLATE=utf8mb4_unicode_ci;

-- --------------------------------------------------------

--
-- Estructura de tabla para la tabla `josxt_redirect_links`
--

CREATE TABLE `josxt_redirect_links` (
  `id` int(10) UNSIGNED NOT NULL,
  `old_url` varchar(2048) NOT NULL,
  `new_url` varchar(2048) DEFAULT NULL,
  `referer` varchar(2048) NOT NULL,
  `comment` varchar(255) NOT NULL DEFAULT '',
  `hits` int(10) UNSIGNED NOT NULL DEFAULT 0,
  `published` tinyint(4) NOT NULL,
  `created_date` datetime NOT NULL,
  `modified_date` datetime NOT NULL,
  `header` smallint(6) NOT NULL DEFAULT 301
) ENGINE=InnoDB DEFAULT CHARSET=utf8mb4 COLLATE=utf8mb4_unicode_ci;

-- --------------------------------------------------------

--
-- Estructura de tabla para la tabla `josxt_scheduler_tasks`
--

CREATE TABLE `josxt_scheduler_tasks` (
  `id` int(10) UNSIGNED NOT NULL,
  `asset_id` int(10) UNSIGNED NOT NULL DEFAULT 0 COMMENT 'FK to the #__assets table.',
  `title` varchar(255) NOT NULL DEFAULT '',
  `type` varchar(128) NOT NULL COMMENT 'unique identifier for job defined by plugin',
  `execution_rules` text DEFAULT NULL COMMENT 'Execution Rules, Unprocessed',
  `cron_rules` text DEFAULT NULL COMMENT 'Processed execution rules, crontab-like JSON form',
  `state` tinyint(4) NOT NULL DEFAULT 0,
  `last_exit_code` int(11) NOT NULL DEFAULT 0 COMMENT 'Exit code when job was last run',
  `last_execution` datetime DEFAULT NULL COMMENT 'Timestamp of last run',
  `next_execution` datetime DEFAULT NULL COMMENT 'Timestamp of next (planned) run, referred for execution on trigger',
  `times_executed` int(11) DEFAULT 0 COMMENT 'Count of successful triggers',
  `times_failed` int(11) DEFAULT 0 COMMENT 'Count of failures',
  `locked` datetime DEFAULT NULL,
  `priority` smallint(6) NOT NULL DEFAULT 0,
  `ordering` int(11) NOT NULL DEFAULT 0 COMMENT 'Configurable list ordering',
  `cli_exclusive` smallint(6) NOT NULL DEFAULT 0 COMMENT 'If 1, the task is only accessible via CLI',
  `params` text NOT NULL,
  `note` text DEFAULT NULL,
  `created` datetime NOT NULL,
  `created_by` int(10) UNSIGNED NOT NULL DEFAULT 0,
  `checked_out` int(10) UNSIGNED DEFAULT NULL,
  `checked_out_time` datetime DEFAULT NULL
) ENGINE=InnoDB DEFAULT CHARSET=utf8mb4 COLLATE=utf8mb4_unicode_ci;

-- --------------------------------------------------------

--
-- Estructura de tabla para la tabla `josxt_schemas`
--

CREATE TABLE `josxt_schemas` (
  `extension_id` int(11) NOT NULL,
  `version_id` varchar(20) NOT NULL
) ENGINE=InnoDB DEFAULT CHARSET=utf8mb4 COLLATE=utf8mb4_unicode_ci;

--
-- Volcado de datos para la tabla `josxt_schemas`
--

INSERT INTO `josxt_schemas` (`extension_id`, `version_id`) VALUES
(229, '4.4.0-2023-09-13'),
(10004, '3.8.10');

-- --------------------------------------------------------

--
-- Estructura de tabla para la tabla `josxt_session`
--

CREATE TABLE `josxt_session` (
  `session_id` varbinary(192) NOT NULL,
  `client_id` tinyint(3) UNSIGNED DEFAULT NULL,
  `guest` tinyint(3) UNSIGNED DEFAULT 1,
  `time` int(11) NOT NULL DEFAULT 0,
  `data` mediumtext DEFAULT NULL,
  `userid` int(11) DEFAULT 0,
  `username` varchar(150) DEFAULT ''
) ENGINE=InnoDB DEFAULT CHARSET=utf8mb4 COLLATE=utf8mb4_unicode_ci;

--
-- Volcado de datos para la tabla `josxt_session`
--

INSERT INTO `josxt_session` (`session_id`, `client_id`, `guest`, `time`, `data`, `userid`, `username`) VALUES
(0x3037373762623832326334653365623461316138356435396266623538636533, 0, 1, 1723828344, 'joomla|s:700:\"TzoyNDoiSm9vbWxhXFJlZ2lzdHJ5XFJlZ2lzdHJ5IjozOntzOjc6IgAqAGRhdGEiO086ODoic3RkQ2xhc3MiOjM6e3M6Nzoic2Vzc2lvbiI7Tzo4OiJzdGRDbGFzcyI6Mzp7czo3OiJjb3VudGVyIjtpOjE7czo1OiJ0aW1lciI7Tzo4OiJzdGRDbGFzcyI6Mzp7czo1OiJzdGFydCI7aToxNzIzODI4MzM5O3M6NDoibGFzdCI7aToxNzIzODI4MzM5O3M6Mzoibm93IjtpOjE3MjM4MjgzMzk7fXM6NToidG9rZW4iO3M6MzI6IjQwMmRkZWNiMmZlZDc5ZmM2NjZlNDU0YzU3MmEzNWQwIjt9czo4OiJyZWdpc3RyeSI7TzoyNDoiSm9vbWxhXFJlZ2lzdHJ5XFJlZ2lzdHJ5IjozOntzOjc6IgAqAGRhdGEiO086ODoic3RkQ2xhc3MiOjA6e31zOjE0OiIAKgBpbml0aWFsaXplZCI7YjowO3M6MTI6IgAqAHNlcGFyYXRvciI7czoxOiIuIjt9czo0OiJ1c2VyIjtPOjIwOiJKb29tbGFcQ01TXFVzZXJcVXNlciI6MTp7czoyOiJpZCI7aTowO319czoxNDoiACoAaW5pdGlhbGl6ZWQiO2I6MDtzOjEyOiIAKgBzZXBhcmF0b3IiO3M6MToiLiI7fQ==\";', 0, ''),
(0x3064346239646464323139623838323766633935336664343964383037303430, 0, 1, 1733881440, 'joomla|s:700:\"TzoyNDoiSm9vbWxhXFJlZ2lzdHJ5XFJlZ2lzdHJ5IjozOntzOjc6IgAqAGRhdGEiO086ODoic3RkQ2xhc3MiOjM6e3M6Nzoic2Vzc2lvbiI7Tzo4OiJzdGRDbGFzcyI6Mzp7czo3OiJjb3VudGVyIjtpOjE7czo1OiJ0aW1lciI7Tzo4OiJzdGRDbGFzcyI6Mzp7czo1OiJzdGFydCI7aToxNzMzODgxNDM1O3M6NDoibGFzdCI7aToxNzMzODgxNDM1O3M6Mzoibm93IjtpOjE3MzM4ODE0MzU7fXM6NToidG9rZW4iO3M6MzI6ImVhZmIzOWQxNTA3Mzg3ZmU3MTAyZGJhZjZkNGI5ZGMyIjt9czo4OiJyZWdpc3RyeSI7TzoyNDoiSm9vbWxhXFJlZ2lzdHJ5XFJlZ2lzdHJ5IjozOntzOjc6IgAqAGRhdGEiO086ODoic3RkQ2xhc3MiOjA6e31zOjE0OiIAKgBpbml0aWFsaXplZCI7YjowO3M6MTI6IgAqAHNlcGFyYXRvciI7czoxOiIuIjt9czo0OiJ1c2VyIjtPOjIwOiJKb29tbGFcQ01TXFVzZXJcVXNlciI6MTp7czoyOiJpZCI7aTowO319czoxNDoiACoAaW5pdGlhbGl6ZWQiO2I6MDtzOjEyOiIAKgBzZXBhcmF0b3IiO3M6MToiLiI7fQ==\";', 0, ''),
(0x3134353432643464313462343833346634626535316139633133383761333138, 0, 1, 1722558317, 'joomla|s:700:\"TzoyNDoiSm9vbWxhXFJlZ2lzdHJ5XFJlZ2lzdHJ5IjozOntzOjc6IgAqAGRhdGEiO086ODoic3RkQ2xhc3MiOjM6e3M6Nzoic2Vzc2lvbiI7Tzo4OiJzdGRDbGFzcyI6Mzp7czo3OiJjb3VudGVyIjtpOjE7czo1OiJ0aW1lciI7Tzo4OiJzdGRDbGFzcyI6Mzp7czo1OiJzdGFydCI7aToxNzIyNTU4MzE3O3M6NDoibGFzdCI7aToxNzIyNTU4MzE3O3M6Mzoibm93IjtpOjE3MjI1NTgzMTc7fXM6NToidG9rZW4iO3M6MzI6ImZjMjUwMzU2YmZhNGY4YWJlMDUzMWJjYWRiZmNhNGJkIjt9czo4OiJyZWdpc3RyeSI7TzoyNDoiSm9vbWxhXFJlZ2lzdHJ5XFJlZ2lzdHJ5IjozOntzOjc6IgAqAGRhdGEiO086ODoic3RkQ2xhc3MiOjA6e31zOjE0OiIAKgBpbml0aWFsaXplZCI7YjowO3M6MTI6IgAqAHNlcGFyYXRvciI7czoxOiIuIjt9czo0OiJ1c2VyIjtPOjIwOiJKb29tbGFcQ01TXFVzZXJcVXNlciI6MTp7czoyOiJpZCI7aTowO319czoxNDoiACoAaW5pdGlhbGl6ZWQiO2I6MDtzOjEyOiIAKgBzZXBhcmF0b3IiO3M6MToiLiI7fQ==\";', 0, ''),
(0x3437343937646163643235373733316138313933626534343138353766326362, 0, 1, 1727094005, 'joomla|s:700:\"TzoyNDoiSm9vbWxhXFJlZ2lzdHJ5XFJlZ2lzdHJ5IjozOntzOjc6IgAqAGRhdGEiO086ODoic3RkQ2xhc3MiOjM6e3M6Nzoic2Vzc2lvbiI7Tzo4OiJzdGRDbGFzcyI6Mzp7czo3OiJjb3VudGVyIjtpOjE7czo1OiJ0aW1lciI7Tzo4OiJzdGRDbGFzcyI6Mzp7czo1OiJzdGFydCI7aToxNzI3MDk0MDA0O3M6NDoibGFzdCI7aToxNzI3MDk0MDA0O3M6Mzoibm93IjtpOjE3MjcwOTQwMDQ7fXM6NToidG9rZW4iO3M6MzI6ImJkMTQyYTcwZjkyZjQ5YmFkZDEwZjgwNGRlMjJjZDYxIjt9czo4OiJyZWdpc3RyeSI7TzoyNDoiSm9vbWxhXFJlZ2lzdHJ5XFJlZ2lzdHJ5IjozOntzOjc6IgAqAGRhdGEiO086ODoic3RkQ2xhc3MiOjA6e31zOjE0OiIAKgBpbml0aWFsaXplZCI7YjowO3M6MTI6IgAqAHNlcGFyYXRvciI7czoxOiIuIjt9czo0OiJ1c2VyIjtPOjIwOiJKb29tbGFcQ01TXFVzZXJcVXNlciI6MTp7czoyOiJpZCI7aTowO319czoxNDoiACoAaW5pdGlhbGl6ZWQiO2I6MDtzOjEyOiIAKgBzZXBhcmF0b3IiO3M6MToiLiI7fQ==\";', 0, ''),
(0x3465616233646436343530326433616330653163643863373639386437376434, 0, 1, 1734117773, 'joomla|s:700:\"TzoyNDoiSm9vbWxhXFJlZ2lzdHJ5XFJlZ2lzdHJ5IjozOntzOjc6IgAqAGRhdGEiO086ODoic3RkQ2xhc3MiOjM6e3M6Nzoic2Vzc2lvbiI7Tzo4OiJzdGRDbGFzcyI6Mzp7czo3OiJjb3VudGVyIjtpOjc7czo1OiJ0aW1lciI7Tzo4OiJzdGRDbGFzcyI6Mzp7czo1OiJzdGFydCI7aToxNzM0MTE3NzI1O3M6NDoibGFzdCI7aToxNzM0MTE3NzY4O3M6Mzoibm93IjtpOjE3MzQxMTc3NzI7fXM6NToidG9rZW4iO3M6MzI6IjU1ZTNhODUyYTg0MDczMzk3OTNjNzYyZTQ5OTRiNjJmIjt9czo4OiJyZWdpc3RyeSI7TzoyNDoiSm9vbWxhXFJlZ2lzdHJ5XFJlZ2lzdHJ5IjozOntzOjc6IgAqAGRhdGEiO086ODoic3RkQ2xhc3MiOjA6e31zOjE0OiIAKgBpbml0aWFsaXplZCI7YjowO3M6MTI6IgAqAHNlcGFyYXRvciI7czoxOiIuIjt9czo0OiJ1c2VyIjtPOjIwOiJKb29tbGFcQ01TXFVzZXJcVXNlciI6MTp7czoyOiJpZCI7aTowO319czoxNDoiACoAaW5pdGlhbGl6ZWQiO2I6MDtzOjEyOiIAKgBzZXBhcmF0b3IiO3M6MToiLiI7fQ==\";', 0, ''),
(0x3531303666643163353032396235643130326636663639623637633930366462, 0, 1, 1733881447, 'joomla|s:700:\"TzoyNDoiSm9vbWxhXFJlZ2lzdHJ5XFJlZ2lzdHJ5IjozOntzOjc6IgAqAGRhdGEiO086ODoic3RkQ2xhc3MiOjM6e3M6Nzoic2Vzc2lvbiI7Tzo4OiJzdGRDbGFzcyI6Mzp7czo3OiJjb3VudGVyIjtpOjE7czo1OiJ0aW1lciI7Tzo4OiJzdGRDbGFzcyI6Mzp7czo1OiJzdGFydCI7aToxNzMzODgxNDQ2O3M6NDoibGFzdCI7aToxNzMzODgxNDQ2O3M6Mzoibm93IjtpOjE3MzM4ODE0NDY7fXM6NToidG9rZW4iO3M6MzI6IjVhNGNhNjQwYjBiMWVmNDJhNjdmNzcxYzVmNzY4ZDlkIjt9czo4OiJyZWdpc3RyeSI7TzoyNDoiSm9vbWxhXFJlZ2lzdHJ5XFJlZ2lzdHJ5IjozOntzOjc6IgAqAGRhdGEiO086ODoic3RkQ2xhc3MiOjA6e31zOjE0OiIAKgBpbml0aWFsaXplZCI7YjowO3M6MTI6IgAqAHNlcGFyYXRvciI7czoxOiIuIjt9czo0OiJ1c2VyIjtPOjIwOiJKb29tbGFcQ01TXFVzZXJcVXNlciI6MTp7czoyOiJpZCI7aTowO319czoxNDoiACoAaW5pdGlhbGl6ZWQiO2I6MDtzOjEyOiIAKgBzZXBhcmF0b3IiO3M6MToiLiI7fQ==\";', 0, ''),
(0x3531313466363832316261306666616234313330653837336239326535373161, 0, 1, 1734117730, 'joomla|s:700:\"TzoyNDoiSm9vbWxhXFJlZ2lzdHJ5XFJlZ2lzdHJ5IjozOntzOjc6IgAqAGRhdGEiO086ODoic3RkQ2xhc3MiOjM6e3M6Nzoic2Vzc2lvbiI7Tzo4OiJzdGRDbGFzcyI6Mzp7czo3OiJjb3VudGVyIjtpOjE7czo1OiJ0aW1lciI7Tzo4OiJzdGRDbGFzcyI6Mzp7czo1OiJzdGFydCI7aToxNzM0MTE3NzI4O3M6NDoibGFzdCI7aToxNzM0MTE3NzI4O3M6Mzoibm93IjtpOjE3MzQxMTc3Mjg7fXM6NToidG9rZW4iO3M6MzI6IjEyMzk5ZWEzMGY4YTJhYzE1NzBiZjVjYjRmYmNjZTkyIjt9czo4OiJyZWdpc3RyeSI7TzoyNDoiSm9vbWxhXFJlZ2lzdHJ5XFJlZ2lzdHJ5IjozOntzOjc6IgAqAGRhdGEiO086ODoic3RkQ2xhc3MiOjA6e31zOjE0OiIAKgBpbml0aWFsaXplZCI7YjowO3M6MTI6IgAqAHNlcGFyYXRvciI7czoxOiIuIjt9czo0OiJ1c2VyIjtPOjIwOiJKb29tbGFcQ01TXFVzZXJcVXNlciI6MTp7czoyOiJpZCI7aTowO319czoxNDoiACoAaW5pdGlhbGl6ZWQiO2I6MDtzOjEyOiIAKgBzZXBhcmF0b3IiO3M6MToiLiI7fQ==\";', 0, ''),
(0x3562306262396631646461643538323063393530616566643065386366663635, 0, 1, 1724787907, 'joomla|s:700:\"TzoyNDoiSm9vbWxhXFJlZ2lzdHJ5XFJlZ2lzdHJ5IjozOntzOjc6IgAqAGRhdGEiO086ODoic3RkQ2xhc3MiOjM6e3M6Nzoic2Vzc2lvbiI7Tzo4OiJzdGRDbGFzcyI6Mzp7czo3OiJjb3VudGVyIjtpOjE7czo1OiJ0aW1lciI7Tzo4OiJzdGRDbGFzcyI6Mzp7czo1OiJzdGFydCI7aToxNzI0Nzg3ODk5O3M6NDoibGFzdCI7aToxNzI0Nzg3ODk5O3M6Mzoibm93IjtpOjE3MjQ3ODc4OTk7fXM6NToidG9rZW4iO3M6MzI6Ijc2NDM0MDU3ZmIzNjY2Y2Q2ZjUzNzk5NWZkMDQxYzViIjt9czo4OiJyZWdpc3RyeSI7TzoyNDoiSm9vbWxhXFJlZ2lzdHJ5XFJlZ2lzdHJ5IjozOntzOjc6IgAqAGRhdGEiO086ODoic3RkQ2xhc3MiOjA6e31zOjE0OiIAKgBpbml0aWFsaXplZCI7YjowO3M6MTI6IgAqAHNlcGFyYXRvciI7czoxOiIuIjt9czo0OiJ1c2VyIjtPOjIwOiJKb29tbGFcQ01TXFVzZXJcVXNlciI6MTp7czoyOiJpZCI7aTowO319czoxNDoiACoAaW5pdGlhbGl6ZWQiO2I6MDtzOjEyOiIAKgBzZXBhcmF0b3IiO3M6MToiLiI7fQ==\";', 0, ''),
(0x3661363232653130306630333665383031636464373134363664613630323666, 0, 1, 1724806005, 'joomla|s:700:\"TzoyNDoiSm9vbWxhXFJlZ2lzdHJ5XFJlZ2lzdHJ5IjozOntzOjc6IgAqAGRhdGEiO086ODoic3RkQ2xhc3MiOjM6e3M6Nzoic2Vzc2lvbiI7Tzo4OiJzdGRDbGFzcyI6Mzp7czo3OiJjb3VudGVyIjtpOjQ7czo1OiJ0aW1lciI7Tzo4OiJzdGRDbGFzcyI6Mzp7czo1OiJzdGFydCI7aToxNzI0ODA1OTU1O3M6NDoibGFzdCI7aToxNzI0ODA2MDAzO3M6Mzoibm93IjtpOjE3MjQ4MDYwMDU7fXM6NToidG9rZW4iO3M6MzI6ImM1NDFlYWIwNWQ3NTRhMmNkOTA3ZTdiOGVkZWQ4NjIxIjt9czo4OiJyZWdpc3RyeSI7TzoyNDoiSm9vbWxhXFJlZ2lzdHJ5XFJlZ2lzdHJ5IjozOntzOjc6IgAqAGRhdGEiO086ODoic3RkQ2xhc3MiOjA6e31zOjE0OiIAKgBpbml0aWFsaXplZCI7YjowO3M6MTI6IgAqAHNlcGFyYXRvciI7czoxOiIuIjt9czo0OiJ1c2VyIjtPOjIwOiJKb29tbGFcQ01TXFVzZXJcVXNlciI6MTp7czoyOiJpZCI7aTowO319czoxNDoiACoAaW5pdGlhbGl6ZWQiO2I6MDtzOjEyOiIAKgBzZXBhcmF0b3IiO3M6MToiLiI7fQ==\";', 0, ''),
(0x3663636537636434363562613436376234396339616134346439373963333039, 0, 1, 1722558013, 'joomla|s:700:\"TzoyNDoiSm9vbWxhXFJlZ2lzdHJ5XFJlZ2lzdHJ5IjozOntzOjc6IgAqAGRhdGEiO086ODoic3RkQ2xhc3MiOjM6e3M6Nzoic2Vzc2lvbiI7Tzo4OiJzdGRDbGFzcyI6Mzp7czo3OiJjb3VudGVyIjtpOjE7czo1OiJ0aW1lciI7Tzo4OiJzdGRDbGFzcyI6Mzp7czo1OiJzdGFydCI7aToxNzIyNTU4MDA2O3M6NDoibGFzdCI7aToxNzIyNTU4MDA2O3M6Mzoibm93IjtpOjE3MjI1NTgwMDY7fXM6NToidG9rZW4iO3M6MzI6IjQyZTVlYjgxZmM4NjkyMDJiYzg5ZDYzM2M0YjZkM2IxIjt9czo4OiJyZWdpc3RyeSI7TzoyNDoiSm9vbWxhXFJlZ2lzdHJ5XFJlZ2lzdHJ5IjozOntzOjc6IgAqAGRhdGEiO086ODoic3RkQ2xhc3MiOjA6e31zOjE0OiIAKgBpbml0aWFsaXplZCI7YjowO3M6MTI6IgAqAHNlcGFyYXRvciI7czoxOiIuIjt9czo0OiJ1c2VyIjtPOjIwOiJKb29tbGFcQ01TXFVzZXJcVXNlciI6MTp7czoyOiJpZCI7aTowO319czoxNDoiACoAaW5pdGlhbGl6ZWQiO2I6MDtzOjEyOiIAKgBzZXBhcmF0b3IiO3M6MToiLiI7fQ==\";', 0, ''),
(0x3664306164633365373266626139383339613264653463656663346137616230, 0, 1, 1727092226, 'joomla|s:700:\"TzoyNDoiSm9vbWxhXFJlZ2lzdHJ5XFJlZ2lzdHJ5IjozOntzOjc6IgAqAGRhdGEiO086ODoic3RkQ2xhc3MiOjM6e3M6Nzoic2Vzc2lvbiI7Tzo4OiJzdGRDbGFzcyI6Mzp7czo3OiJjb3VudGVyIjtpOjI7czo1OiJ0aW1lciI7Tzo4OiJzdGRDbGFzcyI6Mzp7czo1OiJzdGFydCI7aToxNzI3MDkxNjM4O3M6NDoibGFzdCI7aToxNzI3MDkxNjM4O3M6Mzoibm93IjtpOjE3MjcwOTIyMjY7fXM6NToidG9rZW4iO3M6MzI6ImNiMmU4M2M1YWJhYWM5N2M0NmJlZTA2Mjc3NTI1ZDM1Ijt9czo4OiJyZWdpc3RyeSI7TzoyNDoiSm9vbWxhXFJlZ2lzdHJ5XFJlZ2lzdHJ5IjozOntzOjc6IgAqAGRhdGEiO086ODoic3RkQ2xhc3MiOjA6e31zOjE0OiIAKgBpbml0aWFsaXplZCI7YjowO3M6MTI6IgAqAHNlcGFyYXRvciI7czoxOiIuIjt9czo0OiJ1c2VyIjtPOjIwOiJKb29tbGFcQ01TXFVzZXJcVXNlciI6MTp7czoyOiJpZCI7aTowO319czoxNDoiACoAaW5pdGlhbGl6ZWQiO2I6MDtzOjEyOiIAKgBzZXBhcmF0b3IiO3M6MToiLiI7fQ==\";', 0, ''),
(0x3730393964313862643033663032323661306361373061626539316237616134, 0, 1, 1727898481, 'joomla|s:700:\"TzoyNDoiSm9vbWxhXFJlZ2lzdHJ5XFJlZ2lzdHJ5IjozOntzOjc6IgAqAGRhdGEiO086ODoic3RkQ2xhc3MiOjM6e3M6Nzoic2Vzc2lvbiI7Tzo4OiJzdGRDbGFzcyI6Mzp7czo3OiJjb3VudGVyIjtpOjE7czo1OiJ0aW1lciI7Tzo4OiJzdGRDbGFzcyI6Mzp7czo1OiJzdGFydCI7aToxNzI3ODk4NDcxO3M6NDoibGFzdCI7aToxNzI3ODk4NDcxO3M6Mzoibm93IjtpOjE3Mjc4OTg0NzE7fXM6NToidG9rZW4iO3M6MzI6Ijk4Yzg0MmRmNzhhMjUzYTc0MTI4MWE4OGZiMTExYTkyIjt9czo4OiJyZWdpc3RyeSI7TzoyNDoiSm9vbWxhXFJlZ2lzdHJ5XFJlZ2lzdHJ5IjozOntzOjc6IgAqAGRhdGEiO086ODoic3RkQ2xhc3MiOjA6e31zOjE0OiIAKgBpbml0aWFsaXplZCI7YjowO3M6MTI6IgAqAHNlcGFyYXRvciI7czoxOiIuIjt9czo0OiJ1c2VyIjtPOjIwOiJKb29tbGFcQ01TXFVzZXJcVXNlciI6MTp7czoyOiJpZCI7aTowO319czoxNDoiACoAaW5pdGlhbGl6ZWQiO2I6MDtzOjEyOiIAKgBzZXBhcmF0b3IiO3M6MToiLiI7fQ==\";', 0, ''),
(0x3737303439383832376262313762316538656463303537343330366465656364, 0, 1, 1722558321, 'joomla|s:700:\"TzoyNDoiSm9vbWxhXFJlZ2lzdHJ5XFJlZ2lzdHJ5IjozOntzOjc6IgAqAGRhdGEiO086ODoic3RkQ2xhc3MiOjM6e3M6Nzoic2Vzc2lvbiI7Tzo4OiJzdGRDbGFzcyI6Mzp7czo3OiJjb3VudGVyIjtpOjc7czo1OiJ0aW1lciI7Tzo4OiJzdGRDbGFzcyI6Mzp7czo1OiJzdGFydCI7aToxNzIyNTU4MDA2O3M6NDoibGFzdCI7aToxNzIyNTU4MzE5O3M6Mzoibm93IjtpOjE3MjI1NTgzMjE7fXM6NToidG9rZW4iO3M6MzI6IjJmM2E2NmRhMDQ0MGM1YTkzYjFhMDJhOTViN2U0ZmRlIjt9czo4OiJyZWdpc3RyeSI7TzoyNDoiSm9vbWxhXFJlZ2lzdHJ5XFJlZ2lzdHJ5IjozOntzOjc6IgAqAGRhdGEiO086ODoic3RkQ2xhc3MiOjA6e31zOjE0OiIAKgBpbml0aWFsaXplZCI7YjowO3M6MTI6IgAqAHNlcGFyYXRvciI7czoxOiIuIjt9czo0OiJ1c2VyIjtPOjIwOiJKb29tbGFcQ01TXFVzZXJcVXNlciI6MTp7czoyOiJpZCI7aTowO319czoxNDoiACoAaW5pdGlhbGl6ZWQiO2I6MDtzOjEyOiIAKgBzZXBhcmF0b3IiO3M6MToiLiI7fQ==\";', 0, ''),
(0x3761356563626462616636393461323438333864346239356434313661373139, 0, 1, 1726926712, 'joomla|s:700:\"TzoyNDoiSm9vbWxhXFJlZ2lzdHJ5XFJlZ2lzdHJ5IjozOntzOjc6IgAqAGRhdGEiO086ODoic3RkQ2xhc3MiOjM6e3M6Nzoic2Vzc2lvbiI7Tzo4OiJzdGRDbGFzcyI6Mzp7czo3OiJjb3VudGVyIjtpOjEwO3M6NToidGltZXIiO086ODoic3RkQ2xhc3MiOjM6e3M6NToic3RhcnQiO2k6MTcyNjkyNjU3MDtzOjQ6Imxhc3QiO2k6MTcyNjkyNjY5MjtzOjM6Im5vdyI7aToxNzI2OTI2NzEyO31zOjU6InRva2VuIjtzOjMyOiI0YWRlMzU4OGViZGZjZDI2NDBiNGQ2OWFjMjY4NzZhYSI7fXM6ODoicmVnaXN0cnkiO086MjQ6Ikpvb21sYVxSZWdpc3RyeVxSZWdpc3RyeSI6Mzp7czo3OiIAKgBkYXRhIjtPOjg6InN0ZENsYXNzIjowOnt9czoxNDoiACoAaW5pdGlhbGl6ZWQiO2I6MDtzOjEyOiIAKgBzZXBhcmF0b3IiO3M6MToiLiI7fXM6NDoidXNlciI7TzoyMDoiSm9vbWxhXENNU1xVc2VyXFVzZXIiOjE6e3M6MjoiaWQiO2k6MDt9fXM6MTQ6IgAqAGluaXRpYWxpemVkIjtiOjA7czoxMjoiACoAc2VwYXJhdG9yIjtzOjE6Ii4iO30=\";', 0, ''),
(0x38703633343071636b613462336e32356935756d6e7031333530, 0, 1, 1730688208, 'joomla|s:700:\"TzoyNDoiSm9vbWxhXFJlZ2lzdHJ5XFJlZ2lzdHJ5IjozOntzOjc6IgAqAGRhdGEiO086ODoic3RkQ2xhc3MiOjM6e3M6Nzoic2Vzc2lvbiI7Tzo4OiJzdGRDbGFzcyI6Mzp7czo3OiJjb3VudGVyIjtpOjE7czo1OiJ0aW1lciI7Tzo4OiJzdGRDbGFzcyI6Mzp7czo1OiJzdGFydCI7aToxNzMwNjg4MjAwO3M6NDoibGFzdCI7aToxNzMwNjg4MjAwO3M6Mzoibm93IjtpOjE3MzA2ODgyMDA7fXM6NToidG9rZW4iO3M6MzI6IjBkYjg1MmY0YjA0OTM0NzYzMTVkNzY4Y2Y4MjQ1NTkzIjt9czo4OiJyZWdpc3RyeSI7TzoyNDoiSm9vbWxhXFJlZ2lzdHJ5XFJlZ2lzdHJ5IjozOntzOjc6IgAqAGRhdGEiO086ODoic3RkQ2xhc3MiOjA6e31zOjE0OiIAKgBpbml0aWFsaXplZCI7YjowO3M6MTI6IgAqAHNlcGFyYXRvciI7czoxOiIuIjt9czo0OiJ1c2VyIjtPOjIwOiJKb29tbGFcQ01TXFVzZXJcVXNlciI6MTp7czoyOiJpZCI7aTowO319czoxNDoiACoAaW5pdGlhbGl6ZWQiO2I6MDtzOjEyOiIAKgBzZXBhcmF0b3IiO3M6MToiLiI7fQ==\";', 0, ''),
(0x3931396432643330393034336138343139343738373033336136386663313565, 0, 1, 1726926709, 'joomla|s:700:\"TzoyNDoiSm9vbWxhXFJlZ2lzdHJ5XFJlZ2lzdHJ5IjozOntzOjc6IgAqAGRhdGEiO086ODoic3RkQ2xhc3MiOjM6e3M6Nzoic2Vzc2lvbiI7Tzo4OiJzdGRDbGFzcyI6Mzp7czo3OiJjb3VudGVyIjtpOjE7czo1OiJ0aW1lciI7Tzo4OiJzdGRDbGFzcyI6Mzp7czo1OiJzdGFydCI7aToxNzI2OTI2NzA5O3M6NDoibGFzdCI7aToxNzI2OTI2NzA5O3M6Mzoibm93IjtpOjE3MjY5MjY3MDk7fXM6NToidG9rZW4iO3M6MzI6ImZhYzMwMDVjNmEwNzE5YjBhY2JhN2Y3OTk4MTExNWU4Ijt9czo4OiJyZWdpc3RyeSI7TzoyNDoiSm9vbWxhXFJlZ2lzdHJ5XFJlZ2lzdHJ5IjozOntzOjc6IgAqAGRhdGEiO086ODoic3RkQ2xhc3MiOjA6e31zOjE0OiIAKgBpbml0aWFsaXplZCI7YjowO3M6MTI6IgAqAHNlcGFyYXRvciI7czoxOiIuIjt9czo0OiJ1c2VyIjtPOjIwOiJKb29tbGFcQ01TXFVzZXJcVXNlciI6MTp7czoyOiJpZCI7aTowO319czoxNDoiACoAaW5pdGlhbGl6ZWQiO2I6MDtzOjEyOiIAKgBzZXBhcmF0b3IiO3M6MToiLiI7fQ==\";', 0, ''),
(0x3974727434716d736c74316d366c68723762303161656f727463, 0, 1, 1730688208, 'joomla|s:700:\"TzoyNDoiSm9vbWxhXFJlZ2lzdHJ5XFJlZ2lzdHJ5IjozOntzOjc6IgAqAGRhdGEiO086ODoic3RkQ2xhc3MiOjM6e3M6Nzoic2Vzc2lvbiI7Tzo4OiJzdGRDbGFzcyI6Mzp7czo3OiJjb3VudGVyIjtpOjE7czo1OiJ0aW1lciI7Tzo4OiJzdGRDbGFzcyI6Mzp7czo1OiJzdGFydCI7aToxNzMwNjg4MjAwO3M6NDoibGFzdCI7aToxNzMwNjg4MjAwO3M6Mzoibm93IjtpOjE3MzA2ODgyMDA7fXM6NToidG9rZW4iO3M6MzI6IjE3MjVjZTQ4YTljOGE4NmNhNTcyMjhmNDc3Mzk2NTk1Ijt9czo4OiJyZWdpc3RyeSI7TzoyNDoiSm9vbWxhXFJlZ2lzdHJ5XFJlZ2lzdHJ5IjozOntzOjc6IgAqAGRhdGEiO086ODoic3RkQ2xhc3MiOjA6e31zOjE0OiIAKgBpbml0aWFsaXplZCI7YjowO3M6MTI6IgAqAHNlcGFyYXRvciI7czoxOiIuIjt9czo0OiJ1c2VyIjtPOjIwOiJKb29tbGFcQ01TXFVzZXJcVXNlciI6MTp7czoyOiJpZCI7aTowO319czoxNDoiACoAaW5pdGlhbGl6ZWQiO2I6MDtzOjEyOiIAKgBzZXBhcmF0b3IiO3M6MToiLiI7fQ==\";', 0, ''),
(0x6162636631376561316630363662653735366238653064336435323161376363, 0, 1, 1734117776, 'joomla|s:700:\"TzoyNDoiSm9vbWxhXFJlZ2lzdHJ5XFJlZ2lzdHJ5IjozOntzOjc6IgAqAGRhdGEiO086ODoic3RkQ2xhc3MiOjM6e3M6Nzoic2Vzc2lvbiI7Tzo4OiJzdGRDbGFzcyI6Mzp7czo3OiJjb3VudGVyIjtpOjE7czo1OiJ0aW1lciI7Tzo4OiJzdGRDbGFzcyI6Mzp7czo1OiJzdGFydCI7aToxNzM0MTE3Nzc2O3M6NDoibGFzdCI7aToxNzM0MTE3Nzc2O3M6Mzoibm93IjtpOjE3MzQxMTc3NzY7fXM6NToidG9rZW4iO3M6MzI6ImU4ODkwZTYyYTlkNDc4MWRjOGFhYWNlMDliNmQ2MTI5Ijt9czo4OiJyZWdpc3RyeSI7TzoyNDoiSm9vbWxhXFJlZ2lzdHJ5XFJlZ2lzdHJ5IjozOntzOjc6IgAqAGRhdGEiO086ODoic3RkQ2xhc3MiOjA6e31zOjE0OiIAKgBpbml0aWFsaXplZCI7YjowO3M6MTI6IgAqAHNlcGFyYXRvciI7czoxOiIuIjt9czo0OiJ1c2VyIjtPOjIwOiJKb29tbGFcQ01TXFVzZXJcVXNlciI6MTp7czoyOiJpZCI7aTowO319czoxNDoiACoAaW5pdGlhbGl6ZWQiO2I6MDtzOjEyOiIAKgBzZXBhcmF0b3IiO3M6MToiLiI7fQ==\";', 0, ''),
(0x6335303461306263643264623463663532306134346138313364326239663761, 0, 1, 1726926577, 'joomla|s:700:\"TzoyNDoiSm9vbWxhXFJlZ2lzdHJ5XFJlZ2lzdHJ5IjozOntzOjc6IgAqAGRhdGEiO086ODoic3RkQ2xhc3MiOjM6e3M6Nzoic2Vzc2lvbiI7Tzo4OiJzdGRDbGFzcyI6Mzp7czo3OiJjb3VudGVyIjtpOjE7czo1OiJ0aW1lciI7Tzo4OiJzdGRDbGFzcyI6Mzp7czo1OiJzdGFydCI7aToxNzI2OTI2NTcwO3M6NDoibGFzdCI7aToxNzI2OTI2NTcwO3M6Mzoibm93IjtpOjE3MjY5MjY1NzA7fXM6NToidG9rZW4iO3M6MzI6ImVjZWExNzBjY2I5ZDA1Yjc5MzUwMjZmODVjM2UwZGZhIjt9czo4OiJyZWdpc3RyeSI7TzoyNDoiSm9vbWxhXFJlZ2lzdHJ5XFJlZ2lzdHJ5IjozOntzOjc6IgAqAGRhdGEiO086ODoic3RkQ2xhc3MiOjA6e31zOjE0OiIAKgBpbml0aWFsaXplZCI7YjowO3M6MTI6IgAqAHNlcGFyYXRvciI7czoxOiIuIjt9czo0OiJ1c2VyIjtPOjIwOiJKb29tbGFcQ01TXFVzZXJcVXNlciI6MTp7czoyOiJpZCI7aTowO319czoxNDoiACoAaW5pdGlhbGl6ZWQiO2I6MDtzOjEyOiIAKgBzZXBhcmF0b3IiO3M6MToiLiI7fQ==\";', 0, ''),
(0x6465353365366632366131633631653261346133613637646662303330356335, 0, 1, 1730250723, 'joomla|s:700:\"TzoyNDoiSm9vbWxhXFJlZ2lzdHJ5XFJlZ2lzdHJ5IjozOntzOjc6IgAqAGRhdGEiO086ODoic3RkQ2xhc3MiOjM6e3M6Nzoic2Vzc2lvbiI7Tzo4OiJzdGRDbGFzcyI6Mzp7czo3OiJjb3VudGVyIjtpOjE7czo1OiJ0aW1lciI7Tzo4OiJzdGRDbGFzcyI6Mzp7czo1OiJzdGFydCI7aToxNzMwMjUwNzIzO3M6NDoibGFzdCI7aToxNzMwMjUwNzIzO3M6Mzoibm93IjtpOjE3MzAyNTA3MjM7fXM6NToidG9rZW4iO3M6MzI6IjBiZWY2Y2FlZWU4NjY2YTJiYjI5MDllYzE1YWZjNjFkIjt9czo4OiJyZWdpc3RyeSI7TzoyNDoiSm9vbWxhXFJlZ2lzdHJ5XFJlZ2lzdHJ5IjozOntzOjc6IgAqAGRhdGEiO086ODoic3RkQ2xhc3MiOjA6e31zOjE0OiIAKgBpbml0aWFsaXplZCI7YjowO3M6MTI6IgAqAHNlcGFyYXRvciI7czoxOiIuIjt9czo0OiJ1c2VyIjtPOjIwOiJKb29tbGFcQ01TXFVzZXJcVXNlciI6MTp7czoyOiJpZCI7aTowO319czoxNDoiACoAaW5pdGlhbGl6ZWQiO2I6MDtzOjEyOiIAKgBzZXBhcmF0b3IiO3M6MToiLiI7fQ==\";', 0, ''),
(0x6534326163663937613064386334316238343065376561643132383734393032, 0, 1, 1730250719, 'joomla|s:700:\"TzoyNDoiSm9vbWxhXFJlZ2lzdHJ5XFJlZ2lzdHJ5IjozOntzOjc6IgAqAGRhdGEiO086ODoic3RkQ2xhc3MiOjM6e3M6Nzoic2Vzc2lvbiI7Tzo4OiJzdGRDbGFzcyI6Mzp7czo3OiJjb3VudGVyIjtpOjk7czo1OiJ0aW1lciI7Tzo4OiJzdGRDbGFzcyI6Mzp7czo1OiJzdGFydCI7aToxNzMwMjUwNTkzO3M6NDoibGFzdCI7aToxNzMwMjUwNzE3O3M6Mzoibm93IjtpOjE3MzAyNTA3MTk7fXM6NToidG9rZW4iO3M6MzI6ImM5YTExOWRmYWRlZTZiZWRjMDVjNjMwYTNkODU3NjY0Ijt9czo4OiJyZWdpc3RyeSI7TzoyNDoiSm9vbWxhXFJlZ2lzdHJ5XFJlZ2lzdHJ5IjozOntzOjc6IgAqAGRhdGEiO086ODoic3RkQ2xhc3MiOjA6e31zOjE0OiIAKgBpbml0aWFsaXplZCI7YjowO3M6MTI6IgAqAHNlcGFyYXRvciI7czoxOiIuIjt9czo0OiJ1c2VyIjtPOjIwOiJKb29tbGFcQ01TXFVzZXJcVXNlciI6MTp7czoyOiJpZCI7aTowO319czoxNDoiACoAaW5pdGlhbGl6ZWQiO2I6MDtzOjEyOiIAKgBzZXBhcmF0b3IiO3M6MToiLiI7fQ==\";', 0, ''),
(0x6561653763313937343333383035316236653130636635393638646236323964, 0, 1, 1727898481, 'joomla|s:700:\"TzoyNDoiSm9vbWxhXFJlZ2lzdHJ5XFJlZ2lzdHJ5IjozOntzOjc6IgAqAGRhdGEiO086ODoic3RkQ2xhc3MiOjM6e3M6Nzoic2Vzc2lvbiI7Tzo4OiJzdGRDbGFzcyI6Mzp7czo3OiJjb3VudGVyIjtpOjE7czo1OiJ0aW1lciI7Tzo4OiJzdGRDbGFzcyI6Mzp7czo1OiJzdGFydCI7aToxNzI3ODk4NDcxO3M6NDoibGFzdCI7aToxNzI3ODk4NDcxO3M6Mzoibm93IjtpOjE3Mjc4OTg0NzE7fXM6NToidG9rZW4iO3M6MzI6IjIwZjc2OGMwNTkxOGU4NTZjM2FjNTBmNDBmOWE1YWJhIjt9czo4OiJyZWdpc3RyeSI7TzoyNDoiSm9vbWxhXFJlZ2lzdHJ5XFJlZ2lzdHJ5IjozOntzOjc6IgAqAGRhdGEiO086ODoic3RkQ2xhc3MiOjA6e31zOjE0OiIAKgBpbml0aWFsaXplZCI7YjowO3M6MTI6IgAqAHNlcGFyYXRvciI7czoxOiIuIjt9czo0OiJ1c2VyIjtPOjIwOiJKb29tbGFcQ01TXFVzZXJcVXNlciI6MTp7czoyOiJpZCI7aTowO319czoxNDoiACoAaW5pdGlhbGl6ZWQiO2I6MDtzOjEyOiIAKgBzZXBhcmF0b3IiO3M6MToiLiI7fQ==\";', 0, ''),
(0x6638393064626461366135656635346637333036636261383738376534383261, 0, 1, 1727898481, 'joomla|s:700:\"TzoyNDoiSm9vbWxhXFJlZ2lzdHJ5XFJlZ2lzdHJ5IjozOntzOjc6IgAqAGRhdGEiO086ODoic3RkQ2xhc3MiOjM6e3M6Nzoic2Vzc2lvbiI7Tzo4OiJzdGRDbGFzcyI6Mzp7czo3OiJjb3VudGVyIjtpOjE7czo1OiJ0aW1lciI7Tzo4OiJzdGRDbGFzcyI6Mzp7czo1OiJzdGFydCI7aToxNzI3ODk4NDc0O3M6NDoibGFzdCI7aToxNzI3ODk4NDc0O3M6Mzoibm93IjtpOjE3Mjc4OTg0NzQ7fXM6NToidG9rZW4iO3M6MzI6Ijg4MWQ5OWU3ZTc0YjM0Zjg0Nzc3ZTY0Y2FmNDEwNjZmIjt9czo4OiJyZWdpc3RyeSI7TzoyNDoiSm9vbWxhXFJlZ2lzdHJ5XFJlZ2lzdHJ5IjozOntzOjc6IgAqAGRhdGEiO086ODoic3RkQ2xhc3MiOjA6e31zOjE0OiIAKgBpbml0aWFsaXplZCI7YjowO3M6MTI6IgAqAHNlcGFyYXRvciI7czoxOiIuIjt9czo0OiJ1c2VyIjtPOjIwOiJKb29tbGFcQ01TXFVzZXJcVXNlciI6MTp7czoyOiJpZCI7aTowO319czoxNDoiACoAaW5pdGlhbGl6ZWQiO2I6MDtzOjEyOiIAKgBzZXBhcmF0b3IiO3M6MToiLiI7fQ==\";', 0, ''),
(0x6665633630363737343766346163636462333234306363323638346564623732, 0, 1, 1729028861, 'joomla|s:700:\"TzoyNDoiSm9vbWxhXFJlZ2lzdHJ5XFJlZ2lzdHJ5IjozOntzOjc6IgAqAGRhdGEiO086ODoic3RkQ2xhc3MiOjM6e3M6Nzoic2Vzc2lvbiI7Tzo4OiJzdGRDbGFzcyI6Mzp7czo3OiJjb3VudGVyIjtpOjE7czo1OiJ0aW1lciI7Tzo4OiJzdGRDbGFzcyI6Mzp7czo1OiJzdGFydCI7aToxNzI5MDI4ODUzO3M6NDoibGFzdCI7aToxNzI5MDI4ODUzO3M6Mzoibm93IjtpOjE3MjkwMjg4NTM7fXM6NToidG9rZW4iO3M6MzI6IjUxYTBiYzc5NTNiMGRjMjZhOTA3MDBhYWRjYzA5ZWM5Ijt9czo4OiJyZWdpc3RyeSI7TzoyNDoiSm9vbWxhXFJlZ2lzdHJ5XFJlZ2lzdHJ5IjozOntzOjc6IgAqAGRhdGEiO086ODoic3RkQ2xhc3MiOjA6e31zOjE0OiIAKgBpbml0aWFsaXplZCI7YjowO3M6MTI6IgAqAHNlcGFyYXRvciI7czoxOiIuIjt9czo0OiJ1c2VyIjtPOjIwOiJKb29tbGFcQ01TXFVzZXJcVXNlciI6MTp7czoyOiJpZCI7aTowO319czoxNDoiACoAaW5pdGlhbGl6ZWQiO2I6MDtzOjEyOiIAKgBzZXBhcmF0b3IiO3M6MToiLiI7fQ==\";', 0, ''),
(0x6666616164326334663138373532383930623566333732386630316635616564, 0, 1, 1731598578, 'joomla|s:700:\"TzoyNDoiSm9vbWxhXFJlZ2lzdHJ5XFJlZ2lzdHJ5IjozOntzOjc6IgAqAGRhdGEiO086ODoic3RkQ2xhc3MiOjM6e3M6Nzoic2Vzc2lvbiI7Tzo4OiJzdGRDbGFzcyI6Mzp7czo3OiJjb3VudGVyIjtpOjE7czo1OiJ0aW1lciI7Tzo4OiJzdGRDbGFzcyI6Mzp7czo1OiJzdGFydCI7aToxNzMxNTk4NTcwO3M6NDoibGFzdCI7aToxNzMxNTk4NTcwO3M6Mzoibm93IjtpOjE3MzE1OTg1NzA7fXM6NToidG9rZW4iO3M6MzI6IjAyZjhmNTljZTAwYzAwYjA4MzRkMTEwMjJiZTUwZTY3Ijt9czo4OiJyZWdpc3RyeSI7TzoyNDoiSm9vbWxhXFJlZ2lzdHJ5XFJlZ2lzdHJ5IjozOntzOjc6IgAqAGRhdGEiO086ODoic3RkQ2xhc3MiOjA6e31zOjE0OiIAKgBpbml0aWFsaXplZCI7YjowO3M6MTI6IgAqAHNlcGFyYXRvciI7czoxOiIuIjt9czo0OiJ1c2VyIjtPOjIwOiJKb29tbGFcQ01TXFVzZXJcVXNlciI6MTp7czoyOiJpZCI7aTowO319czoxNDoiACoAaW5pdGlhbGl6ZWQiO2I6MDtzOjEyOiIAKgBzZXBhcmF0b3IiO3M6MToiLiI7fQ==\";', 0, '');

-- --------------------------------------------------------

--
-- Estructura de tabla para la tabla `josxt_spmedia`
--

CREATE TABLE `josxt_spmedia` (
  `id` bigint(20) UNSIGNED NOT NULL,
  `title` varchar(255) NOT NULL DEFAULT '',
  `path` varchar(255) NOT NULL DEFAULT '',
  `thumb` varchar(255) NOT NULL DEFAULT '',
  `alt` varchar(255) NOT NULL DEFAULT '',
  `caption` varchar(2048) NOT NULL DEFAULT '',
  `description` mediumtext NOT NULL,
  `type` varchar(100) NOT NULL DEFAULT 'image',
  `media_attr` varchar(5120) CHARACTER SET utf8mb4 COLLATE utf8mb4_unicode_ci NOT NULL DEFAULT '{}',
  `extension` varchar(100) NOT NULL DEFAULT '',
  `created_on` datetime NOT NULL DEFAULT '0000-00-00 00:00:00',
  `created_by` bigint(20) NOT NULL DEFAULT 0,
  `modified_on` datetime NOT NULL DEFAULT '0000-00-00 00:00:00',
  `modified_by` bigint(20) NOT NULL DEFAULT 0
) ENGINE=InnoDB DEFAULT CHARSET=utf8mb3 COLLATE=utf8mb3_general_ci;

--
-- Volcado de datos para la tabla `josxt_spmedia`
--

INSERT INTO `josxt_spmedia` (`id`, `title`, `path`, `thumb`, `alt`, `caption`, `description`, `type`, `media_attr`, `extension`, `created_on`, `created_by`, `modified_on`, `modified_by`) VALUES
(1, 'foto-dip-1', 'images/2024/04/01/foto-dip-1.jpg', 'images/2024/04/01/_spmedia_thumbs/foto-dip-1.jpg', 'foto-dip-1', '', '', 'image', '{\"full\":{\"height\":2618,\"width\":3583},\"thumbnail\":{\"height\":300,\"width\":300}}', 'com_sppagebuilder', '2024-04-01 05:13:42', 215, '0000-00-00 00:00:00', 0),
(2, 'foto-portada-web-13', 'images/2024/04/01/foto-portada-web-13.jpg', 'images/2024/04/01/_spmedia_thumbs/foto-portada-web-13.jpg', 'foto-portada-web-13', '', '', 'image', '{\"full\":{\"height\":2362,\"width\":2835},\"thumbnail\":{\"height\":300,\"width\":300}}', 'com_sppagebuilder', '2024-04-01 05:14:13', 215, '0000-00-00 00:00:00', 0),
(3, 'foto-portada-web-1', 'images/2024/04/01/foto-portada-web-1.jpg', 'images/2024/04/01/_spmedia_thumbs/foto-portada-web-1.jpg', 'foto-portada-web-1', '', '', 'image', '{\"full\":{\"height\":3780,\"width\":3071},\"thumbnail\":{\"height\":300,\"width\":300}}', 'com_sppagebuilder', '2024-04-01 05:14:28', 215, '0000-00-00 00:00:00', 0),
(4, 'foto-portada-web-12', 'images/2024/04/01/foto-portada-web-12.jpg', 'images/2024/04/01/_spmedia_thumbs/foto-portada-web-12.jpg', 'foto-portada-web-12', '', '', 'image', '{\"full\":{\"height\":3780,\"width\":3071},\"thumbnail\":{\"height\":300,\"width\":300}}', 'com_sppagebuilder', '2024-04-01 05:14:42', 215, '0000-00-00 00:00:00', 0),
(6, 'fotos-fisioterapia-25', 'images/2024/04/01/fotos-fisioterapia-25.jpg', 'images/2024/04/01/_spmedia_thumbs/fotos-fisioterapia-25.jpg', 'fotos-fisioterapia-25', '', '', 'image', '{\"full\":{\"height\":3657,\"width\":4876},\"thumbnail\":{\"height\":300,\"width\":300}}', 'com_sppagebuilder', '2024-04-01 05:16:05', 215, '0000-00-00 00:00:00', 0),
(7, 'foto-portada-web-1', 'images/2024/04/02/foto-portada-web-1.jpg', 'images/2024/04/02/_spmedia_thumbs/foto-portada-web-1.jpg', 'foto-portada-web-1', '', '', 'image', '{\"full\":{\"height\":2400,\"width\":6600},\"thumbnail\":{\"height\":300,\"width\":300}}', 'com_sppagebuilder', '2024-04-02 03:59:40', 215, '0000-00-00 00:00:00', 0),
(8, 'caratula-fotos-portada-dip-2', 'images/2024/04/02/caratula-fotos-portada-dip-2.jpg', 'images/2024/04/02/_spmedia_thumbs/caratula-fotos-portada-dip-2.jpg', 'caratula-fotos-portada-dip-2', '', '', 'image', '{\"full\":{\"height\":2400,\"width\":6600},\"thumbnail\":{\"height\":300,\"width\":300}}', 'com_sppagebuilder', '2024-04-02 04:00:13', 215, '0000-00-00 00:00:00', 0),
(9, 'caratula-fotos-portada-dip-3', 'images/2024/04/02/caratula-fotos-portada-dip-3.jpg', 'images/2024/04/02/_spmedia_thumbs/caratula-fotos-portada-dip-3.jpg', 'caratula-fotos-portada-dip-3', '', '', 'image', '{\"full\":{\"height\":2400,\"width\":6600},\"thumbnail\":{\"height\":300,\"width\":300}}', 'com_sppagebuilder', '2024-04-02 04:00:46', 215, '0000-00-00 00:00:00', 0),
(10, 'caratula-fotos-portada-dip-4', 'images/2024/04/02/caratula-fotos-portada-dip-4.jpg', 'images/2024/04/02/_spmedia_thumbs/caratula-fotos-portada-dip-4.jpg', 'caratula-fotos-portada-dip-4', '', '', 'image', '{\"full\":{\"height\":2400,\"width\":6600},\"thumbnail\":{\"height\":300,\"width\":300}}', 'com_sppagebuilder', '2024-04-02 04:01:28', 215, '0000-00-00 00:00:00', 0),
(11, 'caratula-fotos-portada-dip-5', 'images/2024/04/02/caratula-fotos-portada-dip-5.jpg', 'images/2024/04/02/_spmedia_thumbs/caratula-fotos-portada-dip-5.jpg', 'caratula-fotos-portada-dip-5', '', '', 'image', '{\"full\":{\"height\":2400,\"width\":6600},\"thumbnail\":{\"height\":300,\"width\":300}}', 'com_sppagebuilder', '2024-04-02 04:01:57', 215, '0000-00-00 00:00:00', 0),
(12, 'caratula-fotos-portada-dip-6', 'images/2024/04/02/caratula-fotos-portada-dip-6.jpg', 'images/2024/04/02/_spmedia_thumbs/caratula-fotos-portada-dip-6.jpg', 'caratula-fotos-portada-dip-6', '', '', 'image', '{\"full\":{\"height\":2400,\"width\":6600},\"thumbnail\":{\"height\":300,\"width\":300}}', 'com_sppagebuilder', '2024-04-02 04:02:28', 215, '0000-00-00 00:00:00', 0),
(13, 'caratula-fotos-portada-dip-1', 'images/2024/04/04/caratula-fotos-portada-dip-1.jpg', 'images/2024/04/04/_spmedia_thumbs/caratula-fotos-portada-dip-1.jpg', 'caratula-fotos-portada-dip-1', '', '', 'image', '{\"full\":{\"height\":2400,\"width\":6600},\"thumbnail\":{\"height\":300,\"width\":300}}', 'com_sppagebuilder', '2024-04-04 02:14:55', 215, '0000-00-00 00:00:00', 0),
(16, 'foto-cuadrada-para-web-dip-1', 'images/2024/05/02/foto-cuadrada-para-web-dip-1.jpg', 'images/2024/05/02/_spmedia_thumbs/foto-cuadrada-para-web-dip-1.jpg', 'foto-cuadrada-para-web-dip-1', '', '', 'image', '{\"full\":{\"height\":3150,\"width\":3150},\"thumbnail\":{\"height\":300,\"width\":300}}', 'com_sppagebuilder', '2024-05-02 00:16:51', 215, '0000-00-00 00:00:00', 0),
(17, 'foto-noticias-mayo-2024-1', 'images/2024/05/21/foto-noticias-mayo-2024-1.jpg', 'images/2024/05/21/_spmedia_thumbs/foto-noticias-mayo-2024-1.jpg', 'foto-noticias-mayo-2024-1', '', '', 'image', '{\"full\":{\"height\":1378,\"width\":1378},\"thumbnail\":{\"height\":300,\"width\":300}}', 'com_sppagebuilder', '2024-05-21 21:06:41', 215, '0000-00-00 00:00:00', 0);

-- --------------------------------------------------------

--
-- Estructura de tabla para la tabla `josxt_sppagebuilder`
--

CREATE TABLE `josxt_sppagebuilder` (
  `id` bigint(20) UNSIGNED NOT NULL,
  `asset_id` int(11) NOT NULL DEFAULT 0,
  `title` varchar(255) NOT NULL DEFAULT '',
  `text` mediumtext NOT NULL,
  `extension` varchar(255) NOT NULL DEFAULT 'com_sppagebuilder',
  `extension_view` varchar(255) NOT NULL DEFAULT 'page',
  `view_id` bigint(20) NOT NULL DEFAULT 0,
  `active` tinyint(1) NOT NULL DEFAULT 0,
  `published` tinyint(4) NOT NULL DEFAULT 1,
  `catid` int(11) NOT NULL DEFAULT 0,
  `access` int(11) NOT NULL DEFAULT 0,
  `ordering` int(11) NOT NULL DEFAULT 0,
  `created_on` datetime NOT NULL DEFAULT '0000-00-00 00:00:00',
  `created_by` bigint(20) NOT NULL DEFAULT 0,
  `modified` datetime NOT NULL DEFAULT '0000-00-00 00:00:00',
  `modified_by` bigint(20) NOT NULL DEFAULT 0,
  `checked_out` int(11) NOT NULL DEFAULT 0,
  `checked_out_time` datetime NOT NULL DEFAULT '0000-00-00 00:00:00',
  `attribs` varchar(5120) CHARACTER SET utf8mb4 COLLATE utf8mb4_unicode_ci NOT NULL DEFAULT '[]',
  `og_title` varchar(255) NOT NULL DEFAULT '',
  `og_image` varchar(255) NOT NULL DEFAULT '',
  `og_description` varchar(255) NOT NULL DEFAULT '',
  `language` char(7) NOT NULL DEFAULT '',
  `hits` bigint(20) NOT NULL DEFAULT 0,
  `css` longtext NOT NULL
) ENGINE=InnoDB DEFAULT CHARSET=utf8mb3 COLLATE=utf8mb3_general_ci;

--
-- Volcado de datos para la tabla `josxt_sppagebuilder`
--

INSERT INTO `josxt_sppagebuilder` (`id`, `asset_id`, `title`, `text`, `extension`, `extension_view`, `view_id`, `active`, `published`, `catid`, `access`, `ordering`, `created_on`, `created_by`, `modified`, `modified_by`, `checked_out`, `checked_out_time`, `attribs`, `og_title`, `og_image`, `og_description`, `language`, `hits`, `css`) VALUES
(1, 0, 'Pagina construida', '[{\"id\":1711948130987,\"visibility\":true,\"collapse\":false,\"settings\":{\"admin_label\":\"\",\"title\":\"\",\"heading_selector\":\"h3\",\"title_fontsize\":\"\",\"title_fontweight\":\"\",\"title_position\":\"sppb-text-center\",\"columns_align_center\":0,\"fullscreen\":0,\"no_gutter\":0,\"padding\":{\"md\":\"0px 0px 0px 0px\",\"sm\":\"   \",\"xs\":\"   \"},\"margin\":{\"md\":\"0px 0px 0px 0px\",\"sm\":\"   \",\"xs\":\"   \"},\"background_image\":\"\",\"background_repeat\":\"no-repeat\",\"background_size\":\"cover\",\"background_attachment\":\"fixed\",\"background_position\":\"0 0\",\"background_video\":0,\"hidden_xs\":0,\"hidden_sm\":0,\"hidden_md\":0,\"animationduration\":\"300\",\"animationdelay\":\"0\"},\"layout\":\"12\",\"columns\":[{\"id\":1711948130986,\"class_name\":\"col-md-12\",\"visibility\":true,\"settings\":{\"background_image\":\"\",\"background_repeat\":\"no-repeat\",\"background_size\":\"cover\",\"background_attachment\":\"scroll\",\"background_position\":\"0 0\",\"items_align_center\":0,\"boxshadow\":\"0 0 0 0 #fff\",\"sm_col\":\"\",\"xs_col\":\"\",\"hidden_xs\":\"\",\"hidden_sm\":\"\",\"hidden_md\":\"\",\"animationduration\":\"300\",\"animationdelay\":\"0\"},\"addons\":[{\"id\":1711948130990,\"name\":\"carousel\",\"visibility\":true,\"settings\":{\"admin_label\":\"\",\"autoplay\":1,\"interval\":\"6\",\"speed\":\"601\",\"controllers\":1,\"arrows\":1,\"alignment\":\"sppb-text-center\",\"class\":\"\",\"sp_carousel_item\":[{\"title_padding\":{\"md\":\"   \",\"sm\":\"   \",\"xs\":\"   \"},\"title_margin\":{\"md\":\"   \",\"sm\":\"   \",\"xs\":\"   \"},\"content_padding\":{\"md\":\"   \",\"sm\":\"   \",\"xs\":\"   \"},\"content_margin\":{\"md\":\"   \",\"sm\":\"   \",\"xs\":\"   \"},\"bg\":\"images/2024/04/04/caratula-fotos-portada-dip-1.jpg\"},{\"title_padding\":{\"md\":\"   \",\"sm\":\"   \",\"xs\":\"   \"},\"title_margin\":{\"md\":\"   \",\"sm\":\"   \",\"xs\":\"   \"},\"content_padding\":{\"md\":\"   \",\"sm\":\"   \",\"xs\":\"   \"},\"content_margin\":{\"md\":\"   \",\"sm\":\"   \",\"xs\":\"   \"},\"bg\":\"images/2024/04/02/caratula-fotos-portada-dip-2.jpg\"},{\"title_padding\":{\"md\":\"   \",\"sm\":\"   \",\"xs\":\"   \"},\"title_margin\":{\"md\":\"   \",\"sm\":\"   \",\"xs\":\"   \"},\"content_padding\":{\"md\":\"   \",\"sm\":\"   \",\"xs\":\"   \"},\"content_margin\":{\"md\":\"   \",\"sm\":\"   \",\"xs\":\"   \"},\"bg\":\"images/2024/04/02/caratula-fotos-portada-dip-3.jpg\"},{\"title_padding\":{\"md\":\"   \",\"sm\":\"   \",\"xs\":\"   \"},\"title_margin\":{\"md\":\"   \",\"sm\":\"   \",\"xs\":\"   \"},\"content_padding\":{\"md\":\"   \",\"sm\":\"   \",\"xs\":\"   \"},\"content_margin\":{\"md\":\"   \",\"sm\":\"   \",\"xs\":\"   \"},\"bg\":\"images/2024/04/02/caratula-fotos-portada-dip-4.jpg\"},{\"title_padding\":{\"md\":\"   \",\"sm\":\"   \",\"xs\":\"   \"},\"title_margin\":{\"md\":\"   \",\"sm\":\"   \",\"xs\":\"   \"},\"content_padding\":{\"md\":\"   \",\"sm\":\"   \",\"xs\":\"   \"},\"content_margin\":{\"md\":\"   \",\"sm\":\"   \",\"xs\":\"   \"},\"bg\":\"images/2024/04/02/caratula-fotos-portada-dip-5.jpg\"},{\"title_padding\":{\"md\":\"   \",\"sm\":\"   \",\"xs\":\"   \"},\"title_margin\":{\"md\":\"   \",\"sm\":\"   \",\"xs\":\"   \"},\"content_padding\":{\"md\":\"   \",\"sm\":\"   \",\"xs\":\"   \"},\"content_margin\":{\"md\":\"   \",\"sm\":\"   \",\"xs\":\"   \"},\"bg\":\"images/2024/04/02/caratula-fotos-portada-dip-6.jpg\"}],\"global_use_background\":0,\"global_background_repeat\":\"no-repeat\",\"global_background_size\":\"cover\",\"global_background_attachment\":\"inherit\",\"global_background_position\":\"50% 50%\",\"global_user_border\":0,\"global_border_width\":\"\",\"global_border_radius\":0,\"global_margin\":{\"md\":\"0px 0px 30px 0px\",\"sm\":\"0px 0px 20px 0px\",\"xs\":\"0px 0px 10px 0px\"},\"global_padding\":{\"md\":\"   \",\"sm\":\"   \",\"xs\":\"   \"},\"global_boxshadow\":\"0 0 0 0 #ffffff\",\"global_use_animation\":0,\"global_animationduration\":\"300\",\"global_animationdelay\":\"0\",\"use_global_width\":0,\"hidden_md\":0,\"hidden_sm\":0,\"hidden_xs\":0,\"acl\":\"\",\"while_scroll_view\":[{\"enable_while_scroll_view\":0}],\"mouse_movement\":[{\"enable_tilt_effect\":0,\"mouse_tilt_direction\":\"direct\",\"mouse_tilt_speed\":\"1\",\"mouse_tilt_max\":\"15\",\"enable_tablet\":0,\"enable_mobile\":0}]}}]}]},{\"id\":1714601455185,\"visibility\":true,\"collapse\":false,\"settings\":{\"admin_label\":\"\",\"title\":\"\",\"heading_selector\":\"h3\",\"title_fontsize\":\"\",\"title_fontweight\":\"\",\"title_position\":\"sppb-text-center\",\"columns_align_center\":0,\"fullscreen\":0,\"no_gutter\":0,\"padding\":{\"md\":\"50px 0px 50px 0px\",\"sm\":\"   \",\"xs\":\"   \"},\"margin\":{\"md\":\"0px 0px 0px 0px\",\"sm\":\"   \",\"xs\":\"   \"},\"background_image\":\"\",\"background_repeat\":\"no-repeat\",\"background_size\":\"cover\",\"background_attachment\":\"fixed\",\"background_position\":\"0 0\",\"background_video\":0,\"hidden_xs\":0,\"hidden_sm\":0,\"hidden_md\":0,\"animationduration\":\"300\",\"animationdelay\":\"0\"},\"layout\":\"6,6\",\"columns\":[{\"id\":1714601455183,\"class_name\":\"col-md-6\",\"visibility\":true,\"settings\":{\"background_image\":\"\",\"background_repeat\":\"no-repeat\",\"background_size\":\"cover\",\"background_attachment\":\"scroll\",\"background_position\":\"0 0\",\"items_align_center\":1,\"boxshadow\":\"0 0 0 0 #fff\",\"sm_col\":\"\",\"xs_col\":\"\",\"hidden_xs\":0,\"hidden_sm\":0,\"hidden_md\":0,\"animationduration\":\"300\",\"animationdelay\":\"0\",\"padding\":{\"md\":\"   \",\"sm\":\"   \",\"xs\":\"   \"},\"background\":\"\"},\"addons\":[{\"id\":1714601455188,\"name\":\"image\",\"visibility\":true,\"settings\":{\"admin_label\":\"\",\"title\":\"\",\"heading_selector\":\"h3\",\"title_fontsize\":\"\",\"title_lineheight\":\"\",\"title_letterspace\":\"0\",\"title_padding\":\"\",\"title_position\":\"top\",\"image\":\"images/2024/05/02/foto-cuadrada-para-web-dip-1.jpg\",\"border_radius\":0,\"alt_text\":\"Image\",\"position\":\"sppb-text-center\",\"open_lightbox\":0,\"overlay_color\":\"rgba(119, 219, 31, .5)\",\"link\":\"\",\"class\":\"\",\"global_use_background\":0,\"global_background_repeat\":\"no-repeat\",\"global_background_size\":\"cover\",\"global_background_attachment\":\"inherit\",\"global_background_position\":\"50% 50%\",\"global_user_border\":0,\"global_border_width\":\"\",\"global_border_radius\":0,\"global_margin\":{\"md\":\"0px 0px 30px 0px\",\"sm\":\"0px 0px 20px 0px\",\"xs\":\"0px 0px 10px 0px\"},\"global_padding\":{\"md\":\"   \",\"sm\":\"   \",\"xs\":\"   \"},\"global_boxshadow\":\"0 0 0 0 #ffffff\",\"global_use_animation\":0,\"global_animationduration\":\"300\",\"global_animationdelay\":\"0\",\"use_global_width\":0,\"hidden_md\":0,\"hidden_sm\":0,\"hidden_xs\":0,\"acl\":\"\",\"while_scroll_view\":[{\"enable_while_scroll_view\":0}],\"mouse_movement\":[{\"enable_tilt_effect\":0,\"mouse_tilt_direction\":\"direct\",\"mouse_tilt_speed\":\"1\",\"mouse_tilt_max\":\"15\",\"enable_tablet\":0,\"enable_mobile\":0}]}}]},{\"id\":1714601455184,\"class_name\":\"col-md-6\",\"visibility\":true,\"settings\":{\"background_image\":\"\",\"background_repeat\":\"no-repeat\",\"background_size\":\"cover\",\"background_attachment\":\"scroll\",\"background_position\":\"0 0\",\"items_align_center\":0,\"boxshadow\":\"0 0 0 0 #fff\",\"sm_col\":\"\",\"xs_col\":\"\",\"hidden_xs\":0,\"hidden_sm\":0,\"hidden_md\":0,\"animationduration\":\"300\",\"animationdelay\":\"0\",\"padding\":{\"md\":\"   \",\"sm\":\"   \",\"xs\":\"   \"},\"background\":\"rgba(242, 203, 48, 0.29)\"},\"addons\":[{\"id\":1714605533047,\"name\":\"text_block\",\"visibility\":true,\"settings\":{\"admin_label\":\"\",\"title\":\"\",\"heading_selector\":\"h3\",\"title_fontsize\":\"\",\"title_lineheight\":\"\",\"title_letterspace\":\"0\",\"text\":\"<p><strong>DATOS HIST&Oacute;RICOS </strong></p>\\n<p><strong>DEPARTAMENTO DE INVESTIGACI&Oacute;N Y PROYECTOS 2006.</strong></p>\\n<p>Inicio con trabajos de investigaci&oacute;n en la materia de parasitolog&iacute;a a cargo de la docente responsables y los estudiantes del segundo semestre.<br />Desarrollo de investigaci&oacute;n sobre parasitosis en la comunidad de Chipamaya.</p>\\n<p><strong>Director General de la UAC-PUCARANI&nbsp; </strong>1998 a 2007<br />Pbro.Lic. F&eacute;lix A. Espinoza Coro: &nbsp;&nbsp;&nbsp;&nbsp;&nbsp;&nbsp;&nbsp;&nbsp;&nbsp;&nbsp;&nbsp;</p>\\n<p><strong>Directora de Carrera Enfermeria </strong>&nbsp;1999 a 2008<br />Lic. Luciana Laruta Salazar:&nbsp;&nbsp;&nbsp;&nbsp;&nbsp;&nbsp;&nbsp;&nbsp;&nbsp;&nbsp;&nbsp;&nbsp;&nbsp;&nbsp;&nbsp;&nbsp;&nbsp;&nbsp;&nbsp;&nbsp;</p>\\n<p><strong>Responsables de Investigaci&oacute;n y Proyectos: </strong>2006 a 2007<br />Dr. Miguel &Aacute;ngel Silva:&nbsp;&nbsp;&nbsp;&nbsp;&nbsp;</p>\\n<p>Trabajaron juntos para crear oficialmente el departamento de investigaci&oacute;n y proyectos, centrado en la investigaci&oacute;n de servicios de salud. La misi&oacute;n general del DIP fue producir y utilizar evidencia para planificar, implementar y evaluar cambios en la pr&aacute;ctica de enfermer&iacute;a para promover mejores resultados (individual, proveedor y sistema), as&iacute; como promover la efectividad y eficiencia de la enfermer&iacute;a para beneficiar la salud de la poblaci&oacute;n.</p>\",\"alignment\":\"\",\"text_fontsize\":\"\",\"text_lineheight\":\"\",\"text_fontweight\":\"\",\"dropcap\":0,\"class\":\"\",\"global_use_background\":0,\"global_background_repeat\":\"no-repeat\",\"global_background_size\":\"cover\",\"global_background_attachment\":\"inherit\",\"global_background_position\":\"50% 50%\",\"global_user_border\":0,\"global_border_width\":\"\",\"global_border_radius\":0,\"global_margin\":{\"md\":\"2px 2px 30px 2px\",\"sm\":\"0px 0px 20px 0px\",\"xs\":\"0px 0px 10px 0px\"},\"global_padding\":{\"md\":\"   \",\"sm\":\"   \",\"xs\":\"   \"},\"global_boxshadow\":{\"ho\":\"0\",\"vo\":\"0\",\"blur\":\"0\",\"spread\":\"0\",\"color\":\"#d9e988\",\"inset\":false},\"global_use_animation\":0,\"global_animationduration\":\"300\",\"global_animationdelay\":\"0\",\"use_global_width\":0,\"hidden_md\":0,\"hidden_sm\":0,\"hidden_xs\":0,\"acl\":\"\",\"while_scroll_view\":[{\"enable_while_scroll_view\":0}],\"mouse_movement\":[{\"enable_tilt_effect\":0,\"mouse_tilt_direction\":\"direct\",\"mouse_tilt_speed\":\"1\",\"mouse_tilt_max\":\"15\",\"enable_tablet\":0,\"enable_mobile\":0}],\"global_text_color\":\"#717177\",\"global_link_hover_color\":\"#ebf5c6\"}}]}]},{\"id\":1714605789345,\"visibility\":true,\"collapse\":false,\"settings\":{\"admin_label\":\"\",\"title\":\"\",\"heading_selector\":\"h3\",\"title_fontsize\":\"\",\"title_fontweight\":\"\",\"title_position\":\"sppb-text-center\",\"columns_align_center\":0,\"fullscreen\":0,\"no_gutter\":0,\"padding\":\"50px 0px 50px 0px\",\"margin\":\"0px 0px 0px 0px\",\"background_image\":\"\",\"background_repeat\":\"no-repeat\",\"background_size\":\"cover\",\"background_attachment\":\"fixed\",\"background_position\":\"0 0\",\"background_video\":\"0\",\"hidden_xs\":\"\",\"hidden_sm\":\"\",\"hidden_md\":\"\",\"animationduration\":\"300\",\"animationdelay\":\"0\"},\"layout\":\"12\",\"columns\":[{\"id\":1714605789344,\"class_name\":\"col-md-12\",\"visibility\":true,\"settings\":{\"background_image\":\"\",\"background_repeat\":\"no-repeat\",\"background_size\":\"cover\",\"background_attachment\":\"scroll\",\"background_position\":\"0 0\",\"items_align_center\":0,\"boxshadow\":\"0 0 0 0 #fff\",\"sm_col\":\"\",\"xs_col\":\"\",\"hidden_xs\":\"\",\"hidden_sm\":\"\",\"hidden_md\":\"\",\"animationduration\":\"300\",\"animationdelay\":\"0\"},\"addons\":[]}]},{\"id\":1712032469417,\"visibility\":true,\"collapse\":false,\"settings\":{\"admin_label\":\"\",\"title\":\"\",\"heading_selector\":\"h3\",\"title_fontsize\":\"\",\"title_fontweight\":\"\",\"title_position\":\"sppb-text-center\",\"columns_align_center\":0,\"fullscreen\":0,\"no_gutter\":0,\"padding\":\"50px 0px 50px 0px\",\"margin\":\"0px 0px 0px 0px\",\"background_image\":\"\",\"background_repeat\":\"no-repeat\",\"background_size\":\"cover\",\"background_attachment\":\"fixed\",\"background_position\":\"0 0\",\"background_video\":\"0\",\"hidden_xs\":\"\",\"hidden_sm\":\"\",\"hidden_md\":\"\",\"animationduration\":\"300\",\"animationdelay\":\"0\"},\"layout\":\"12\",\"columns\":[{\"id\":1712032469416,\"class_name\":\"col-md-12\",\"visibility\":true,\"settings\":{\"background_image\":\"\",\"background_repeat\":\"no-repeat\",\"background_size\":\"cover\",\"background_attachment\":\"scroll\",\"background_position\":\"0 0\",\"items_align_center\":0,\"boxshadow\":\"0 0 0 0 #fff\",\"sm_col\":\"\",\"xs_col\":\"\",\"hidden_xs\":\"\",\"hidden_sm\":\"\",\"hidden_md\":\"\",\"animationduration\":\"300\",\"animationdelay\":\"0\"},\"addons\":[]}]}]', 'mod_sppagebuilder', 'module', 112, 1, 1, 0, 1, 0, '2024-04-01 05:08:44', 215, '2024-05-02 00:24:07', 215, 0, '2024-04-01 05:08:44', '[]', '', '', '', '*', 0, ''),
(2, 0, 'NOTICIAS UACP 2024', '[{\"id\":1716325543192,\"visibility\":true,\"collapse\":false,\"settings\":{\"admin_label\":\"\",\"title\":\"\",\"heading_selector\":\"h3\",\"title_fontsize\":\"\",\"title_fontweight\":\"\",\"title_position\":\"sppb-text-center\",\"columns_align_center\":0,\"fullscreen\":0,\"no_gutter\":0,\"padding\":\"50px 0px 50px 0px\",\"margin\":\"0px 0px 0px 0px\",\"background_image\":\"\",\"background_repeat\":\"no-repeat\",\"background_size\":\"cover\",\"background_attachment\":\"fixed\",\"background_position\":\"0 0\",\"background_video\":\"0\",\"hidden_xs\":\"\",\"hidden_sm\":\"\",\"hidden_md\":\"\",\"animationduration\":\"300\",\"animationdelay\":\"0\"},\"layout\":\"6,6\",\"columns\":[{\"id\":1716325543190,\"class_name\":\"col-md-6\",\"visibility\":true,\"settings\":{\"background_image\":\"\",\"background_repeat\":\"no-repeat\",\"background_size\":\"cover\",\"background_attachment\":\"scroll\",\"background_position\":\"0 0\",\"items_align_center\":0,\"boxshadow\":\"0 0 0 0 #fff\",\"sm_col\":\"\",\"xs_col\":\"\",\"hidden_xs\":\"\",\"hidden_sm\":\"\",\"hidden_md\":\"\",\"animationduration\":\"300\",\"animationdelay\":\"0\"},\"addons\":[{\"id\":1716325543195,\"name\":\"image\",\"visibility\":true,\"settings\":{\"admin_label\":\"\",\"title\":\"\",\"heading_selector\":\"h3\",\"title_fontsize\":\"\",\"title_lineheight\":\"\",\"title_letterspace\":\"0\",\"title_padding\":\"\",\"title_position\":\"top\",\"image\":\"images/2024/05/21/foto-noticias-mayo-2024-1.jpg\",\"border_radius\":0,\"alt_text\":\"Image\",\"position\":\"sppb-text-center\",\"open_lightbox\":0,\"overlay_color\":\"rgba(119, 219, 31, .5)\",\"link\":\"\",\"class\":\"\",\"global_use_background\":0,\"global_background_repeat\":\"no-repeat\",\"global_background_size\":\"cover\",\"global_background_attachment\":\"inherit\",\"global_background_position\":\"50% 50%\",\"global_user_border\":0,\"global_border_width\":\"\",\"global_border_radius\":0,\"global_margin\":{\"md\":\"0px 0px 30px 0px\",\"sm\":\"0px 0px 20px 0px\",\"xs\":\"0px 0px 10px 0px\"},\"global_padding\":{\"md\":\"   \",\"sm\":\"   \",\"xs\":\"   \"},\"global_boxshadow\":\"0 0 0 0 #ffffff\",\"global_use_animation\":0,\"global_animationduration\":\"300\",\"global_animationdelay\":\"0\",\"use_global_width\":0,\"hidden_md\":0,\"hidden_sm\":0,\"hidden_xs\":0,\"acl\":\"\",\"while_scroll_view\":[{\"enable_while_scroll_view\":0}],\"mouse_movement\":[{\"enable_tilt_effect\":0,\"mouse_tilt_direction\":\"direct\",\"mouse_tilt_speed\":\"1\",\"mouse_tilt_max\":\"15\",\"enable_tablet\":0,\"enable_mobile\":0}]}}]},{\"id\":1716325543191,\"class_name\":\"col-md-6\",\"visibility\":true,\"settings\":{\"background_image\":\"\",\"background_repeat\":\"no-repeat\",\"background_size\":\"cover\",\"background_attachment\":\"scroll\",\"background_position\":\"0 0\",\"items_align_center\":0,\"boxshadow\":\"0 0 0 0 #fff\",\"sm_col\":\"\",\"xs_col\":\"\",\"hidden_xs\":\"\",\"hidden_sm\":\"\",\"hidden_md\":\"\",\"animationduration\":\"300\",\"animationdelay\":\"0\"},\"addons\":[{\"id\":1716325543198,\"name\":\"text_block\",\"visibility\":true,\"settings\":{\"admin_label\":\"\",\"title\":\"UAC Y ALCALDÍA DE PUCARANI DIALOGAN SOBRE RENOVACIÓN DE CONVENIO EN TEMAS DE SALUD\",\"heading_selector\":\"h3\",\"title_fontsize\":\"\",\"title_lineheight\":\"\",\"title_letterspace\":\"0\",\"text\":\"<p><em>Pucarani, 21 de mayo (UAC).- </em>La directora de la UAC - Pucarani, Lic. Lidia Limachi, sostuvo este martes una reuni&oacute;n con la representaci&oacute;n de la Unidad de Salud del Gobierno Aut&oacute;nomo Municipal de Pucarani (Gamp), a fin de dialogar sobre la renovaci&oacute;n de convenio interinstitucional referido a temas del &aacute;rea de salud.</p>\\n<p>La autoridad de la UAC-Pucarani estuvo reunido cerca de una hora con el Lic. Fortunato Huampo Arratia, responsable de la Unidad Municipal de Salud. Uno de los temas abordados en la reuni&oacute;n fue la renovaci&oacute;n del convenio interinstitucional entre Alcald&iacute;a y UAC, para los servicios en salud.</p>\\n<p>La UAC - Pucarani expres&oacute; su predisposici&oacute;n para la renovaci&oacute;n de este acuerdo en bien de la salud de la poblaci&oacute;n y que tambi&eacute;n sea de beneficio para la formaci&oacute;n de calidad para los estudiantes de Enfermer&iacute;a y Fisioterapia y Kinesiolog&iacute;a.</p>\\n<p>\\\"<em>Me interesa la parte de interacci&oacute;n social, si bien el municipio nos invita a ferias y estuvimos presentes, pero fue por invitaci&oacute;n y no bajo un convenio de decir que en cada actividad que tiene (el municipio) o cada tres meses hacer una feria de salud para la comunidad con un enfoque de alg&uacute;n tema de inter&eacute;s; que hagamos capacitaci&oacute;n, tal vez ustedes (de la Alcald&iacute;a) identifiquen en el municipio casos, por ejemplo, de ni&ntilde;os que no est&aacute;n con vacuna o casos de sarampi&oacute;n, etc., hacer una actividad de interacci&oacute;n social</em>\\\", indic&oacute; Limachi.</p>\\n<p>Por su parte, Huampo mencion&oacute; que el municipio impulsa gradualmente la habilitaci&oacute;n del Hospital de Segundo Nivel de Pucarani equipamiento y recursos humanos.</p>\\n<p>Sin embargo, manifest&oacute; que existe la necesidad de seguir potenciando este centro con apoyo en diferentes servicios, debido a que se requiere ampliar la atenci&oacute;n, por ejemplo, en el &aacute;rea de fisioterapia.</p>\\n<p>Por su lado, Limachi tambi&eacute;n expres&oacute; la predisposici&oacute;n de la UAC - Pucarani para coordinar con el municipio en el &aacute;rea de interacci&oacute;n social y en investigaci&oacute;n, orientado a responder a necesidades concretas y en beneficio de todas las comunidades del municipio de Pucarani.</p>\\n<p>Ambas partes concluyeron en la elaboraci&oacute;n de un borrador del convenio con las propuestas del municipio para el &aacute;rea de salud, para que en una pr&oacute;xima reuni&oacute;n se consolide la alianza interinstitucional.</p>\\n<p>/Lch/</p>\",\"alignment\":\"\",\"text_fontsize\":\"\",\"text_lineheight\":\"\",\"text_fontweight\":\"\",\"dropcap\":0,\"class\":\"\",\"global_use_background\":0,\"global_background_repeat\":\"no-repeat\",\"global_background_size\":\"cover\",\"global_background_attachment\":\"inherit\",\"global_background_position\":\"50% 50%\",\"global_user_border\":0,\"global_border_width\":\"\",\"global_border_radius\":0,\"global_margin\":{\"md\":\"0px 0px 30px 0px\",\"sm\":\"0px 0px 20px 0px\",\"xs\":\"0px 0px 10px 0px\"},\"global_padding\":{\"md\":\"   \",\"sm\":\"   \",\"xs\":\"   \"},\"global_boxshadow\":\"0 0 0 0 #ffffff\",\"global_use_animation\":0,\"global_animationduration\":\"300\",\"global_animationdelay\":\"0\",\"use_global_width\":0,\"hidden_md\":0,\"hidden_sm\":0,\"hidden_xs\":0,\"acl\":\"\",\"while_scroll_view\":[{\"enable_while_scroll_view\":0}],\"mouse_movement\":[{\"enable_tilt_effect\":0,\"mouse_tilt_direction\":\"direct\",\"mouse_tilt_speed\":\"1\",\"mouse_tilt_max\":\"15\",\"enable_tablet\":0,\"enable_mobile\":0}]}}]}]}]', 'mod_sppagebuilder', 'module', 115, 1, 1, 0, 1, 0, '2024-05-21 21:05:38', 215, '2024-05-21 21:10:57', 215, 0, '2024-05-21 21:05:38', '[]', '', '', '', '*', 0, '');

-- --------------------------------------------------------

--
-- Estructura de tabla para la tabla `josxt_sppagebuilder_addons`
--

CREATE TABLE `josxt_sppagebuilder_addons` (
  `id` int(10) UNSIGNED NOT NULL,
  `title` varchar(255) NOT NULL DEFAULT '',
  `code` mediumtext NOT NULL,
  `created` datetime NOT NULL DEFAULT '0000-00-00 00:00:00',
  `created_by` bigint(20) NOT NULL DEFAULT 0
) ENGINE=InnoDB DEFAULT CHARSET=utf8mb3 COLLATE=utf8mb3_general_ci;

-- --------------------------------------------------------

--
-- Estructura de tabla para la tabla `josxt_sppagebuilder_integrations`
--

CREATE TABLE `josxt_sppagebuilder_integrations` (
  `id` bigint(20) UNSIGNED NOT NULL,
  `title` varchar(255) NOT NULL DEFAULT '',
  `description` mediumtext NOT NULL,
  `component` varchar(255) NOT NULL DEFAULT '',
  `plugin` mediumtext NOT NULL,
  `state` tinyint(1) NOT NULL DEFAULT 0
) ENGINE=InnoDB DEFAULT CHARSET=utf8mb3 COLLATE=utf8mb3_general_ci;

-- --------------------------------------------------------

--
-- Estructura de tabla para la tabla `josxt_sppagebuilder_languages`
--

CREATE TABLE `josxt_sppagebuilder_languages` (
  `id` int(10) UNSIGNED NOT NULL,
  `title` varchar(255) NOT NULL DEFAULT '',
  `description` mediumtext NOT NULL,
  `lang_tag` varchar(255) NOT NULL DEFAULT '',
  `lang_key` varchar(100) DEFAULT NULL,
  `version` varchar(255) NOT NULL DEFAULT '',
  `state` tinyint(1) NOT NULL DEFAULT 0
) ENGINE=InnoDB DEFAULT CHARSET=utf8mb3 COLLATE=utf8mb3_general_ci;

-- --------------------------------------------------------

--
-- Estructura de tabla para la tabla `josxt_sppagebuilder_sections`
--

CREATE TABLE `josxt_sppagebuilder_sections` (
  `id` int(10) UNSIGNED NOT NULL,
  `title` varchar(255) NOT NULL DEFAULT '',
  `section` mediumtext NOT NULL,
  `created` datetime NOT NULL DEFAULT '0000-00-00 00:00:00',
  `created_by` bigint(20) NOT NULL DEFAULT 0
) ENGINE=InnoDB DEFAULT CHARSET=utf8mb3 COLLATE=utf8mb3_general_ci;

-- --------------------------------------------------------

--
-- Estructura de tabla para la tabla `josxt_tags`
--

CREATE TABLE `josxt_tags` (
  `id` int(10) UNSIGNED NOT NULL,
  `parent_id` int(10) UNSIGNED NOT NULL DEFAULT 0,
  `lft` int(11) NOT NULL DEFAULT 0,
  `rgt` int(11) NOT NULL DEFAULT 0,
  `level` int(10) UNSIGNED NOT NULL DEFAULT 0,
  `path` varchar(400) NOT NULL DEFAULT '',
  `title` varchar(255) NOT NULL,
  `alias` varchar(400) CHARACTER SET utf8mb4 COLLATE utf8mb4_bin NOT NULL DEFAULT '',
  `note` varchar(255) NOT NULL DEFAULT '',
  `description` mediumtext NOT NULL,
  `published` tinyint(4) NOT NULL DEFAULT 0,
  `checked_out` int(10) UNSIGNED DEFAULT NULL,
  `checked_out_time` datetime DEFAULT NULL,
  `access` int(10) UNSIGNED NOT NULL DEFAULT 0,
  `params` text NOT NULL,
  `metadesc` varchar(1024) NOT NULL COMMENT 'The meta description for the page.',
  `metakey` varchar(1024) NOT NULL DEFAULT '' COMMENT 'The keywords for the page.',
  `metadata` varchar(2048) NOT NULL COMMENT 'JSON encoded metadata properties.',
  `created_user_id` int(10) UNSIGNED NOT NULL DEFAULT 0,
  `created_time` datetime NOT NULL,
  `created_by_alias` varchar(255) NOT NULL DEFAULT '',
  `modified_user_id` int(10) UNSIGNED NOT NULL DEFAULT 0,
  `modified_time` datetime NOT NULL,
  `images` text NOT NULL,
  `urls` text NOT NULL,
  `hits` int(10) UNSIGNED NOT NULL DEFAULT 0,
  `language` char(7) NOT NULL,
  `version` int(10) UNSIGNED NOT NULL DEFAULT 1,
  `publish_up` datetime DEFAULT NULL,
  `publish_down` datetime DEFAULT NULL
) ENGINE=InnoDB DEFAULT CHARSET=utf8mb4 COLLATE=utf8mb4_unicode_ci;

--
-- Volcado de datos para la tabla `josxt_tags`
--

INSERT INTO `josxt_tags` (`id`, `parent_id`, `lft`, `rgt`, `level`, `path`, `title`, `alias`, `note`, `description`, `published`, `checked_out`, `checked_out_time`, `access`, `params`, `metadesc`, `metakey`, `metadata`, `created_user_id`, `created_time`, `created_by_alias`, `modified_user_id`, `modified_time`, `images`, `urls`, `hits`, `language`, `version`, `publish_up`, `publish_down`) VALUES
(1, 0, 0, 1, 0, '', 'ROOT', 'root', '', '', 1, NULL, NULL, 1, '', '', '', '', 215, '2024-03-31 20:32:06', '', 215, '2024-03-31 20:32:06', '', '', 0, '*', 1, NULL, NULL);

-- --------------------------------------------------------

--
-- Estructura de tabla para la tabla `josxt_template_overrides`
--

CREATE TABLE `josxt_template_overrides` (
  `id` int(10) UNSIGNED NOT NULL,
  `template` varchar(50) NOT NULL DEFAULT '',
  `hash_id` varchar(255) NOT NULL DEFAULT '',
  `extension_id` int(11) DEFAULT 0,
  `state` tinyint(4) NOT NULL DEFAULT 0,
  `action` varchar(50) NOT NULL DEFAULT '',
  `client_id` tinyint(3) UNSIGNED NOT NULL DEFAULT 0,
  `created_date` datetime NOT NULL,
  `modified_date` datetime DEFAULT NULL
) ENGINE=InnoDB DEFAULT CHARSET=utf8mb4 COLLATE=utf8mb4_unicode_ci;

-- --------------------------------------------------------

--
-- Estructura de tabla para la tabla `josxt_template_styles`
--

CREATE TABLE `josxt_template_styles` (
  `id` int(10) UNSIGNED NOT NULL,
  `template` varchar(50) NOT NULL DEFAULT '',
  `client_id` tinyint(3) UNSIGNED NOT NULL DEFAULT 0,
  `home` char(7) NOT NULL DEFAULT '0',
  `title` varchar(255) NOT NULL DEFAULT '',
  `inheritable` tinyint(4) NOT NULL DEFAULT 0,
  `parent` varchar(50) DEFAULT '',
  `params` text NOT NULL
) ENGINE=InnoDB DEFAULT CHARSET=utf8mb4 COLLATE=utf8mb4_unicode_ci;

--
-- Volcado de datos para la tabla `josxt_template_styles`
--

INSERT INTO `josxt_template_styles` (`id`, `template`, `client_id`, `home`, `title`, `inheritable`, `parent`, `params`) VALUES
(10, 'atum', 1, '1', 'Atum - Default', 1, '', '{\"hue\":\"hsl(214, 63%, 20%)\",\"bg-light\":\"#f0f4fb\",\"text-dark\":\"#495057\",\"text-light\":\"#ffffff\",\"link-color\":\"#2a69b8\",\"special-color\":\"#001b4c\",\"monochrome\":\"0\",\"loginLogo\":\"images\\/ICONO%20DIP%201.png#joomlaImage:\\/\\/local-images\\/ICONO DIP 1.png?width=787&height=787\",\"loginLogoAlt\":\"\",\"logoBrandLarge\":\"\",\"logoBrandLargeAlt\":\"\",\"logoBrandSmall\":\"\",\"logoBrandSmallAlt\":\"\"}'),
(11, 'cassiopeia', 0, '1', 'Cassiopeia - Default', 1, '', '{\"brand\":true,\"logoFile\":\"images\\/444.png#joomlaImage:\\/\\/local-images\\/444.png?width=6460&height=626\",\"siteTitle\":\"\",\"siteDescription\":\"\",\"useFontScheme\":\"0\",\"colorName\":\"colors_standard\",\"fluidContainer\":\"0\",\"stickyHeader\":1,\"backTop\":0}');

-- --------------------------------------------------------

--
-- Estructura de tabla para la tabla `josxt_ucm_base`
--

CREATE TABLE `josxt_ucm_base` (
  `ucm_id` int(10) UNSIGNED NOT NULL,
  `ucm_item_id` int(11) NOT NULL,
  `ucm_type_id` int(11) NOT NULL,
  `ucm_language_id` int(11) NOT NULL
) ENGINE=InnoDB DEFAULT CHARSET=utf8mb4 COLLATE=utf8mb4_unicode_ci;

-- --------------------------------------------------------

--
-- Estructura de tabla para la tabla `josxt_ucm_content`
--

CREATE TABLE `josxt_ucm_content` (
  `core_content_id` int(10) UNSIGNED NOT NULL,
  `core_type_alias` varchar(400) NOT NULL DEFAULT '' COMMENT 'FK to the content types table',
  `core_title` varchar(400) NOT NULL DEFAULT '',
  `core_alias` varchar(400) CHARACTER SET utf8mb4 COLLATE utf8mb4_bin NOT NULL DEFAULT '',
  `core_body` mediumtext DEFAULT NULL,
  `core_state` tinyint(4) NOT NULL DEFAULT 0,
  `core_checked_out_time` datetime DEFAULT NULL,
  `core_checked_out_user_id` int(10) UNSIGNED DEFAULT NULL,
  `core_access` int(10) UNSIGNED NOT NULL DEFAULT 0,
  `core_params` text DEFAULT NULL,
  `core_featured` tinyint(3) UNSIGNED NOT NULL DEFAULT 0,
  `core_metadata` varchar(2048) NOT NULL DEFAULT '' COMMENT 'JSON encoded metadata properties.',
  `core_created_user_id` int(10) UNSIGNED NOT NULL DEFAULT 0,
  `core_created_by_alias` varchar(255) NOT NULL DEFAULT '',
  `core_created_time` datetime NOT NULL,
  `core_modified_user_id` int(10) UNSIGNED NOT NULL DEFAULT 0 COMMENT 'Most recent user that modified',
  `core_modified_time` datetime NOT NULL,
  `core_language` char(7) NOT NULL DEFAULT '',
  `core_publish_up` datetime DEFAULT NULL,
  `core_publish_down` datetime DEFAULT NULL,
  `core_content_item_id` int(10) UNSIGNED NOT NULL DEFAULT 0 COMMENT 'ID from the individual type table',
  `asset_id` int(10) UNSIGNED NOT NULL DEFAULT 0 COMMENT 'FK to the #__assets table.',
  `core_images` text DEFAULT NULL,
  `core_urls` text DEFAULT NULL,
  `core_hits` int(10) UNSIGNED NOT NULL DEFAULT 0,
  `core_version` int(10) UNSIGNED NOT NULL DEFAULT 1,
  `core_ordering` int(11) NOT NULL DEFAULT 0,
  `core_metakey` text DEFAULT NULL,
  `core_metadesc` text DEFAULT NULL,
  `core_catid` int(10) UNSIGNED NOT NULL DEFAULT 0,
  `core_type_id` int(10) UNSIGNED NOT NULL DEFAULT 0
) ENGINE=InnoDB DEFAULT CHARSET=utf8mb4 COLLATE=utf8mb4_unicode_ci COMMENT='Contains core content data in name spaced fields';

-- --------------------------------------------------------

--
-- Estructura de tabla para la tabla `josxt_updates`
--

CREATE TABLE `josxt_updates` (
  `update_id` int(11) NOT NULL,
  `update_site_id` int(11) DEFAULT 0,
  `extension_id` int(11) DEFAULT 0,
  `name` varchar(100) DEFAULT '',
  `description` text NOT NULL,
  `element` varchar(100) DEFAULT '',
  `type` varchar(20) DEFAULT '',
  `folder` varchar(20) DEFAULT '',
  `client_id` tinyint(4) DEFAULT 0,
  `version` varchar(32) DEFAULT '',
  `data` text NOT NULL,
  `detailsurl` text NOT NULL,
  `infourl` text NOT NULL,
  `changelogurl` text DEFAULT NULL,
  `extra_query` varchar(1000) DEFAULT ''
) ENGINE=InnoDB DEFAULT CHARSET=utf8mb4 COLLATE=utf8mb4_unicode_ci COMMENT='Available Updates';

--
-- Volcado de datos para la tabla `josxt_updates`
--

INSERT INTO `josxt_updates` (`update_id`, `update_site_id`, `extension_id`, `name`, `description`, `element`, `type`, `folder`, `client_id`, `version`, `data`, `detailsurl`, `infourl`, `changelogurl`, `extra_query`) VALUES
(58, 2, 0, 'Afrikaans', '', 'pkg_af-ZA', 'package', '', 0, '4.4.2.2', '', 'https://update.joomla.org/language/details4/af-ZA_details.xml', '', '', ''),
(59, 2, 0, 'Arabic Unitag', '', 'pkg_ar-AA', 'package', '', 0, '4.0.2.1', '', 'https://update.joomla.org/language/details4/ar-AA_details.xml', '', '', ''),
(60, 2, 0, 'Basque', '', 'pkg_eu-ES', 'package', '', 0, '4.4.3.5', '', 'https://update.joomla.org/language/details4/eu-ES_details.xml', '', '', ''),
(61, 2, 0, 'Belarusian', '', 'pkg_be-BY', 'package', '', 0, '4.4.2.1', '', 'https://update.joomla.org/language/details4/be-BY_details.xml', '', '', ''),
(62, 2, 0, 'Bulgarian', '', 'pkg_bg-BG', 'package', '', 0, '4.3.3.1', '', 'https://update.joomla.org/language/details4/bg-BG_details.xml', '', '', ''),
(63, 2, 0, 'Catalan', '', 'pkg_ca-ES', 'package', '', 0, '4.0.4.2', '', 'https://update.joomla.org/language/details4/ca-ES_details.xml', '', '', ''),
(64, 2, 0, 'Chinese, Simplified', '', 'pkg_zh-CN', 'package', '', 0, '4.3.0.2', '', 'https://update.joomla.org/language/details4/zh-CN_details.xml', '', '', ''),
(65, 2, 0, 'Chinese, Traditional', '', 'pkg_zh-TW', 'package', '', 0, '4.4.2.1', '', 'https://update.joomla.org/language/details4/zh-TW_details.xml', '', '', ''),
(66, 2, 0, 'Croatian', '', 'pkg_hr-HR', 'package', '', 0, '4.3.1.1', '', 'https://update.joomla.org/language/details4/hr-HR_details.xml', '', '', ''),
(67, 2, 0, 'Czech', '', 'pkg_cs-CZ', 'package', '', 0, '4.4.0.1', '', 'https://update.joomla.org/language/details4/cs-CZ_details.xml', '', '', ''),
(68, 2, 0, 'Danish', '', 'pkg_da-DK', 'package', '', 0, '4.4.3.1', '', 'https://update.joomla.org/language/details4/da-DK_details.xml', '', '', ''),
(69, 2, 0, 'Dutch', '', 'pkg_nl-NL', 'package', '', 0, '4.4.3.2', '', 'https://update.joomla.org/language/details4/nl-NL_details.xml', '', '', ''),
(70, 2, 0, 'English, Australia', '', 'pkg_en-AU', 'package', '', 0, '4.4.3.1', '', 'https://update.joomla.org/language/details4/en-AU_details.xml', '', '', ''),
(71, 2, 0, 'English, Canada', '', 'pkg_en-CA', 'package', '', 0, '4.4.3.1', '', 'https://update.joomla.org/language/details4/en-CA_details.xml', '', '', ''),
(72, 2, 0, 'English, New Zealand', '', 'pkg_en-NZ', 'package', '', 0, '4.4.3.2', '', 'https://update.joomla.org/language/details4/en-NZ_details.xml', '', '', ''),
(73, 2, 0, 'English, USA', '', 'pkg_en-US', 'package', '', 0, '4.4.3.1', '', 'https://update.joomla.org/language/details4/en-US_details.xml', '', '', ''),
(74, 2, 0, 'Estonian', '', 'pkg_et-EE', 'package', '', 0, '4.4.1.2', '', 'https://update.joomla.org/language/details4/et-EE_details.xml', '', '', ''),
(75, 2, 0, 'Finnish', '', 'pkg_fi-FI', 'package', '', 0, '4.4.3.1', '', 'https://update.joomla.org/language/details4/fi-FI_details.xml', '', '', ''),
(76, 2, 0, 'Flemish', '', 'pkg_nl-BE', 'package', '', 0, '4.4.0.1', '', 'https://update.joomla.org/language/details4/nl-BE_details.xml', '', '', ''),
(77, 2, 0, 'French', '', 'pkg_fr-FR', 'package', '', 0, '4.4.3.1', '', 'https://update.joomla.org/language/details4/fr-FR_details.xml', '', '', ''),
(78, 2, 0, 'French, Canada', '', 'pkg_fr-CA', 'package', '', 0, '4.4.3.1', '', 'https://update.joomla.org/language/details4/fr-CA_details.xml', '', '', ''),
(79, 2, 0, 'Georgian', '', 'pkg_ka-GE', 'package', '', 0, '4.4.3.1', '', 'https://update.joomla.org/language/details4/ka-GE_details.xml', '', '', ''),
(80, 2, 0, 'German', '', 'pkg_de-DE', 'package', '', 0, '4.4.3.1', '', 'https://update.joomla.org/language/details4/de-DE_details.xml', '', '', ''),
(81, 2, 0, 'German, Austria', '', 'pkg_de-AT', 'package', '', 0, '4.4.3.1', '', 'https://update.joomla.org/language/details4/de-AT_details.xml', '', '', ''),
(82, 2, 0, 'German, Liechtenstein', '', 'pkg_de-LI', 'package', '', 0, '4.4.3.1', '', 'https://update.joomla.org/language/details4/de-LI_details.xml', '', '', ''),
(83, 2, 0, 'German, Luxembourg', '', 'pkg_de-LU', 'package', '', 0, '4.4.3.1', '', 'https://update.joomla.org/language/details4/de-LU_details.xml', '', '', ''),
(84, 2, 0, 'German, Switzerland', '', 'pkg_de-CH', 'package', '', 0, '4.4.3.1', '', 'https://update.joomla.org/language/details4/de-CH_details.xml', '', '', ''),
(85, 2, 0, 'Greek', '', 'pkg_el-GR', 'package', '', 0, '4.4.3.1', '', 'https://update.joomla.org/language/details4/el-GR_details.xml', '', '', ''),
(86, 2, 0, 'Hungarian', '', 'pkg_hu-HU', 'package', '', 0, '4.4.2.1', '', 'https://update.joomla.org/language/details4/hu-HU_details.xml', '', '', ''),
(87, 2, 0, 'Irish', '', 'pkg_ga-IE', 'package', '', 0, '4.2.8.1', '', 'https://update.joomla.org/language/details4/ga-IE_details.xml', '', '', ''),
(88, 2, 0, 'Italian', '', 'pkg_it-IT', 'package', '', 0, '4.4.3.1', '', 'https://update.joomla.org/language/details4/it-IT_details.xml', '', '', ''),
(89, 2, 0, 'Japanese', '', 'pkg_ja-JP', 'package', '', 0, '4.4.3.1', '', 'https://update.joomla.org/language/details4/ja-JP_details.xml', '', '', ''),
(90, 2, 0, 'Kazakh', '', 'pkg_kk-KZ', 'package', '', 0, '4.4.0.3', '', 'https://update.joomla.org/language/details4/kk-KZ_details.xml', '', '', ''),
(91, 2, 0, 'Korean', '', 'pkg_ko-KR', 'package', '', 0, '4.4.2.1', '', 'https://update.joomla.org/language/details4/ko-KR_details.xml', '', '', ''),
(92, 2, 0, 'Latvian', '', 'pkg_lv-LV', 'package', '', 0, '4.4.1.1', '', 'https://update.joomla.org/language/details4/lv-LV_details.xml', '', '', ''),
(93, 2, 0, 'Lithuanian', '', 'pkg_lt-LT', 'package', '', 0, '4.3.4.1', '', 'https://update.joomla.org/language/details4/lt-LT_details.xml', '', '', ''),
(94, 2, 0, 'Macedonian', '', 'pkg_mk-MK', 'package', '', 0, '4.2.4.1', '', 'https://update.joomla.org/language/details4/mk-MK_details.xml', '', '', ''),
(95, 2, 0, 'Norwegian Bokmål', '', 'pkg_nb-NO', 'package', '', 0, '4.0.1.1', '', 'https://update.joomla.org/language/details4/nb-NO_details.xml', '', '', ''),
(96, 2, 0, 'Pashto Afghanistan', '', 'pkg_ps-AF', 'package', '', 0, '4.3.4.1', '', 'https://update.joomla.org/language/details4/ps-AF_details.xml', '', '', ''),
(97, 2, 0, 'Persian Farsi', '', 'pkg_fa-IR', 'package', '', 0, '4.4.3.1', '', 'https://update.joomla.org/language/details4/fa-IR_details.xml', '', '', ''),
(98, 2, 0, 'Polish', '', 'pkg_pl-PL', 'package', '', 0, '4.4.0.2', '', 'https://update.joomla.org/language/details4/pl-PL_details.xml', '', '', ''),
(99, 2, 0, 'Portuguese, Brazil', '', 'pkg_pt-BR', 'package', '', 0, '4.0.3.1', '', 'https://update.joomla.org/language/details4/pt-BR_details.xml', '', '', ''),
(100, 2, 0, 'Portuguese, Portugal', '', 'pkg_pt-PT', 'package', '', 0, '4.0.0-rc4.2', '', 'https://update.joomla.org/language/details4/pt-PT_details.xml', '', '', ''),
(101, 2, 0, 'Romanian', '', 'pkg_ro-RO', 'package', '', 0, '4.3.1.1', '', 'https://update.joomla.org/language/details4/ro-RO_details.xml', '', '', ''),
(102, 2, 0, 'Russian', '', 'pkg_ru-RU', 'package', '', 0, '4.4.2.1', '', 'https://update.joomla.org/language/details4/ru-RU_details.xml', '', '', ''),
(103, 2, 0, 'Serbian, Cyrillic', '', 'pkg_sr-RS', 'package', '', 0, '4.3.2.1', '', 'https://update.joomla.org/language/details4/sr-RS_details.xml', '', '', ''),
(104, 2, 0, 'Serbian, Latin', '', 'pkg_sr-YU', 'package', '', 0, '4.3.2.2', '', 'https://update.joomla.org/language/details4/sr-YU_details.xml', '', '', ''),
(105, 2, 0, 'Slovak', '', 'pkg_sk-SK', 'package', '', 0, '4.4.1.1', '', 'https://update.joomla.org/language/details4/sk-SK_details.xml', '', '', ''),
(106, 2, 0, 'Slovenian', '', 'pkg_sl-SI', 'package', '', 0, '4.4.3.1', '', 'https://update.joomla.org/language/details4/sl-SI_details.xml', '', '', ''),
(107, 2, 0, 'Swedish', '', 'pkg_sv-SE', 'package', '', 0, '4.4.3.1', '', 'https://update.joomla.org/language/details4/sv-SE_details.xml', '', '', ''),
(108, 2, 0, 'Tamil, India', '', 'pkg_ta-IN', 'package', '', 0, '4.4.3.1', '', 'https://update.joomla.org/language/details4/ta-IN_details.xml', '', '', ''),
(109, 2, 0, 'Thai', '', 'pkg_th-TH', 'package', '', 0, '4.4.3.1', '', 'https://update.joomla.org/language/details4/th-TH_details.xml', '', '', ''),
(110, 2, 0, 'Turkish', '', 'pkg_tr-TR', 'package', '', 0, '4.4.3.1', '', 'https://update.joomla.org/language/details4/tr-TR_details.xml', '', '', ''),
(111, 2, 0, 'Ukrainian', '', 'pkg_uk-UA', 'package', '', 0, '4.4.1.1', '', 'https://update.joomla.org/language/details4/uk-UA_details.xml', '', '', ''),
(112, 2, 0, 'Vietnamese', '', 'pkg_vi-VN', 'package', '', 0, '4.2.2.1', '', 'https://update.joomla.org/language/details4/vi-VN_details.xml', '', '', ''),
(113, 2, 0, 'Welsh', '', 'pkg_cy-GB', 'package', '', 0, '4.4.3.1', '', 'https://update.joomla.org/language/details4/cy-GB_details.xml', '', '', ''),
(165, 1, 229, 'Joomla', '', 'joomla', 'file', '', 0, '4.4.9', '', 'https://update.joomla.org/core/j4/default.xml', '', '', ''),
(166, 1, 229, 'Joomla', '', 'joomla', 'file', '', 0, '4.4.9', '', 'https://update.joomla.org/core/j4/default.xml', '', '', '');

-- --------------------------------------------------------

--
-- Estructura de tabla para la tabla `josxt_update_sites`
--

CREATE TABLE `josxt_update_sites` (
  `update_site_id` int(11) NOT NULL,
  `name` varchar(100) DEFAULT '',
  `type` varchar(20) DEFAULT '',
  `location` text NOT NULL,
  `enabled` int(11) DEFAULT 0,
  `last_check_timestamp` bigint(20) DEFAULT 0,
  `extra_query` varchar(1000) DEFAULT '',
  `checked_out` int(10) UNSIGNED DEFAULT NULL,
  `checked_out_time` datetime DEFAULT NULL
) ENGINE=InnoDB DEFAULT CHARSET=utf8mb4 COLLATE=utf8mb4_unicode_ci COMMENT='Update Sites';

--
-- Volcado de datos para la tabla `josxt_update_sites`
--

INSERT INTO `josxt_update_sites` (`update_site_id`, `name`, `type`, `location`, `enabled`, `last_check_timestamp`, `extra_query`, `checked_out`, `checked_out_time`) VALUES
(1, 'Joomla! Core', 'collection', 'https://update.joomla.org/core/list.xml', 1, 1734117729, '', NULL, NULL),
(2, 'Accredited Joomla! Translations', 'collection', 'https://update.joomla.org/language/translationlist_4.xml', 1, 1711939356, '', NULL, NULL),
(3, 'Joomla! Update Component', 'extension', 'https://update.joomla.org/core/extensions/com_joomlaupdate.xml', 1, 1711937419, '', NULL, NULL),
(4, 'SP Page Builder', 'extension', 'https://www.joomshaper.com/updates/com-sp-page-builder-free.xml', 1, 0, '', NULL, NULL);

-- --------------------------------------------------------

--
-- Estructura de tabla para la tabla `josxt_update_sites_extensions`
--

CREATE TABLE `josxt_update_sites_extensions` (
  `update_site_id` int(11) NOT NULL DEFAULT 0,
  `extension_id` int(11) NOT NULL DEFAULT 0
) ENGINE=InnoDB DEFAULT CHARSET=utf8mb4 COLLATE=utf8mb4_unicode_ci COMMENT='Links extensions to update sites';

--
-- Volcado de datos para la tabla `josxt_update_sites_extensions`
--

INSERT INTO `josxt_update_sites_extensions` (`update_site_id`, `extension_id`) VALUES
(1, 229),
(2, 230),
(2, 10002),
(2, 10003),
(3, 24),
(4, 10004);

-- --------------------------------------------------------

--
-- Estructura de tabla para la tabla `josxt_usergroups`
--

CREATE TABLE `josxt_usergroups` (
  `id` int(10) UNSIGNED NOT NULL COMMENT 'Primary Key',
  `parent_id` int(10) UNSIGNED NOT NULL DEFAULT 0 COMMENT 'Adjacency List Reference Id',
  `lft` int(11) NOT NULL DEFAULT 0 COMMENT 'Nested set lft.',
  `rgt` int(11) NOT NULL DEFAULT 0 COMMENT 'Nested set rgt.',
  `title` varchar(100) NOT NULL DEFAULT ''
) ENGINE=InnoDB DEFAULT CHARSET=utf8mb4 COLLATE=utf8mb4_unicode_ci;

--
-- Volcado de datos para la tabla `josxt_usergroups`
--

INSERT INTO `josxt_usergroups` (`id`, `parent_id`, `lft`, `rgt`, `title`) VALUES
(1, 0, 1, 18, 'Public'),
(2, 1, 8, 15, 'Registered'),
(3, 2, 9, 14, 'Author'),
(4, 3, 10, 13, 'Editor'),
(5, 4, 11, 12, 'Publisher'),
(6, 1, 4, 7, 'Manager'),
(7, 6, 5, 6, 'Administrator'),
(8, 1, 16, 17, 'Super Users'),
(9, 1, 2, 3, 'Guest');

-- --------------------------------------------------------

--
-- Estructura de tabla para la tabla `josxt_users`
--

CREATE TABLE `josxt_users` (
  `id` int(11) NOT NULL,
  `name` varchar(400) NOT NULL DEFAULT '',
  `username` varchar(150) NOT NULL DEFAULT '',
  `email` varchar(100) NOT NULL DEFAULT '',
  `password` varchar(100) NOT NULL DEFAULT '',
  `block` tinyint(4) NOT NULL DEFAULT 0,
  `sendEmail` tinyint(4) DEFAULT 0,
  `registerDate` datetime NOT NULL,
  `lastvisitDate` datetime DEFAULT NULL,
  `activation` varchar(100) NOT NULL DEFAULT '',
  `params` text NOT NULL,
  `lastResetTime` datetime DEFAULT NULL COMMENT 'Date of last password reset',
  `resetCount` int(11) NOT NULL DEFAULT 0 COMMENT 'Count of password resets since lastResetTime',
  `otpKey` varchar(1000) NOT NULL DEFAULT '' COMMENT 'Two factor authentication encrypted keys',
  `otep` varchar(1000) NOT NULL DEFAULT '' COMMENT 'Backup Codes',
  `requireReset` tinyint(4) NOT NULL DEFAULT 0 COMMENT 'Require user to reset password on next login',
  `authProvider` varchar(100) NOT NULL DEFAULT '' COMMENT 'Name of used authentication plugin'
) ENGINE=InnoDB DEFAULT CHARSET=utf8mb4 COLLATE=utf8mb4_unicode_ci;

--
-- Volcado de datos para la tabla `josxt_users`
--

INSERT INTO `josxt_users` (`id`, `name`, `username`, `email`, `password`, `block`, `sendEmail`, `registerDate`, `lastvisitDate`, `activation`, `params`, `lastResetTime`, `resetCount`, `otpKey`, `otep`, `requireReset`, `authProvider`) VALUES
(215, 'Administrator', 'dippucarani', 'admin@dipsoceenf.conr-bo.com', '$2y$10$fYyzqHiQIUl.FYpFP0dnnuWWKWisa/8xmWA0hhql/pAtWUD716mS.', 0, 1, '2024-03-31 20:32:06', '2024-05-21 19:49:01', '0', '', NULL, 0, '', '', 0, '');

-- --------------------------------------------------------

--
-- Estructura de tabla para la tabla `josxt_user_keys`
--

CREATE TABLE `josxt_user_keys` (
  `id` int(10) UNSIGNED NOT NULL,
  `user_id` varchar(150) NOT NULL,
  `token` varchar(255) NOT NULL,
  `series` varchar(191) NOT NULL,
  `time` varchar(200) NOT NULL,
  `uastring` varchar(255) NOT NULL
) ENGINE=InnoDB DEFAULT CHARSET=utf8mb4 COLLATE=utf8mb4_unicode_ci;

-- --------------------------------------------------------

--
-- Estructura de tabla para la tabla `josxt_user_mfa`
--

CREATE TABLE `josxt_user_mfa` (
  `id` int(11) NOT NULL,
  `user_id` int(10) UNSIGNED NOT NULL,
  `title` varchar(255) NOT NULL DEFAULT '',
  `method` varchar(100) NOT NULL,
  `default` tinyint(4) NOT NULL DEFAULT 0,
  `options` mediumtext NOT NULL,
  `created_on` datetime NOT NULL,
  `last_used` datetime DEFAULT NULL,
  `tries` int(11) NOT NULL DEFAULT 0,
  `last_try` datetime DEFAULT NULL
) ENGINE=InnoDB DEFAULT CHARSET=utf8mb4 COLLATE=utf8mb4_unicode_ci COMMENT='Multi-factor Authentication settings';

-- --------------------------------------------------------

--
-- Estructura de tabla para la tabla `josxt_user_notes`
--

CREATE TABLE `josxt_user_notes` (
  `id` int(10) UNSIGNED NOT NULL,
  `user_id` int(10) UNSIGNED NOT NULL DEFAULT 0,
  `catid` int(10) UNSIGNED NOT NULL DEFAULT 0,
  `subject` varchar(100) NOT NULL DEFAULT '',
  `body` text NOT NULL,
  `state` tinyint(4) NOT NULL DEFAULT 0,
  `checked_out` int(10) UNSIGNED DEFAULT NULL,
  `checked_out_time` datetime DEFAULT NULL,
  `created_user_id` int(10) UNSIGNED NOT NULL DEFAULT 0,
  `created_time` datetime NOT NULL,
  `modified_user_id` int(10) UNSIGNED NOT NULL DEFAULT 0,
  `modified_time` datetime NOT NULL,
  `review_time` datetime DEFAULT NULL,
  `publish_up` datetime DEFAULT NULL,
  `publish_down` datetime DEFAULT NULL
) ENGINE=InnoDB DEFAULT CHARSET=utf8mb4 COLLATE=utf8mb4_unicode_ci;

-- --------------------------------------------------------

--
-- Estructura de tabla para la tabla `josxt_user_profiles`
--

CREATE TABLE `josxt_user_profiles` (
  `user_id` int(11) NOT NULL,
  `profile_key` varchar(100) NOT NULL,
  `profile_value` text NOT NULL,
  `ordering` int(11) NOT NULL DEFAULT 0
) ENGINE=InnoDB DEFAULT CHARSET=utf8mb4 COLLATE=utf8mb4_unicode_ci COMMENT='Simple user profile storage table';

-- --------------------------------------------------------

--
-- Estructura de tabla para la tabla `josxt_user_usergroup_map`
--

CREATE TABLE `josxt_user_usergroup_map` (
  `user_id` int(10) UNSIGNED NOT NULL DEFAULT 0 COMMENT 'Foreign Key to #__users.id',
  `group_id` int(10) UNSIGNED NOT NULL DEFAULT 0 COMMENT 'Foreign Key to #__usergroups.id'
) ENGINE=InnoDB DEFAULT CHARSET=utf8mb4 COLLATE=utf8mb4_unicode_ci;

--
-- Volcado de datos para la tabla `josxt_user_usergroup_map`
--

INSERT INTO `josxt_user_usergroup_map` (`user_id`, `group_id`) VALUES
(215, 8);

-- --------------------------------------------------------

--
-- Estructura de tabla para la tabla `josxt_viewlevels`
--

CREATE TABLE `josxt_viewlevels` (
  `id` int(10) UNSIGNED NOT NULL COMMENT 'Primary Key',
  `title` varchar(100) NOT NULL DEFAULT '',
  `ordering` int(11) NOT NULL DEFAULT 0,
  `rules` varchar(5120) NOT NULL COMMENT 'JSON encoded access control.'
) ENGINE=InnoDB DEFAULT CHARSET=utf8mb4 COLLATE=utf8mb4_unicode_ci;

--
-- Volcado de datos para la tabla `josxt_viewlevels`
--

INSERT INTO `josxt_viewlevels` (`id`, `title`, `ordering`, `rules`) VALUES
(1, 'Public', 0, '[1]'),
(2, 'Registered', 2, '[6,2,8]'),
(3, 'Special', 3, '[6,3,8]'),
(5, 'Guest', 1, '[9]'),
(6, 'Super Users', 4, '[8]');

-- --------------------------------------------------------

--
-- Estructura de tabla para la tabla `josxt_webauthn_credentials`
--

CREATE TABLE `josxt_webauthn_credentials` (
  `id` varchar(1000) NOT NULL COMMENT 'Credential ID',
  `user_id` varchar(128) NOT NULL COMMENT 'User handle',
  `label` varchar(190) NOT NULL COMMENT 'Human readable label',
  `credential` mediumtext NOT NULL COMMENT 'Credential source data, JSON format'
) ENGINE=InnoDB DEFAULT CHARSET=utf8mb4 COLLATE=utf8mb4_unicode_ci;

-- --------------------------------------------------------

--
-- Estructura de tabla para la tabla `josxt_workflows`
--

CREATE TABLE `josxt_workflows` (
  `id` int(11) NOT NULL,
  `asset_id` int(11) DEFAULT 0,
  `published` tinyint(4) NOT NULL DEFAULT 0,
  `title` varchar(255) NOT NULL,
  `description` text NOT NULL,
  `extension` varchar(50) NOT NULL,
  `default` tinyint(4) NOT NULL DEFAULT 0,
  `ordering` int(11) NOT NULL DEFAULT 0,
  `created` datetime NOT NULL,
  `created_by` int(11) NOT NULL DEFAULT 0,
  `modified` datetime NOT NULL,
  `modified_by` int(11) NOT NULL DEFAULT 0,
  `checked_out_time` datetime DEFAULT NULL,
  `checked_out` int(10) UNSIGNED DEFAULT NULL
) ENGINE=InnoDB DEFAULT CHARSET=utf8mb4 COLLATE=utf8mb4_unicode_ci;

--
-- Volcado de datos para la tabla `josxt_workflows`
--

INSERT INTO `josxt_workflows` (`id`, `asset_id`, `published`, `title`, `description`, `extension`, `default`, `ordering`, `created`, `created_by`, `modified`, `modified_by`, `checked_out_time`, `checked_out`) VALUES
(1, 56, 1, 'COM_WORKFLOW_BASIC_WORKFLOW', '', 'com_content.article', 1, 1, '2024-03-31 20:32:06', 215, '2024-03-31 20:32:06', 215, NULL, NULL);

-- --------------------------------------------------------

--
-- Estructura de tabla para la tabla `josxt_workflow_associations`
--

CREATE TABLE `josxt_workflow_associations` (
  `item_id` int(11) NOT NULL DEFAULT 0 COMMENT 'Extension table id value',
  `stage_id` int(11) NOT NULL COMMENT 'Foreign Key to #__workflow_stages.id',
  `extension` varchar(50) NOT NULL
) ENGINE=InnoDB DEFAULT CHARSET=utf8mb4 COLLATE=utf8mb4_unicode_ci;

--
-- Volcado de datos para la tabla `josxt_workflow_associations`
--

INSERT INTO `josxt_workflow_associations` (`item_id`, `stage_id`, `extension`) VALUES
(1, 1, 'com_content.article'),
(2, 1, 'com_content.article'),
(3, 1, 'com_content.article'),
(4, 1, 'com_content.article'),
(5, 1, 'com_content.article'),
(6, 1, 'com_content.article'),
(7, 1, 'com_content.article'),
(8, 1, 'com_content.article'),
(9, 1, 'com_content.article');

-- --------------------------------------------------------

--
-- Estructura de tabla para la tabla `josxt_workflow_stages`
--

CREATE TABLE `josxt_workflow_stages` (
  `id` int(11) NOT NULL,
  `asset_id` int(11) DEFAULT 0,
  `ordering` int(11) NOT NULL DEFAULT 0,
  `workflow_id` int(11) NOT NULL,
  `published` tinyint(4) NOT NULL DEFAULT 0,
  `title` varchar(255) NOT NULL,
  `description` text NOT NULL,
  `default` tinyint(4) NOT NULL DEFAULT 0,
  `checked_out_time` datetime DEFAULT NULL,
  `checked_out` int(10) UNSIGNED DEFAULT NULL
) ENGINE=InnoDB DEFAULT CHARSET=utf8mb4 COLLATE=utf8mb4_unicode_ci;

--
-- Volcado de datos para la tabla `josxt_workflow_stages`
--

INSERT INTO `josxt_workflow_stages` (`id`, `asset_id`, `ordering`, `workflow_id`, `published`, `title`, `description`, `default`, `checked_out_time`, `checked_out`) VALUES
(1, 57, 1, 1, 1, 'COM_WORKFLOW_BASIC_STAGE', '', 1, NULL, NULL);

-- --------------------------------------------------------

--
-- Estructura de tabla para la tabla `josxt_workflow_transitions`
--

CREATE TABLE `josxt_workflow_transitions` (
  `id` int(11) NOT NULL,
  `asset_id` int(11) DEFAULT 0,
  `ordering` int(11) NOT NULL DEFAULT 0,
  `workflow_id` int(11) NOT NULL,
  `published` tinyint(4) NOT NULL DEFAULT 0,
  `title` varchar(255) NOT NULL,
  `description` text NOT NULL,
  `from_stage_id` int(11) NOT NULL,
  `to_stage_id` int(11) NOT NULL,
  `options` text NOT NULL,
  `checked_out_time` datetime DEFAULT NULL,
  `checked_out` int(10) UNSIGNED DEFAULT NULL
) ENGINE=InnoDB DEFAULT CHARSET=utf8mb4 COLLATE=utf8mb4_unicode_ci;

--
-- Volcado de datos para la tabla `josxt_workflow_transitions`
--

INSERT INTO `josxt_workflow_transitions` (`id`, `asset_id`, `ordering`, `workflow_id`, `published`, `title`, `description`, `from_stage_id`, `to_stage_id`, `options`, `checked_out_time`, `checked_out`) VALUES
(1, 58, 1, 1, 1, 'UNPUBLISH', '', -1, 1, '{\"publishing\":\"0\"}', NULL, NULL),
(2, 59, 2, 1, 1, 'PUBLISH', '', -1, 1, '{\"publishing\":\"1\"}', NULL, NULL),
(3, 60, 3, 1, 1, 'TRASH', '', -1, 1, '{\"publishing\":\"-2\"}', NULL, NULL),
(4, 61, 4, 1, 1, 'ARCHIVE', '', -1, 1, '{\"publishing\":\"2\"}', NULL, NULL),
(5, 62, 5, 1, 1, 'FEATURE', '', -1, 1, '{\"featuring\":\"1\"}', NULL, NULL),
(6, 63, 6, 1, 1, 'UNFEATURE', '', -1, 1, '{\"featuring\":\"0\"}', NULL, NULL),
(7, 64, 7, 1, 1, 'PUBLISH_AND_FEATURE', '', -1, 1, '{\"publishing\":\"1\",\"featuring\":\"1\"}', NULL, NULL);

--
-- Índices para tablas volcadas
--

--
-- Indices de la tabla `josxt_action_logs`
--
ALTER TABLE `josxt_action_logs`
  ADD PRIMARY KEY (`id`),
  ADD KEY `idx_user_id` (`user_id`),
  ADD KEY `idx_user_id_logdate` (`user_id`,`log_date`),
  ADD KEY `idx_user_id_extension` (`user_id`,`extension`),
  ADD KEY `idx_extension_item_id` (`extension`,`item_id`);

--
-- Indices de la tabla `josxt_action_logs_extensions`
--
ALTER TABLE `josxt_action_logs_extensions`
  ADD PRIMARY KEY (`id`);

--
-- Indices de la tabla `josxt_action_logs_users`
--
ALTER TABLE `josxt_action_logs_users`
  ADD PRIMARY KEY (`user_id`),
  ADD KEY `idx_notify` (`notify`);

--
-- Indices de la tabla `josxt_action_log_config`
--
ALTER TABLE `josxt_action_log_config`
  ADD PRIMARY KEY (`id`);

--
-- Indices de la tabla `josxt_assets`
--
ALTER TABLE `josxt_assets`
  ADD PRIMARY KEY (`id`),
  ADD UNIQUE KEY `idx_asset_name` (`name`),
  ADD KEY `idx_lft_rgt` (`lft`,`rgt`),
  ADD KEY `idx_parent_id` (`parent_id`);

--
-- Indices de la tabla `josxt_associations`
--
ALTER TABLE `josxt_associations`
  ADD PRIMARY KEY (`context`,`id`),
  ADD KEY `idx_key` (`key`);

--
-- Indices de la tabla `josxt_banners`
--
ALTER TABLE `josxt_banners`
  ADD PRIMARY KEY (`id`),
  ADD KEY `idx_state` (`state`),
  ADD KEY `idx_own_prefix` (`own_prefix`),
  ADD KEY `idx_metakey_prefix` (`metakey_prefix`(100)),
  ADD KEY `idx_banner_catid` (`catid`),
  ADD KEY `idx_language` (`language`);

--
-- Indices de la tabla `josxt_banner_clients`
--
ALTER TABLE `josxt_banner_clients`
  ADD PRIMARY KEY (`id`),
  ADD KEY `idx_own_prefix` (`own_prefix`),
  ADD KEY `idx_metakey_prefix` (`metakey_prefix`(100));

--
-- Indices de la tabla `josxt_banner_tracks`
--
ALTER TABLE `josxt_banner_tracks`
  ADD PRIMARY KEY (`track_date`,`track_type`,`banner_id`),
  ADD KEY `idx_track_date` (`track_date`),
  ADD KEY `idx_track_type` (`track_type`),
  ADD KEY `idx_banner_id` (`banner_id`);

--
-- Indices de la tabla `josxt_categories`
--
ALTER TABLE `josxt_categories`
  ADD PRIMARY KEY (`id`),
  ADD KEY `cat_idx` (`extension`,`published`,`access`),
  ADD KEY `idx_access` (`access`),
  ADD KEY `idx_checkout` (`checked_out`),
  ADD KEY `idx_path` (`path`(100)),
  ADD KEY `idx_left_right` (`lft`,`rgt`),
  ADD KEY `idx_alias` (`alias`(100)),
  ADD KEY `idx_language` (`language`);

--
-- Indices de la tabla `josxt_contact_details`
--
ALTER TABLE `josxt_contact_details`
  ADD PRIMARY KEY (`id`),
  ADD KEY `idx_access` (`access`),
  ADD KEY `idx_checkout` (`checked_out`),
  ADD KEY `idx_state` (`published`),
  ADD KEY `idx_catid` (`catid`),
  ADD KEY `idx_createdby` (`created_by`),
  ADD KEY `idx_featured_catid` (`featured`,`catid`),
  ADD KEY `idx_language` (`language`);

--
-- Indices de la tabla `josxt_content`
--
ALTER TABLE `josxt_content`
  ADD PRIMARY KEY (`id`),
  ADD KEY `idx_access` (`access`),
  ADD KEY `idx_checkout` (`checked_out`),
  ADD KEY `idx_state` (`state`),
  ADD KEY `idx_catid` (`catid`),
  ADD KEY `idx_createdby` (`created_by`),
  ADD KEY `idx_featured_catid` (`featured`,`catid`),
  ADD KEY `idx_language` (`language`),
  ADD KEY `idx_alias` (`alias`(191));

--
-- Indices de la tabla `josxt_contentitem_tag_map`
--
ALTER TABLE `josxt_contentitem_tag_map`
  ADD UNIQUE KEY `uc_ItemnameTagid` (`type_id`,`content_item_id`,`tag_id`),
  ADD KEY `idx_tag_type` (`tag_id`,`type_id`),
  ADD KEY `idx_date_id` (`tag_date`,`tag_id`),
  ADD KEY `idx_core_content_id` (`core_content_id`);

--
-- Indices de la tabla `josxt_content_frontpage`
--
ALTER TABLE `josxt_content_frontpage`
  ADD PRIMARY KEY (`content_id`);

--
-- Indices de la tabla `josxt_content_rating`
--
ALTER TABLE `josxt_content_rating`
  ADD PRIMARY KEY (`content_id`);

--
-- Indices de la tabla `josxt_content_types`
--
ALTER TABLE `josxt_content_types`
  ADD PRIMARY KEY (`type_id`),
  ADD KEY `idx_alias` (`type_alias`(100));

--
-- Indices de la tabla `josxt_extensions`
--
ALTER TABLE `josxt_extensions`
  ADD PRIMARY KEY (`extension_id`),
  ADD KEY `element_clientid` (`element`,`client_id`),
  ADD KEY `element_folder_clientid` (`element`,`folder`,`client_id`),
  ADD KEY `extension` (`type`,`element`,`folder`,`client_id`);

--
-- Indices de la tabla `josxt_fields`
--
ALTER TABLE `josxt_fields`
  ADD PRIMARY KEY (`id`),
  ADD KEY `idx_checkout` (`checked_out`),
  ADD KEY `idx_state` (`state`),
  ADD KEY `idx_created_user_id` (`created_user_id`),
  ADD KEY `idx_access` (`access`),
  ADD KEY `idx_context` (`context`(191)),
  ADD KEY `idx_language` (`language`);

--
-- Indices de la tabla `josxt_fields_categories`
--
ALTER TABLE `josxt_fields_categories`
  ADD PRIMARY KEY (`field_id`,`category_id`);

--
-- Indices de la tabla `josxt_fields_groups`
--
ALTER TABLE `josxt_fields_groups`
  ADD PRIMARY KEY (`id`),
  ADD KEY `idx_checkout` (`checked_out`),
  ADD KEY `idx_state` (`state`),
  ADD KEY `idx_created_by` (`created_by`),
  ADD KEY `idx_access` (`access`),
  ADD KEY `idx_context` (`context`(191)),
  ADD KEY `idx_language` (`language`);

--
-- Indices de la tabla `josxt_fields_values`
--
ALTER TABLE `josxt_fields_values`
  ADD KEY `idx_field_id` (`field_id`),
  ADD KEY `idx_item_id` (`item_id`(191));

--
-- Indices de la tabla `josxt_finder_filters`
--
ALTER TABLE `josxt_finder_filters`
  ADD PRIMARY KEY (`filter_id`);

--
-- Indices de la tabla `josxt_finder_links`
--
ALTER TABLE `josxt_finder_links`
  ADD PRIMARY KEY (`link_id`),
  ADD KEY `idx_type` (`type_id`),
  ADD KEY `idx_title` (`title`(100)),
  ADD KEY `idx_md5` (`md5sum`),
  ADD KEY `idx_url` (`url`(75)),
  ADD KEY `idx_language` (`language`),
  ADD KEY `idx_published_list` (`published`,`state`,`access`,`publish_start_date`,`publish_end_date`,`list_price`),
  ADD KEY `idx_published_sale` (`published`,`state`,`access`,`publish_start_date`,`publish_end_date`,`sale_price`);

--
-- Indices de la tabla `josxt_finder_links_terms`
--
ALTER TABLE `josxt_finder_links_terms`
  ADD PRIMARY KEY (`link_id`,`term_id`),
  ADD KEY `idx_term_weight` (`term_id`,`weight`),
  ADD KEY `idx_link_term_weight` (`link_id`,`term_id`,`weight`);

--
-- Indices de la tabla `josxt_finder_logging`
--
ALTER TABLE `josxt_finder_logging`
  ADD PRIMARY KEY (`md5sum`),
  ADD KEY `searchterm` (`searchterm`(191));

--
-- Indices de la tabla `josxt_finder_taxonomy`
--
ALTER TABLE `josxt_finder_taxonomy`
  ADD PRIMARY KEY (`id`),
  ADD KEY `idx_state` (`state`),
  ADD KEY `idx_access` (`access`),
  ADD KEY `idx_path` (`path`(100)),
  ADD KEY `idx_level` (`level`),
  ADD KEY `idx_left_right` (`lft`,`rgt`),
  ADD KEY `idx_alias` (`alias`(100)),
  ADD KEY `idx_language` (`language`),
  ADD KEY `idx_parent_published` (`parent_id`,`state`,`access`);

--
-- Indices de la tabla `josxt_finder_taxonomy_map`
--
ALTER TABLE `josxt_finder_taxonomy_map`
  ADD PRIMARY KEY (`link_id`,`node_id`),
  ADD KEY `link_id` (`link_id`),
  ADD KEY `node_id` (`node_id`);

--
-- Indices de la tabla `josxt_finder_terms`
--
ALTER TABLE `josxt_finder_terms`
  ADD PRIMARY KEY (`term_id`),
  ADD UNIQUE KEY `idx_term_language` (`term`,`language`),
  ADD KEY `idx_stem` (`stem`),
  ADD KEY `idx_term_phrase` (`term`,`phrase`),
  ADD KEY `idx_stem_phrase` (`stem`,`phrase`),
  ADD KEY `idx_soundex_phrase` (`soundex`,`phrase`),
  ADD KEY `idx_language` (`language`);

--
-- Indices de la tabla `josxt_finder_terms_common`
--
ALTER TABLE `josxt_finder_terms_common`
  ADD UNIQUE KEY `idx_term_language` (`term`,`language`),
  ADD KEY `idx_lang` (`language`);

--
-- Indices de la tabla `josxt_finder_tokens`
--
ALTER TABLE `josxt_finder_tokens`
  ADD KEY `idx_word` (`term`),
  ADD KEY `idx_stem` (`stem`),
  ADD KEY `idx_context` (`context`),
  ADD KEY `idx_language` (`language`);

--
-- Indices de la tabla `josxt_finder_tokens_aggregate`
--
ALTER TABLE `josxt_finder_tokens_aggregate`
  ADD KEY `token` (`term`),
  ADD KEY `keyword_id` (`term_id`);

--
-- Indices de la tabla `josxt_finder_types`
--
ALTER TABLE `josxt_finder_types`
  ADD PRIMARY KEY (`id`),
  ADD UNIQUE KEY `title` (`title`);

--
-- Indices de la tabla `josxt_guidedtours`
--
ALTER TABLE `josxt_guidedtours`
  ADD PRIMARY KEY (`id`),
  ADD KEY `idx_access` (`access`),
  ADD KEY `idx_state` (`published`),
  ADD KEY `idx_language` (`language`);

--
-- Indices de la tabla `josxt_guidedtour_steps`
--
ALTER TABLE `josxt_guidedtour_steps`
  ADD PRIMARY KEY (`id`),
  ADD KEY `idx_tour` (`tour_id`),
  ADD KEY `idx_state` (`published`),
  ADD KEY `idx_language` (`language`);

--
-- Indices de la tabla `josxt_history`
--
ALTER TABLE `josxt_history`
  ADD PRIMARY KEY (`version_id`),
  ADD KEY `idx_ucm_item_id` (`item_id`),
  ADD KEY `idx_save_date` (`save_date`);

--
-- Indices de la tabla `josxt_languages`
--
ALTER TABLE `josxt_languages`
  ADD PRIMARY KEY (`lang_id`),
  ADD UNIQUE KEY `idx_sef` (`sef`),
  ADD UNIQUE KEY `idx_langcode` (`lang_code`),
  ADD KEY `idx_access` (`access`),
  ADD KEY `idx_ordering` (`ordering`);

--
-- Indices de la tabla `josxt_mail_templates`
--
ALTER TABLE `josxt_mail_templates`
  ADD PRIMARY KEY (`template_id`,`language`);

--
-- Indices de la tabla `josxt_menu`
--
ALTER TABLE `josxt_menu`
  ADD PRIMARY KEY (`id`),
  ADD UNIQUE KEY `idx_client_id_parent_id_alias_language` (`client_id`,`parent_id`,`alias`(100),`language`),
  ADD KEY `idx_componentid` (`component_id`,`menutype`,`published`,`access`),
  ADD KEY `idx_menutype` (`menutype`),
  ADD KEY `idx_left_right` (`lft`,`rgt`),
  ADD KEY `idx_alias` (`alias`(100)),
  ADD KEY `idx_path` (`path`(100)),
  ADD KEY `idx_language` (`language`);

--
-- Indices de la tabla `josxt_menu_types`
--
ALTER TABLE `josxt_menu_types`
  ADD PRIMARY KEY (`id`),
  ADD UNIQUE KEY `idx_menutype` (`menutype`);

--
-- Indices de la tabla `josxt_messages`
--
ALTER TABLE `josxt_messages`
  ADD PRIMARY KEY (`message_id`),
  ADD KEY `useridto_state` (`user_id_to`,`state`);

--
-- Indices de la tabla `josxt_messages_cfg`
--
ALTER TABLE `josxt_messages_cfg`
  ADD UNIQUE KEY `idx_user_var_name` (`user_id`,`cfg_name`);

--
-- Indices de la tabla `josxt_modules`
--
ALTER TABLE `josxt_modules`
  ADD PRIMARY KEY (`id`),
  ADD KEY `published` (`published`,`access`),
  ADD KEY `newsfeeds` (`module`,`published`),
  ADD KEY `idx_language` (`language`);

--
-- Indices de la tabla `josxt_modules_menu`
--
ALTER TABLE `josxt_modules_menu`
  ADD PRIMARY KEY (`moduleid`,`menuid`);

--
-- Indices de la tabla `josxt_newsfeeds`
--
ALTER TABLE `josxt_newsfeeds`
  ADD PRIMARY KEY (`id`),
  ADD KEY `idx_access` (`access`),
  ADD KEY `idx_checkout` (`checked_out`),
  ADD KEY `idx_state` (`published`),
  ADD KEY `idx_catid` (`catid`),
  ADD KEY `idx_createdby` (`created_by`),
  ADD KEY `idx_language` (`language`);

--
-- Indices de la tabla `josxt_overrider`
--
ALTER TABLE `josxt_overrider`
  ADD PRIMARY KEY (`id`);

--
-- Indices de la tabla `josxt_postinstall_messages`
--
ALTER TABLE `josxt_postinstall_messages`
  ADD PRIMARY KEY (`postinstall_message_id`);

--
-- Indices de la tabla `josxt_privacy_consents`
--
ALTER TABLE `josxt_privacy_consents`
  ADD PRIMARY KEY (`id`),
  ADD KEY `idx_user_id` (`user_id`);

--
-- Indices de la tabla `josxt_privacy_requests`
--
ALTER TABLE `josxt_privacy_requests`
  ADD PRIMARY KEY (`id`);

--
-- Indices de la tabla `josxt_redirect_links`
--
ALTER TABLE `josxt_redirect_links`
  ADD PRIMARY KEY (`id`),
  ADD KEY `idx_old_url` (`old_url`(100)),
  ADD KEY `idx_link_modified` (`modified_date`);

--
-- Indices de la tabla `josxt_scheduler_tasks`
--
ALTER TABLE `josxt_scheduler_tasks`
  ADD PRIMARY KEY (`id`),
  ADD KEY `idx_type` (`type`),
  ADD KEY `idx_state` (`state`),
  ADD KEY `idx_last_exit` (`last_exit_code`),
  ADD KEY `idx_next_exec` (`next_execution`),
  ADD KEY `idx_locked` (`locked`),
  ADD KEY `idx_priority` (`priority`),
  ADD KEY `idx_cli_exclusive` (`cli_exclusive`),
  ADD KEY `idx_checked_out` (`checked_out`);

--
-- Indices de la tabla `josxt_schemas`
--
ALTER TABLE `josxt_schemas`
  ADD PRIMARY KEY (`extension_id`,`version_id`);

--
-- Indices de la tabla `josxt_session`
--
ALTER TABLE `josxt_session`
  ADD PRIMARY KEY (`session_id`),
  ADD KEY `userid` (`userid`),
  ADD KEY `time` (`time`),
  ADD KEY `client_id_guest` (`client_id`,`guest`);

--
-- Indices de la tabla `josxt_spmedia`
--
ALTER TABLE `josxt_spmedia`
  ADD PRIMARY KEY (`id`);

--
-- Indices de la tabla `josxt_sppagebuilder`
--
ALTER TABLE `josxt_sppagebuilder`
  ADD PRIMARY KEY (`id`);

--
-- Indices de la tabla `josxt_sppagebuilder_addons`
--
ALTER TABLE `josxt_sppagebuilder_addons`
  ADD PRIMARY KEY (`id`);

--
-- Indices de la tabla `josxt_sppagebuilder_integrations`
--
ALTER TABLE `josxt_sppagebuilder_integrations`
  ADD PRIMARY KEY (`id`);

--
-- Indices de la tabla `josxt_sppagebuilder_languages`
--
ALTER TABLE `josxt_sppagebuilder_languages`
  ADD PRIMARY KEY (`id`);

--
-- Indices de la tabla `josxt_sppagebuilder_sections`
--
ALTER TABLE `josxt_sppagebuilder_sections`
  ADD PRIMARY KEY (`id`);

--
-- Indices de la tabla `josxt_tags`
--
ALTER TABLE `josxt_tags`
  ADD PRIMARY KEY (`id`),
  ADD KEY `tag_idx` (`published`,`access`),
  ADD KEY `idx_access` (`access`),
  ADD KEY `idx_checkout` (`checked_out`),
  ADD KEY `idx_path` (`path`(100)),
  ADD KEY `idx_left_right` (`lft`,`rgt`),
  ADD KEY `idx_alias` (`alias`(100)),
  ADD KEY `idx_language` (`language`);

--
-- Indices de la tabla `josxt_template_overrides`
--
ALTER TABLE `josxt_template_overrides`
  ADD PRIMARY KEY (`id`),
  ADD KEY `idx_template` (`template`),
  ADD KEY `idx_extension_id` (`extension_id`);

--
-- Indices de la tabla `josxt_template_styles`
--
ALTER TABLE `josxt_template_styles`
  ADD PRIMARY KEY (`id`),
  ADD KEY `idx_template` (`template`),
  ADD KEY `idx_client_id` (`client_id`),
  ADD KEY `idx_client_id_home` (`client_id`,`home`);

--
-- Indices de la tabla `josxt_ucm_base`
--
ALTER TABLE `josxt_ucm_base`
  ADD PRIMARY KEY (`ucm_id`),
  ADD KEY `idx_ucm_item_id` (`ucm_item_id`),
  ADD KEY `idx_ucm_type_id` (`ucm_type_id`),
  ADD KEY `idx_ucm_language_id` (`ucm_language_id`);

--
-- Indices de la tabla `josxt_ucm_content`
--
ALTER TABLE `josxt_ucm_content`
  ADD PRIMARY KEY (`core_content_id`),
  ADD KEY `tag_idx` (`core_state`,`core_access`),
  ADD KEY `idx_access` (`core_access`),
  ADD KEY `idx_alias` (`core_alias`(100)),
  ADD KEY `idx_language` (`core_language`),
  ADD KEY `idx_title` (`core_title`(100)),
  ADD KEY `idx_modified_time` (`core_modified_time`),
  ADD KEY `idx_created_time` (`core_created_time`),
  ADD KEY `idx_content_type` (`core_type_alias`(100)),
  ADD KEY `idx_core_modified_user_id` (`core_modified_user_id`),
  ADD KEY `idx_core_checked_out_user_id` (`core_checked_out_user_id`),
  ADD KEY `idx_core_created_user_id` (`core_created_user_id`),
  ADD KEY `idx_core_type_id` (`core_type_id`);

--
-- Indices de la tabla `josxt_updates`
--
ALTER TABLE `josxt_updates`
  ADD PRIMARY KEY (`update_id`);

--
-- Indices de la tabla `josxt_update_sites`
--
ALTER TABLE `josxt_update_sites`
  ADD PRIMARY KEY (`update_site_id`);

--
-- Indices de la tabla `josxt_update_sites_extensions`
--
ALTER TABLE `josxt_update_sites_extensions`
  ADD PRIMARY KEY (`update_site_id`,`extension_id`);

--
-- Indices de la tabla `josxt_usergroups`
--
ALTER TABLE `josxt_usergroups`
  ADD PRIMARY KEY (`id`),
  ADD UNIQUE KEY `idx_usergroup_parent_title_lookup` (`parent_id`,`title`),
  ADD KEY `idx_usergroup_title_lookup` (`title`),
  ADD KEY `idx_usergroup_adjacency_lookup` (`parent_id`),
  ADD KEY `idx_usergroup_nested_set_lookup` (`lft`,`rgt`) USING BTREE;

--
-- Indices de la tabla `josxt_users`
--
ALTER TABLE `josxt_users`
  ADD PRIMARY KEY (`id`),
  ADD UNIQUE KEY `idx_username` (`username`),
  ADD KEY `idx_name` (`name`(100)),
  ADD KEY `idx_block` (`block`),
  ADD KEY `email` (`email`);

--
-- Indices de la tabla `josxt_user_keys`
--
ALTER TABLE `josxt_user_keys`
  ADD PRIMARY KEY (`id`),
  ADD UNIQUE KEY `series` (`series`),
  ADD KEY `user_id` (`user_id`);

--
-- Indices de la tabla `josxt_user_mfa`
--
ALTER TABLE `josxt_user_mfa`
  ADD PRIMARY KEY (`id`),
  ADD KEY `idx_user_id` (`user_id`);

--
-- Indices de la tabla `josxt_user_notes`
--
ALTER TABLE `josxt_user_notes`
  ADD PRIMARY KEY (`id`),
  ADD KEY `idx_user_id` (`user_id`),
  ADD KEY `idx_category_id` (`catid`);

--
-- Indices de la tabla `josxt_user_profiles`
--
ALTER TABLE `josxt_user_profiles`
  ADD UNIQUE KEY `idx_user_id_profile_key` (`user_id`,`profile_key`);

--
-- Indices de la tabla `josxt_user_usergroup_map`
--
ALTER TABLE `josxt_user_usergroup_map`
  ADD PRIMARY KEY (`user_id`,`group_id`);

--
-- Indices de la tabla `josxt_viewlevels`
--
ALTER TABLE `josxt_viewlevels`
  ADD PRIMARY KEY (`id`),
  ADD UNIQUE KEY `idx_assetgroup_title_lookup` (`title`);

--
-- Indices de la tabla `josxt_webauthn_credentials`
--
ALTER TABLE `josxt_webauthn_credentials`
  ADD PRIMARY KEY (`id`(100)),
  ADD KEY `user_id` (`user_id`(100));

--
-- Indices de la tabla `josxt_workflows`
--
ALTER TABLE `josxt_workflows`
  ADD PRIMARY KEY (`id`),
  ADD KEY `idx_asset_id` (`asset_id`),
  ADD KEY `idx_title` (`title`(191)),
  ADD KEY `idx_extension` (`extension`),
  ADD KEY `idx_default` (`default`),
  ADD KEY `idx_created` (`created`),
  ADD KEY `idx_created_by` (`created_by`),
  ADD KEY `idx_modified` (`modified`),
  ADD KEY `idx_modified_by` (`modified_by`),
  ADD KEY `idx_checked_out` (`checked_out`);

--
-- Indices de la tabla `josxt_workflow_associations`
--
ALTER TABLE `josxt_workflow_associations`
  ADD PRIMARY KEY (`item_id`,`extension`),
  ADD KEY `idx_item_stage_extension` (`item_id`,`stage_id`,`extension`),
  ADD KEY `idx_item_id` (`item_id`),
  ADD KEY `idx_stage_id` (`stage_id`),
  ADD KEY `idx_extension` (`extension`);

--
-- Indices de la tabla `josxt_workflow_stages`
--
ALTER TABLE `josxt_workflow_stages`
  ADD PRIMARY KEY (`id`),
  ADD KEY `idx_workflow_id` (`workflow_id`),
  ADD KEY `idx_checked_out` (`checked_out`),
  ADD KEY `idx_title` (`title`(191)),
  ADD KEY `idx_asset_id` (`asset_id`),
  ADD KEY `idx_default` (`default`);

--
-- Indices de la tabla `josxt_workflow_transitions`
--
ALTER TABLE `josxt_workflow_transitions`
  ADD PRIMARY KEY (`id`),
  ADD KEY `idx_title` (`title`(191)),
  ADD KEY `idx_asset_id` (`asset_id`),
  ADD KEY `idx_checked_out` (`checked_out`),
  ADD KEY `idx_from_stage_id` (`from_stage_id`),
  ADD KEY `idx_to_stage_id` (`to_stage_id`),
  ADD KEY `idx_workflow_id` (`workflow_id`);

--
-- AUTO_INCREMENT de las tablas volcadas
--

--
-- AUTO_INCREMENT de la tabla `josxt_action_logs`
--
ALTER TABLE `josxt_action_logs`
  MODIFY `id` int(10) UNSIGNED NOT NULL AUTO_INCREMENT, AUTO_INCREMENT=241;

--
-- AUTO_INCREMENT de la tabla `josxt_action_logs_extensions`
--
ALTER TABLE `josxt_action_logs_extensions`
  MODIFY `id` int(10) UNSIGNED NOT NULL AUTO_INCREMENT, AUTO_INCREMENT=20;

--
-- AUTO_INCREMENT de la tabla `josxt_action_log_config`
--
ALTER TABLE `josxt_action_log_config`
  MODIFY `id` int(10) UNSIGNED NOT NULL AUTO_INCREMENT, AUTO_INCREMENT=21;

--
-- AUTO_INCREMENT de la tabla `josxt_assets`
--
ALTER TABLE `josxt_assets`
  MODIFY `id` int(10) UNSIGNED NOT NULL AUTO_INCREMENT COMMENT 'Primary Key', AUTO_INCREMENT=117;

--
-- AUTO_INCREMENT de la tabla `josxt_banners`
--
ALTER TABLE `josxt_banners`
  MODIFY `id` int(11) NOT NULL AUTO_INCREMENT;

--
-- AUTO_INCREMENT de la tabla `josxt_banner_clients`
--
ALTER TABLE `josxt_banner_clients`
  MODIFY `id` int(11) NOT NULL AUTO_INCREMENT;

--
-- AUTO_INCREMENT de la tabla `josxt_categories`
--
ALTER TABLE `josxt_categories`
  MODIFY `id` int(11) NOT NULL AUTO_INCREMENT, AUTO_INCREMENT=10;

--
-- AUTO_INCREMENT de la tabla `josxt_contact_details`
--
ALTER TABLE `josxt_contact_details`
  MODIFY `id` int(11) NOT NULL AUTO_INCREMENT;

--
-- AUTO_INCREMENT de la tabla `josxt_content`
--
ALTER TABLE `josxt_content`
  MODIFY `id` int(10) UNSIGNED NOT NULL AUTO_INCREMENT, AUTO_INCREMENT=10;

--
-- AUTO_INCREMENT de la tabla `josxt_content_types`
--
ALTER TABLE `josxt_content_types`
  MODIFY `type_id` int(10) UNSIGNED NOT NULL AUTO_INCREMENT, AUTO_INCREMENT=10000;

--
-- AUTO_INCREMENT de la tabla `josxt_extensions`
--
ALTER TABLE `josxt_extensions`
  MODIFY `extension_id` int(11) NOT NULL AUTO_INCREMENT, AUTO_INCREMENT=10007;

--
-- AUTO_INCREMENT de la tabla `josxt_fields`
--
ALTER TABLE `josxt_fields`
  MODIFY `id` int(10) UNSIGNED NOT NULL AUTO_INCREMENT;

--
-- AUTO_INCREMENT de la tabla `josxt_fields_groups`
--
ALTER TABLE `josxt_fields_groups`
  MODIFY `id` int(10) UNSIGNED NOT NULL AUTO_INCREMENT;

--
-- AUTO_INCREMENT de la tabla `josxt_finder_filters`
--
ALTER TABLE `josxt_finder_filters`
  MODIFY `filter_id` int(10) UNSIGNED NOT NULL AUTO_INCREMENT;

--
-- AUTO_INCREMENT de la tabla `josxt_finder_links`
--
ALTER TABLE `josxt_finder_links`
  MODIFY `link_id` int(10) UNSIGNED NOT NULL AUTO_INCREMENT, AUTO_INCREMENT=12;

--
-- AUTO_INCREMENT de la tabla `josxt_finder_taxonomy`
--
ALTER TABLE `josxt_finder_taxonomy`
  MODIFY `id` int(10) UNSIGNED NOT NULL AUTO_INCREMENT, AUTO_INCREMENT=13;

--
-- AUTO_INCREMENT de la tabla `josxt_finder_terms`
--
ALTER TABLE `josxt_finder_terms`
  MODIFY `term_id` int(10) UNSIGNED NOT NULL AUTO_INCREMENT, AUTO_INCREMENT=271;

--
-- AUTO_INCREMENT de la tabla `josxt_finder_types`
--
ALTER TABLE `josxt_finder_types`
  MODIFY `id` int(10) UNSIGNED NOT NULL AUTO_INCREMENT, AUTO_INCREMENT=6;

--
-- AUTO_INCREMENT de la tabla `josxt_guidedtours`
--
ALTER TABLE `josxt_guidedtours`
  MODIFY `id` int(11) NOT NULL AUTO_INCREMENT, AUTO_INCREMENT=12;

--
-- AUTO_INCREMENT de la tabla `josxt_guidedtour_steps`
--
ALTER TABLE `josxt_guidedtour_steps`
  MODIFY `id` int(11) NOT NULL AUTO_INCREMENT, AUTO_INCREMENT=112;

--
-- AUTO_INCREMENT de la tabla `josxt_history`
--
ALTER TABLE `josxt_history`
  MODIFY `version_id` int(10) UNSIGNED NOT NULL AUTO_INCREMENT, AUTO_INCREMENT=24;

--
-- AUTO_INCREMENT de la tabla `josxt_languages`
--
ALTER TABLE `josxt_languages`
  MODIFY `lang_id` int(10) UNSIGNED NOT NULL AUTO_INCREMENT, AUTO_INCREMENT=3;

--
-- AUTO_INCREMENT de la tabla `josxt_menu`
--
ALTER TABLE `josxt_menu`
  MODIFY `id` int(11) NOT NULL AUTO_INCREMENT, AUTO_INCREMENT=115;

--
-- AUTO_INCREMENT de la tabla `josxt_menu_types`
--
ALTER TABLE `josxt_menu_types`
  MODIFY `id` int(10) UNSIGNED NOT NULL AUTO_INCREMENT, AUTO_INCREMENT=3;

--
-- AUTO_INCREMENT de la tabla `josxt_messages`
--
ALTER TABLE `josxt_messages`
  MODIFY `message_id` int(10) UNSIGNED NOT NULL AUTO_INCREMENT;

--
-- AUTO_INCREMENT de la tabla `josxt_modules`
--
ALTER TABLE `josxt_modules`
  MODIFY `id` int(11) NOT NULL AUTO_INCREMENT, AUTO_INCREMENT=116;

--
-- AUTO_INCREMENT de la tabla `josxt_newsfeeds`
--
ALTER TABLE `josxt_newsfeeds`
  MODIFY `id` int(10) UNSIGNED NOT NULL AUTO_INCREMENT;

--
-- AUTO_INCREMENT de la tabla `josxt_overrider`
--
ALTER TABLE `josxt_overrider`
  MODIFY `id` int(11) NOT NULL AUTO_INCREMENT COMMENT 'Primary Key';

--
-- AUTO_INCREMENT de la tabla `josxt_postinstall_messages`
--
ALTER TABLE `josxt_postinstall_messages`
  MODIFY `postinstall_message_id` bigint(20) UNSIGNED NOT NULL AUTO_INCREMENT, AUTO_INCREMENT=6;

--
-- AUTO_INCREMENT de la tabla `josxt_privacy_consents`
--
ALTER TABLE `josxt_privacy_consents`
  MODIFY `id` int(10) UNSIGNED NOT NULL AUTO_INCREMENT;

--
-- AUTO_INCREMENT de la tabla `josxt_privacy_requests`
--
ALTER TABLE `josxt_privacy_requests`
  MODIFY `id` int(10) UNSIGNED NOT NULL AUTO_INCREMENT;

--
-- AUTO_INCREMENT de la tabla `josxt_redirect_links`
--
ALTER TABLE `josxt_redirect_links`
  MODIFY `id` int(10) UNSIGNED NOT NULL AUTO_INCREMENT;

--
-- AUTO_INCREMENT de la tabla `josxt_scheduler_tasks`
--
ALTER TABLE `josxt_scheduler_tasks`
  MODIFY `id` int(10) UNSIGNED NOT NULL AUTO_INCREMENT;

--
-- AUTO_INCREMENT de la tabla `josxt_spmedia`
--
ALTER TABLE `josxt_spmedia`
  MODIFY `id` bigint(20) UNSIGNED NOT NULL AUTO_INCREMENT, AUTO_INCREMENT=18;

--
-- AUTO_INCREMENT de la tabla `josxt_sppagebuilder`
--
ALTER TABLE `josxt_sppagebuilder`
  MODIFY `id` bigint(20) UNSIGNED NOT NULL AUTO_INCREMENT, AUTO_INCREMENT=3;

--
-- AUTO_INCREMENT de la tabla `josxt_sppagebuilder_addons`
--
ALTER TABLE `josxt_sppagebuilder_addons`
  MODIFY `id` int(10) UNSIGNED NOT NULL AUTO_INCREMENT;

--
-- AUTO_INCREMENT de la tabla `josxt_sppagebuilder_integrations`
--
ALTER TABLE `josxt_sppagebuilder_integrations`
  MODIFY `id` bigint(20) UNSIGNED NOT NULL AUTO_INCREMENT;

--
-- AUTO_INCREMENT de la tabla `josxt_sppagebuilder_languages`
--
ALTER TABLE `josxt_sppagebuilder_languages`
  MODIFY `id` int(10) UNSIGNED NOT NULL AUTO_INCREMENT;

--
-- AUTO_INCREMENT de la tabla `josxt_sppagebuilder_sections`
--
ALTER TABLE `josxt_sppagebuilder_sections`
  MODIFY `id` int(10) UNSIGNED NOT NULL AUTO_INCREMENT;

--
-- AUTO_INCREMENT de la tabla `josxt_tags`
--
ALTER TABLE `josxt_tags`
  MODIFY `id` int(10) UNSIGNED NOT NULL AUTO_INCREMENT, AUTO_INCREMENT=2;

--
-- AUTO_INCREMENT de la tabla `josxt_template_overrides`
--
ALTER TABLE `josxt_template_overrides`
  MODIFY `id` int(10) UNSIGNED NOT NULL AUTO_INCREMENT;

--
-- AUTO_INCREMENT de la tabla `josxt_template_styles`
--
ALTER TABLE `josxt_template_styles`
  MODIFY `id` int(10) UNSIGNED NOT NULL AUTO_INCREMENT, AUTO_INCREMENT=12;

--
-- AUTO_INCREMENT de la tabla `josxt_ucm_content`
--
ALTER TABLE `josxt_ucm_content`
  MODIFY `core_content_id` int(10) UNSIGNED NOT NULL AUTO_INCREMENT;

--
-- AUTO_INCREMENT de la tabla `josxt_updates`
--
ALTER TABLE `josxt_updates`
  MODIFY `update_id` int(11) NOT NULL AUTO_INCREMENT, AUTO_INCREMENT=167;

--
-- AUTO_INCREMENT de la tabla `josxt_update_sites`
--
ALTER TABLE `josxt_update_sites`
  MODIFY `update_site_id` int(11) NOT NULL AUTO_INCREMENT, AUTO_INCREMENT=5;

--
-- AUTO_INCREMENT de la tabla `josxt_usergroups`
--
ALTER TABLE `josxt_usergroups`
  MODIFY `id` int(10) UNSIGNED NOT NULL AUTO_INCREMENT COMMENT 'Primary Key', AUTO_INCREMENT=10;

--
-- AUTO_INCREMENT de la tabla `josxt_users`
--
ALTER TABLE `josxt_users`
  MODIFY `id` int(11) NOT NULL AUTO_INCREMENT, AUTO_INCREMENT=216;

--
-- AUTO_INCREMENT de la tabla `josxt_user_keys`
--
ALTER TABLE `josxt_user_keys`
  MODIFY `id` int(10) UNSIGNED NOT NULL AUTO_INCREMENT;

--
-- AUTO_INCREMENT de la tabla `josxt_user_mfa`
--
ALTER TABLE `josxt_user_mfa`
  MODIFY `id` int(11) NOT NULL AUTO_INCREMENT;

--
-- AUTO_INCREMENT de la tabla `josxt_user_notes`
--
ALTER TABLE `josxt_user_notes`
  MODIFY `id` int(10) UNSIGNED NOT NULL AUTO_INCREMENT;

--
-- AUTO_INCREMENT de la tabla `josxt_viewlevels`
--
ALTER TABLE `josxt_viewlevels`
  MODIFY `id` int(10) UNSIGNED NOT NULL AUTO_INCREMENT COMMENT 'Primary Key', AUTO_INCREMENT=7;

--
-- AUTO_INCREMENT de la tabla `josxt_workflows`
--
ALTER TABLE `josxt_workflows`
  MODIFY `id` int(11) NOT NULL AUTO_INCREMENT, AUTO_INCREMENT=2;

--
-- AUTO_INCREMENT de la tabla `josxt_workflow_stages`
--
ALTER TABLE `josxt_workflow_stages`
  MODIFY `id` int(11) NOT NULL AUTO_INCREMENT, AUTO_INCREMENT=2;

--
-- AUTO_INCREMENT de la tabla `josxt_workflow_transitions`
--
ALTER TABLE `josxt_workflow_transitions`
  MODIFY `id` int(11) NOT NULL AUTO_INCREMENT, AUTO_INCREMENT=8;
COMMIT;

